From mboxrd@z Thu Jan 1 00:00:00 1970 Return-Path: Received: from mails.dpdk.org (mails.dpdk.org [217.70.189.124]) by inbox.dpdk.org (Postfix) with ESMTP id A93C648AA4 for ; Sat, 8 Nov 2025 02:11:18 +0100 (CET) Received: from mails.dpdk.org (localhost [127.0.0.1]) by mails.dpdk.org (Postfix) with ESMTP id 957B040261; Sat, 8 Nov 2025 02:11:18 +0100 (CET) Received: from mail-pl1-f226.google.com (mail-pl1-f226.google.com [209.85.214.226]) by mails.dpdk.org (Postfix) with ESMTP id 2ADBA40261 for ; Sat, 8 Nov 2025 02:11:17 +0100 (CET) Received: by mail-pl1-f226.google.com with SMTP id d9443c01a7336-295f937d4c3so11394085ad.3 for ; Fri, 07 Nov 2025 17:11:17 -0800 (PST) DKIM-Signature: v=1; a=rsa-sha256; c=relaxed/relaxed; d=iol.unh.edu; s=unh-iol; t=1762564276; x=1763169076; darn=dpdk.org; h=cc:to:from:subject:message-id:date:from:to:cc:subject:date :message-id:reply-to; bh=lbFZ7Fsy4L3ESlKp2LH1mgsxOTWr1e8rkdXvNuGedN8=; b=hBWgyeapsYDKQVHqOLF/cH5plj35UYKtPcclPm9ITFaLGal6HpJoMrvP/GdhLmnwWo 2GfvhkWi3rwgkhiXi18shlgIczPYhZduMCvHH9SZ8kVB3HO751wgBAGVcCjTRHxOi3oU 4HafA7TZe628GZ3gu4G+14VqZOYgXFv3gIVFI= X-Google-DKIM-Signature: v=1; a=rsa-sha256; c=relaxed/relaxed; d=1e100.net; s=20230601; t=1762564276; x=1763169076; h=cc:to:from:subject:message-id:date:x-gm-gg:x-gm-message-state:from :to:cc:subject:date:message-id:reply-to; bh=lbFZ7Fsy4L3ESlKp2LH1mgsxOTWr1e8rkdXvNuGedN8=; b=g5++O1uhKHYWaEgMhm8kG3E1CTkbRoI5f+wrF6sY2wAfcHGd10ygLBkYobX8jgfodY c4/gAWSiyci1+HTiKqE9VJ869gLcSfxlovzCj4VyNo3RrWxZpzZRtj8+sSFZD4epT8gG vQufaqUN1QLMZm/l9+zpiFy5KHVl8obBa3I1lun+xyDSHsXjqUPz6OMgDuJIE+LQYMjk XLxq2fKdktlwE+2SvjYYSnXzf0719rpybYcya1bxr6aeyaiqYdKGOhjEzNmfe9DeR6nV VuMn1QWK+3N4PlKL26zvCJXIFdc4AlhPO1SqfhAk/nqxsu7zGETZMZ7cr1qWtc1o9m+j eZYg== X-Gm-Message-State: AOJu0YydqYd+4TRMoTekbkt8crGAE0AdRprOuvbO8XWa+Zsl4JKr20oY WUSR/Gpl89FMEaltXbUhj7a4fI95pYb2g9YMY0wQ7wto1kzQxZwJUws+AWAg0UleG2C+takvXTw 34pLoEXh8u4ak5D87qCl4LJ3MhJdy1j+M+HKv X-Gm-Gg: ASbGncshyTNchNbH5lLpmwNlYSVgtwyWYcpvPbPc5wo7fTO1HTy+9dWarP1E1D1EpWp e59OE+VHMaF3GvGEOfXvs4XJhfHIl3LwLCi3klB6znzQvx7asoWeeKpWWK5+GxBDE1W+UlWtfzz yjQDCcarKaXrGvToDGQ3d8sfdddEeUnS+5UAVXuxesPWfG9k2y0pNZxAP93rUY75zXVFHnC8uL8 53hJGctWDh9zSJH2+2trab8KFeh2VBxkOT+UzSTpAh86gv73f2Jk+CItBryk8SV7NV2ktX6gB5I Byf7DYpZ6dXbJQy9l2ryu5Fvu7tsfgMKF1FTn4/p/SUU/ZK1YiMRQoNTrfSJDPQ8r2SqAT5eFCU nKMj6LBPb5UnDRY7Ssj1liQGbJMReSEs= X-Google-Smtp-Source: AGHT+IGPkZM89uiAk8qijeh6CdjgSsjH76FXavfzEmB3TlTJ2WpWUjDy4EQixmDORrW2mIOyEU5C1axd3CKA X-Received: by 2002:a17:902:dac4:b0:290:ac36:2ecc with SMTP id d9443c01a7336-297e56256ebmr12571875ad.18.1762564276281; Fri, 07 Nov 2025 17:11:16 -0800 (PST) Received: from postal.iol.unh.edu (postal.iol.unh.edu. [132.177.123.84]) by smtp-relay.gmail.com with ESMTPS id d9443c01a7336-29651ce308asm6395665ad.52.2025.11.07.17.11.16 (version=TLS1_2 cipher=ECDHE-ECDSA-AES128-GCM-SHA256 bits=128/128); Fri, 07 Nov 2025 17:11:16 -0800 (PST) X-Relaying-Domain: iol.unh.edu Date: Fri, 07 Nov 2025 17:11:16 -0800 (PST) Message-ID: <690e98b4.170a0220.640a5.20d7SMTPIN_ADDED_MISSING@mx.google.com> Received: from [172.21.0.6] (unknown [172.18.0.240]) by postal.iol.unh.edu (Postfix) with ESMTP id 783E36051830; Fri, 7 Nov 2025 20:11:15 -0500 (EST) Subject: |FAILURE| [GIT MASTER] 62f583c49bf67dd4d6733ece14e55fe6839e66d1 From: dpdklab@iol.unh.edu To: Test Report Cc: dpdk-test-reports@iol.unh.edu, Xueming Li , Christian Ehrhardt , Kevin Traynor , Luca Boccassi Content-Type: text/plain X-BeenThere: test-report@dpdk.org X-Mailman-Version: 2.1.29 Precedence: list List-Id: automatic DPDK test reports List-Unsubscribe: , List-Archive: List-Post: List-Help: List-Subscribe: , Errors-To: test-report-bounces@dpdk.org _Testing issues_ Branch: tags/v23.11 62f583c49bf67dd4d6733ece14e55fe6839e66d1 --> testing issues Upstream job id: Generic-Unit-Test-DPDK#389883 Test environment and result as below: +------------------------------+----------------+--------------+------------------------------+---------------------------+ | Environment | dpdk_unit_test | lpm_autotest | cryptodev_sw_snow3g_autotest | cryptodev_sw_zuc_autotest | +==============================+================+==============+==============================+===========================+ | Ubuntu 22.04 | PASS | SKIPPED | SKIPPED | SKIPPED | +------------------------------+----------------+--------------+------------------------------+---------------------------+ | CentOS Stream 9 | PASS | SKIPPED | SKIPPED | SKIPPED | +------------------------------+----------------+--------------+------------------------------+---------------------------+ | CentOS Stream 10 | PASS | SKIPPED | SKIPPED | SKIPPED | +------------------------------+----------------+--------------+------------------------------+---------------------------+ | Debian GNU/Linux 12 | PASS | SKIPPED | SKIPPED | SKIPPED | +------------------------------+----------------+--------------+------------------------------+---------------------------+ | Fedora Linux 40 | PASS | SKIPPED | SKIPPED | SKIPPED | +------------------------------+----------------+--------------+------------------------------+---------------------------+ | Fedora Linux 41 | PASS | SKIPPED | SKIPPED | SKIPPED | +------------------------------+----------------+--------------+------------------------------+---------------------------+ | Ubuntu 20.04 | PASS | PASS | SKIPPED | SKIPPED | +------------------------------+----------------+--------------+------------------------------+---------------------------+ | Red Hat Enterprise Linux 9.5 | PASS | SKIPPED | SKIPPED | SKIPPED | +------------------------------+----------------+--------------+------------------------------+---------------------------+ | Fedora Linux 42 | PEND | SKIPPED | SKIPPED | SKIPPED | +------------------------------+----------------+--------------+------------------------------+---------------------------+ | Ubuntu 24.04 | PEND | SKIPPED | SKIPPED | SKIPPED | +------------------------------+----------------+--------------+------------------------------+---------------------------+ | Debian 12 (arm) | SKIPPED | SKIPPED | PASS | PASS | +------------------------------+----------------+--------------+------------------------------+---------------------------+ Ubuntu 22.04 Kernel: 5.15 Compiler: gcc gcc (Ubuntu 11.4.0-1ubuntu1~22.04.2) 11.4.0 CentOS Stream 9 Kernel: 5.4 Compiler: gcc gcc (GCC) 11.5.0 20240719 (Red Hat 11.5.0-11) CentOS Stream 10 Kernel: 5.4 Compiler: gcc gcc (GCC) 14.2.1 20250110 (Red Hat 14.2.1-8) Debian GNU/Linux 12 Kernel: 5.4 Compiler: gcc gcc (Debian 12.2.0-14+deb12u1) 12.2.0 Fedora Linux 40 Kernel: 5.4 Compiler: clang gcc (GCC) 14.2.1 20240912 (Red Hat 14.2.1-3) Fedora Linux 41 Kernel: 5.4 Compiler: clang gcc (GCC) 14.3.1 20250523 (Red Hat 14.3.1-1) Ubuntu 20.04 Kernel: 5.4 Compiler: gcc gcc (Ubuntu 9.4.0-1ubuntu1~20.04.2) 9.4.0 Red Hat Enterprise Linux 9.5 Kernel: 5.4 Compiler: gcc gcc (GCC) 11.5.0 20240719 (Red Hat 11.5.0-2) Fedora Linux 42 Kernel: 5.4 Compiler: gcc gcc (GCC) 15.2.1 20250808 (Red Hat 15.2.1-1) Ubuntu 24.04 Kernel: 5.4 Compiler: gcc gcc (Ubuntu 13.3.0-6ubuntu2~24.04) 13.3.0 Debian 12 (arm) Kernel: Depends on container host Compiler: gcc (Debian 12.2.0-14) 12.2.0 To view detailed results, visit: https://lab.dpdk.org/results/dashboard/tarballs/35499/ UNH-IOL DPDK Community Lab To manage your email subscriptions, visit: https://lab.dpdk.org/results/dashboard/preferences/subscriptions/