From mboxrd@z Thu Jan 1 00:00:00 1970 Return-Path: Received: from mails.dpdk.org (mails.dpdk.org [217.70.189.124]) by inbox.dpdk.org (Postfix) with ESMTP id 79D4448AA8 for ; Sat, 8 Nov 2025 07:28:15 +0100 (CET) Received: from mails.dpdk.org (localhost [127.0.0.1]) by mails.dpdk.org (Postfix) with ESMTP id 52BF5400D5; Sat, 8 Nov 2025 07:28:15 +0100 (CET) Received: from mail-oa1-f99.google.com (mail-oa1-f99.google.com [209.85.160.99]) by mails.dpdk.org (Postfix) with ESMTP id 4B979400D5 for ; Sat, 8 Nov 2025 07:28:14 +0100 (CET) Received: by mail-oa1-f99.google.com with SMTP id 586e51a60fabf-3c9975a3d6eso535782fac.2 for ; Fri, 07 Nov 2025 22:28:14 -0800 (PST) DKIM-Signature: v=1; a=rsa-sha256; c=relaxed/relaxed; d=iol.unh.edu; s=unh-iol; t=1762583293; x=1763188093; darn=dpdk.org; h=cc:to:from:subject:message-id:date:from:to:cc:subject:date :message-id:reply-to; bh=DftfuwCh5n6Qo/aZWgRtiVu8aRy72Agw+5r2ah8KzFs=; b=ZKrjvQv1ii0XkDozw9uRdyk70r7DaPd4ESVJ4FQjjUML+o/1mGujINLJOOI8DCdSBg eumyp7lZdDdMgTxOL2I9bN47lWyeNd5iB0lW9MUD2oF4DMCA6BWo3brKuc1MzIFTKJO2 s9xwfz5ic7QP5OFe6PpxtYtVRTP4hb7cna7Lg= X-Google-DKIM-Signature: v=1; a=rsa-sha256; c=relaxed/relaxed; d=1e100.net; s=20230601; t=1762583293; x=1763188093; h=cc:to:from:subject:message-id:date:x-gm-gg:x-gm-message-state:from :to:cc:subject:date:message-id:reply-to; bh=DftfuwCh5n6Qo/aZWgRtiVu8aRy72Agw+5r2ah8KzFs=; b=syx8jy8+0xzycM4ExLT6BEgu/hbnaz4drOYWPo+oDEQDCio8fcJzjuev9GZMrYgmXb wgq1XuJhmttI/5xr+seWYn0aG+/wOb3PBqmavnadLb7vTgYEvZVvH7nOEcusSG3ggmgm sddFs8pDdixdLJr0tvjOACps37GG0j9eKtOqrJR2N3Gi5ZfkJezhbr5UUPxmIJapiwtV 2TRgxtKj1ZyxO6boqpoqTYm5VwUwHRtru2d5CMh6yNhtIGQEcKFHF+2hKdDqOgCtaQqa mrYfpOvLy2BNJImU0+MUHoy6+Hja7cPbq6ChvXobUghxe8cvInL0weqQYJkLOIq8PCRT DF3Q== X-Gm-Message-State: AOJu0Ywz0NY+m4xb2i9yHB8QYlXmNlePX9BUj+9/9mDix2/n23U51yJX l4USfS9+trWjTXAuWKx4wDVfTn8R/kUdlnvSzlQOnK4Ia/T9VI0PYe4jHBWxGriipw58c7k5Dgs 9ESzQSoX8/4+71r3Sttpw2vjdW0l/iNWFBIaw1VQ7Ag8LVRo/6fOC X-Gm-Gg: ASbGnctemrdBjUqc+Bk2MLyi2sI2jSRghKFszLDTUczTVhXh8DFdUwjXSHisjFDP/N8 /F6b7i+6tJ3ZL075px2IYeNwgnWCt49fchOiMHYzgQAEs9JVpbJ8aprWHuN0LZckWBITKcD8LFF lZxkGZ25vXMrVqJ5YFsS3wtuUU6yMxwiXEb6TAMNa9SELaHmpHFnk3RC6wTuJxccTjxeJBfafgz +mozN7G4AXq0WR5X3cgJFhLFCPKW22OC4PA1EEj3cGXXOLj01X/P6qXDxRexwvDPUkpNmYuMpU1 nXuhqqhfUw7odytKAaZdEqOztOwV9I9mfB6onOQR31S3gsZZY40rDYBzmumOVLM4JYo+y+mODCi FYTYUy8cU X-Google-Smtp-Source: AGHT+IFNYHGKkwcejAHXgfLH3Yr5dkk1aW8oChE7Nyeps7lB6lWSfa0/dJ5wMIwlRWJ9hQmirnt2pe68TIF8 X-Received: by 2002:a05:6870:40ca:b0:3d9:f:664b with SMTP id 586e51a60fabf-3e7c25389b2mr1078145fac.4.1762583293511; Fri, 07 Nov 2025 22:28:13 -0800 (PST) Received: from postal.iol.unh.edu (postal.iol.unh.edu. [2606:4100:3880:1234::84]) by smtp-relay.gmail.com with ESMTPS id 586e51a60fabf-3e41ede96e7sm354167fac.9.2025.11.07.22.28.13 (version=TLS1_2 cipher=ECDHE-ECDSA-AES128-GCM-SHA256 bits=128/128); Fri, 07 Nov 2025 22:28:13 -0800 (PST) X-Relaying-Domain: iol.unh.edu Date: Fri, 07 Nov 2025 22:28:13 -0800 (PST) Message-ID: <690ee2fd.050a0220.28397a.3649SMTPIN_ADDED_MISSING@mx.google.com> Received: from [172.21.0.2] (unknown [172.18.0.240]) by postal.iol.unh.edu (Postfix) with ESMTP id 09FFF6051830; Sat, 8 Nov 2025 01:28:13 -0500 (EST) Subject: |FAILURE| [GIT MASTER] 62f583c49bf67dd4d6733ece14e55fe6839e66d1 From: dpdklab@iol.unh.edu To: Test Report Cc: dpdk-test-reports@iol.unh.edu, Xueming Li , Christian Ehrhardt , Kevin Traynor , Luca Boccassi Content-Type: text/plain X-BeenThere: test-report@dpdk.org X-Mailman-Version: 2.1.29 Precedence: list List-Id: automatic DPDK test reports List-Unsubscribe: , List-Archive: List-Post: List-Help: List-Subscribe: , Errors-To: test-report-bounces@dpdk.org _Testing issues_ Branch: tags/v23.11 62f583c49bf67dd4d6733ece14e55fe6839e66d1 --> testing issues Upstream job id: Generic-Unit-Test-DPDK#390087 Test environment and result as below: +-------------------------------+----------------+ | Environment | dpdk_unit_test | +===============================+================+ | CentOS Stream 9 | PASS | +-------------------------------+----------------+ | CentOS Stream 10 | PASS | +-------------------------------+----------------+ | Debian GNU/Linux 12 | PASS | +-------------------------------+----------------+ | Fedora Linux 40 | PASS | +-------------------------------+----------------+ | Fedora Linux 41 | PASS | +-------------------------------+----------------+ | Fedora Linux 42 | PASS | +-------------------------------+----------------+ | Red Hat Enterprise Linux 8.10 | PASS | +-------------------------------+----------------+ | Ubuntu 20.04 | PASS | +-------------------------------+----------------+ | Red Hat Enterprise Linux 9.5 | PASS | +-------------------------------+----------------+ | Ubuntu 22.04 | PASS | +-------------------------------+----------------+ | Ubuntu 24.04 | PASS | +-------------------------------+----------------+ | Windows Server 2022 | FAIL | +-------------------------------+----------------+ ==== Unit test summary for Windows Server 2022 (dpdk_unit_test): ==== Failed to get the unit test results. Displaying the unit test results is not supported for some environments, such as our aarch32 testing, where meson is not used to run the tests. Download the logs available on our CI site. ==== End log output ==== CentOS Stream 9 Kernel: 5.15 Compiler: gcc gcc (GCC) 11.5.0 20240719 (Red Hat 11.5.0-11) CentOS Stream 10 Kernel: 5.15 Compiler: gcc gcc (GCC) 14.2.1 20250110 (Red Hat 14.2.1-8) Debian GNU/Linux 12 Kernel: 5.15 Compiler: gcc gcc (Debian 12.2.0-14+deb12u1) 12.2.0 Fedora Linux 40 Kernel: 5.15 Compiler: gcc gcc (GCC) 14.2.1 20240912 (Red Hat 14.2.1-3) Fedora Linux 41 Kernel: 5.15 Compiler: clang gcc (GCC) 14.3.1 20250523 (Red Hat 14.3.1-1) Fedora Linux 42 Kernel: 5.15 Compiler: gcc gcc (GCC) 15.2.1 20250808 (Red Hat 15.2.1-1) Red Hat Enterprise Linux 8.10 Kernel: 5.15 Compiler: gcc gcc (GCC) 8.5.0 20210514 (Red Hat 8.5.0-22) Ubuntu 20.04 Kernel: 5.15 Compiler: gcc gcc (Ubuntu 9.4.0-1ubuntu1~20.04.2) 9.4.0 Red Hat Enterprise Linux 9.5 Kernel: 5.15 Compiler: gcc gcc (GCC) 11.5.0 20240719 (Red Hat 11.5.0-2) Ubuntu 22.04 Kernel: 5.15 Compiler: gcc gcc (Ubuntu 11.4.0-1ubuntu1~22.04) 11.4.0 Ubuntu 24.04 Kernel: 5.15 Compiler: gcc gcc (Ubuntu 13.3.0-6ubuntu2~24.04) 13.3.0 Windows Server 2022 Kernel: 10.0.20348.2031 Compiler: clang 15.0.7, gcc 14.1.0 (MinGW), and MSVC VS 19.39.33521 To view detailed results, visit: https://lab.dpdk.org/results/dashboard/tarballs/35507/ UNH-IOL DPDK Community Lab To manage your email subscriptions, visit: https://lab.dpdk.org/results/dashboard/preferences/subscriptions/