From mboxrd@z Thu Jan 1 00:00:00 1970 Return-Path: Received: from mails.dpdk.org (mails.dpdk.org [217.70.189.124]) by inbox.dpdk.org (Postfix) with ESMTP id 6802A48AA8 for ; Sat, 8 Nov 2025 07:38:13 +0100 (CET) Received: from mails.dpdk.org (localhost [127.0.0.1]) by mails.dpdk.org (Postfix) with ESMTP id 48DC5400D5; Sat, 8 Nov 2025 07:38:13 +0100 (CET) Received: from mail-qv1-f98.google.com (mail-qv1-f98.google.com [209.85.219.98]) by mails.dpdk.org (Postfix) with ESMTP id BAE81400D5 for ; Sat, 8 Nov 2025 07:38:12 +0100 (CET) Received: by mail-qv1-f98.google.com with SMTP id 6a1803df08f44-8823d5127daso1244086d6.0 for ; Fri, 07 Nov 2025 22:38:12 -0800 (PST) DKIM-Signature: v=1; a=rsa-sha256; c=relaxed/relaxed; d=iol.unh.edu; s=unh-iol; t=1762583892; x=1763188692; darn=dpdk.org; h=cc:to:from:subject:message-id:date:from:to:cc:subject:date :message-id:reply-to; bh=BdPTBl6r2YE3DqmefLKAgOJRiwrtDqkkHoN/lJo9Jg8=; b=byPDv8PKGk9IaNELzyCT/SJprddwLtB1gO9f4g08cOXaMQj0gvfRLZ7Nb/nW3c73r8 VeCYMXjMX/Gx+VGRTefqwygpDlr8uZ/61Xa+DnkB1ZFa1RejvBKOm5fAsvikM6CiZoLT sPV08XiYEpT37P/tGyqQFAzCzS2uG9Ob7Ypnk= X-Google-DKIM-Signature: v=1; a=rsa-sha256; c=relaxed/relaxed; d=1e100.net; s=20230601; t=1762583892; x=1763188692; h=cc:to:from:subject:message-id:date:x-gm-gg:x-gm-message-state:from :to:cc:subject:date:message-id:reply-to; bh=BdPTBl6r2YE3DqmefLKAgOJRiwrtDqkkHoN/lJo9Jg8=; b=w72Bc87sBgaOrh1Nr1KV6og3tccd6F6wNn7hJ2uZLyyK9WdE3qlZV7jdXcdxPE2FPR cVjDWlfDvc3pK+AiNcuN8/ZnwJa0XstDS0DfNhSnU8x3n6+xE/qjzn5uotLEc7JUDUQg ADhakoDUrd66cW4rZ2bm8XMt6MzQxxUf/Wl67JckDxufCmqVkGpFQeN+VkekoCj46OvK g20yCsCovh4cxR6wV43o9uTHcS7SxKs2w4MivTljitTWwgCiP5mQPiCuFjh0hfi4+YYf Boq14sAXHKqpkM8HLiYwSM0XqiTzLKy/HOQOhcO/gE+eEpdzbLOFd52YGDb3YaGJ+aZ9 qDpw== X-Gm-Message-State: AOJu0Yycvvcuw8cD7p+adWqrAyMyDMS2EExgxWaiQwdE7DBHikQkIdkj lvYilCZCJArbSzIbJvgvpKiOCOTlpfw8lvNK18ygEtiJusPZ+5YxxxFcpHD1SWhPOx9H5+iIKAr FcnAEREO+D6nAFwdFQzjOwUhcfO2oVw1s0oepzlh7oaUoTP6cRv9h X-Gm-Gg: ASbGncv7BvbhDtP2844CsKm8/QgLoUoP06fqohFhrMF6uhLmoGMZM0jIdeHMOAGCCA9 mSvX1Xwa42MJvJyBQ0Qe9RpFtIkAYDgR3O5RVgLYdQbDoVpbx3MwnXG7MaRbBGxRsLfeuxU6wFB lzak97SfHC+vBJKXNPYBCQc+u2cZdw4/33/Wc/IgE63yOB1loLK+cC29826HXwUwQxC061BNKc7 3Fjw3nRVzwEFmODU/dZo35vi76sFUEBgW+0ZHqxRxoeGF/ZmAcmavVeU9X7mSiSCzFJG4rYuqJt eKxMU4wfNbNDMaD2wL/o6Sj+0vW5RUkkr2OWGI+nN5ElaH2iEWsXmrJ4QT8qrKuRpf91zqDKcYQ xdtba8UOz X-Google-Smtp-Source: AGHT+IFE538HCzWjCLMOy2rPLpNFtY8FAFiNDiDehdxnE9n1p43m2l0TttB8fJaHl/r7MIp30B0gQYG7Uqi9 X-Received: by 2002:a05:6214:62a:b0:880:4d8e:895c with SMTP id 6a1803df08f44-882386c79a3mr24440236d6.40.1762583892046; Fri, 07 Nov 2025 22:38:12 -0800 (PST) Received: from postal.iol.unh.edu (postal.iol.unh.edu. [2606:4100:3880:1234::84]) by smtp-relay.gmail.com with ESMTPS id 6a1803df08f44-882389700e7sm1520876d6.1.2025.11.07.22.38.11 (version=TLS1_2 cipher=ECDHE-ECDSA-AES128-GCM-SHA256 bits=128/128); Fri, 07 Nov 2025 22:38:12 -0800 (PST) X-Relaying-Domain: iol.unh.edu Date: Fri, 07 Nov 2025 22:38:12 -0800 (PST) Message-ID: <690ee554.050a0220.2ae19b.7f1dSMTPIN_ADDED_MISSING@mx.google.com> Received: from [172.21.0.2] (unknown [172.18.0.240]) by postal.iol.unh.edu (Postfix) with ESMTP id BE3B06051830; Sat, 8 Nov 2025 01:38:11 -0500 (EST) Subject: |FAILURE| [GIT MASTER] 62f583c49bf67dd4d6733ece14e55fe6839e66d1 From: dpdklab@iol.unh.edu To: Test Report Cc: dpdk-test-reports@iol.unh.edu, Xueming Li , Christian Ehrhardt , Kevin Traynor , Luca Boccassi Content-Type: text/plain X-BeenThere: test-report@dpdk.org X-Mailman-Version: 2.1.29 Precedence: list List-Id: automatic DPDK test reports List-Unsubscribe: , List-Archive: List-Post: List-Help: List-Subscribe: , Errors-To: test-report-bounces@dpdk.org _Testing issues_ Branch: tags/v23.11 62f583c49bf67dd4d6733ece14e55fe6839e66d1 --> testing issues Upstream job id: Generic-DPDK-Compile-Meson#442141 Test environment and result as below: +-------------------------------+--------------------+-------------------------+-------------------+------------------+----------------------+ | Environment | dpdk_meson_compile | dpdk_llvm_clang_compile | dpdk_msvc_compile | dpdk_compile_ovs | dpdk_mingw64_compile | +===============================+====================+=========================+===================+==================+======================+ | Ubuntu 20.04 | PASS | SKIPPED | SKIPPED | SKIPPED | SKIPPED | +-------------------------------+--------------------+-------------------------+-------------------+------------------+----------------------+ | CentOS Stream 9 | PASS | SKIPPED | SKIPPED | SKIPPED | SKIPPED | +-------------------------------+--------------------+-------------------------+-------------------+------------------+----------------------+ | CentOS Stream 10 | PASS | SKIPPED | SKIPPED | SKIPPED | SKIPPED | +-------------------------------+--------------------+-------------------------+-------------------+------------------+----------------------+ | FreeBSD 14.2 | PASS | SKIPPED | SKIPPED | SKIPPED | SKIPPED | +-------------------------------+--------------------+-------------------------+-------------------+------------------+----------------------+ | Fedora Linux 42 | PASS | SKIPPED | SKIPPED | PASS | SKIPPED | +-------------------------------+--------------------+-------------------------+-------------------+------------------+----------------------+ | Debian GNU/Linux 12 | PASS | SKIPPED | SKIPPED | SKIPPED | SKIPPED | +-------------------------------+--------------------+-------------------------+-------------------+------------------+----------------------+ | openSUSE Leap 15.6 | PASS | SKIPPED | SKIPPED | SKIPPED | SKIPPED | +-------------------------------+--------------------+-------------------------+-------------------+------------------+----------------------+ | Red Hat Enterprise Linux 9.5 | PASS | SKIPPED | SKIPPED | SKIPPED | SKIPPED | +-------------------------------+--------------------+-------------------------+-------------------+------------------+----------------------+ | Ubuntu 22.04 | PASS | SKIPPED | SKIPPED | SKIPPED | SKIPPED | +-------------------------------+--------------------+-------------------------+-------------------+------------------+----------------------+ | Ubuntu 24.04 | PASS | SKIPPED | SKIPPED | PASS | SKIPPED | +-------------------------------+--------------------+-------------------------+-------------------+------------------+----------------------+ | Alpine Linux 3.22.0 | PASS | SKIPPED | SKIPPED | SKIPPED | SKIPPED | +-------------------------------+--------------------+-------------------------+-------------------+------------------+----------------------+ | Red Hat Enterprise Linux 8.10 | PASS | SKIPPED | SKIPPED | SKIPPED | SKIPPED | +-------------------------------+--------------------+-------------------------+-------------------+------------------+----------------------+ | Windows Server 2022 | SKIPPED | FAIL | PASS | SKIPPED | PASS | +-------------------------------+--------------------+-------------------------+-------------------+------------------+----------------------+ ==== 20 line log output for Windows Server 2022 (dpdk_llvm_clang_compile): ==== Compiler for C supports arguments -mavx512f: YES (cached) Compiler for C supports arguments -mavx512bw: YES (cached) Compiler for C supports arguments -mavx512dq: YES (cached) Compiler for C supports arguments -march=skylake-avx512: YES Message: drivers/common/idpf: Defining dependency "common_idpf" Message: drivers/bus/auxiliary: Defining dependency "bus_auxiliary" Compiler for C supports arguments -Wno-cast-qual: YES (cached) Compiler for C supports arguments -Wno-pointer-arith: YES (cached) Message: drivers/bus/pci: Defining dependency "bus_pci" Message: drivers/bus/vdev: Defining dependency "bus_vdev" Compiler for C supports arguments -std=c11: YES Compiler for C supports arguments -Wno-strict-prototypes: YES Compiler for C supports arguments -D_BSD_SOURCE: YES Compiler for C supports arguments -D_DEFAULT_SOURCE: YES Compiler for C supports arguments -D_XOPEN_SOURCE=600: YES Has header "mlx5devx.h" : YES drivers\common\mlx5\windows\meson.build:10:13: ERROR: C shared or static library 'mlx5devx' not found A full log can be found at C:\Users\builder\jenkins\workspace\Windows-Compile-DPDK-Native\dpdk\build\meson-logs\meson-log.txt ==== End log output ==== Ubuntu 20.04 Kernel: 4.19 Compiler: gcc gcc (Ubuntu 9.4.0-1ubuntu1~20.04.2) 9.4.0 CentOS Stream 9 Kernel: 5.15 Compiler: gcc gcc (GCC) 11.5.0 20240719 (Red Hat 11.5.0-11) CentOS Stream 10 Kernel: 5.15 Compiler: gcc gcc (GCC) 14.2.1 20250110 (Red Hat 14.2.1-8) FreeBSD 14.2 Kernel: 14.2-RELEASE Compiler: clang 18.1.6 Fedora Linux 42 Kernel: 5.15 Compiler: gcc gcc (GCC) 15.2.1 20250808 (Red Hat 15.2.1-1) Debian GNU/Linux 12 Kernel: 5.15 Compiler: gcc gcc (Debian 12.2.0-14+deb12u1) 12.2.0 openSUSE Leap 15.6 Kernel: 5.15 Compiler: gcc gcc (SUSE Linux) 7.5.0 Red Hat Enterprise Linux 9.5 Kernel: 5.15 Compiler: gcc gcc (GCC) 11.5.0 20240719 (Red Hat 11.5.0-2) Ubuntu 22.04 Kernel: 5.15 Compiler: gcc gcc (Ubuntu 11.4.0-1ubuntu1~22.04) 11.4.0 Ubuntu 24.04 Kernel: 5.15 Compiler: gcc gcc (Ubuntu 13.3.0-6ubuntu2~24.04) 13.3.0 Alpine Linux 3.22.0 Kernel: 5.15 Compiler: gcc gcc (Alpine 14.2.0) 14.2.0 Red Hat Enterprise Linux 8.10 Kernel: 5.15 Compiler: gcc gcc (GCC) 8.5.0 20210514 (Red Hat 8.5.0-22) Windows Server 2022 Kernel: 10.0.20348.2031 Compiler: clang 15.0.7, gcc 14.1.0 (MinGW), and MSVC VS 19.39.33521 To view detailed results, visit: https://lab.dpdk.org/results/dashboard/tarballs/35507/ UNH-IOL DPDK Community Lab To manage your email subscriptions, visit: https://lab.dpdk.org/results/dashboard/preferences/subscriptions/