From mboxrd@z Thu Jan 1 00:00:00 1970 Return-Path: Received: from mails.dpdk.org (mails.dpdk.org [217.70.189.124]) by inbox.dpdk.org (Postfix) with ESMTP id E0A7948AAA for ; Sat, 8 Nov 2025 08:33:34 +0100 (CET) Received: from mails.dpdk.org (localhost [127.0.0.1]) by mails.dpdk.org (Postfix) with ESMTP id B9394400D5; Sat, 8 Nov 2025 08:33:34 +0100 (CET) Received: from mail-pl1-f225.google.com (mail-pl1-f225.google.com [209.85.214.225]) by mails.dpdk.org (Postfix) with ESMTP id 6D688400D5 for ; Sat, 8 Nov 2025 08:33:34 +0100 (CET) Received: by mail-pl1-f225.google.com with SMTP id d9443c01a7336-295f937d4c3so12751585ad.3 for ; Fri, 07 Nov 2025 23:33:34 -0800 (PST) DKIM-Signature: v=1; a=rsa-sha256; c=relaxed/relaxed; d=iol.unh.edu; s=unh-iol; t=1762587213; x=1763192013; darn=dpdk.org; h=cc:to:from:subject:message-id:date:from:to:cc:subject:date :message-id:reply-to; bh=dSQZxTUjsygBS3BvBtuN5odmhG90qzvo8M7i+6yzqDU=; b=F3SRE+nq8IqA/6oiyJ1xQF31dbXQJ+skgEJK4qBbRM/GYhe2zWD1AF3McvF90/hhIR H4ID1Q1MlXqrd5wN37g07I35E7cMo3K/u9Lad6Dol3mYRnqrEu/6fpm5vgzucKLOMST4 tWXmi+tNAhvzxRMwyXDWu2gQUsDdSJ6ua05uY= X-Google-DKIM-Signature: v=1; a=rsa-sha256; c=relaxed/relaxed; d=1e100.net; s=20230601; t=1762587213; x=1763192013; h=cc:to:from:subject:message-id:date:x-gm-gg:x-gm-message-state:from :to:cc:subject:date:message-id:reply-to; bh=dSQZxTUjsygBS3BvBtuN5odmhG90qzvo8M7i+6yzqDU=; b=H1sY6Lm2Y8wllPpZ2u21lXuhYxS+tUr71IQtKRebsxM/sXJKnusMMio68jclir5Owi J7au7VzEtvEHOvaz17WdjTSjXYADa3UfB5PK81iX4cBmCvykh5+ZvYSxiC7PEvxZlUPS ZaajkivhNJrGQ7XxF4VFaPP18yH9iW/OLdMoXvnkjwLHRc8Q9D4Ctn8i80ygj0E/MxCx xnVtQRgu1ZfFyFFfsvFELxczp3QZYvv9eTzW6G86RJfntZ+CGjnpN1QIBEUtvUnkzDRp kjuTtjput7w5qOsKo2v//ds45PMKNc0UrAqzaThXlGdCk3AZbfcziqATbCcoUCZHui5F mJUw== X-Gm-Message-State: AOJu0YwckMZ9YGZAVczzY12CZt2vGm6Zvr+3e/cEQ6d409Pj4g0J8D8w f0CmZ/ZoHiRVOhQcAdLl8wD1uy+hrNVh4RNw/V99fzyc1etl/Nsd8cLhMng7TnxoM9eoym8IYj4 7MTEieNzREY2ullinmAqU9/pksv1dn9bSSP9h X-Gm-Gg: ASbGncs4D/D7SHzAROgJH1/ohCZHexwlFj7lFnBNu3C59AxK5h1YDkEsyv6IGA7zwnO SF+ufooo+YWvrnal2CbTRvUDN7SgLVp4WYL1MxGOhQf0fxNnTFiuxV187X/FjPRsHmM/oTJHCps vNA8NaVoVnxMjYBHsaLAufRU2MW6bjcGFDYEW8sVqSguMam/nZXtckI6TY3LPuJ3qE7jvo6y8Fs ISse812Jig3qP1j0gzrC6yXUVdbXUMun+whUDjZGDSfMRx2/8ehEWdErsL1/NsUkGARtgaKOsH8 QWCgjo1QpVCEONsxMT2I7DQwzinwTphfQW5Tg9A2zi0cUcS31DdgY2yXsgCojlMrCuvgWYa0hHy XKNuCjibvv4wcThGsflP1DA2dTs6leFc= X-Google-Smtp-Source: AGHT+IFhROzUWnYnLZCRyj42+eq3hTbPLJ+eRfwTOpXNVf89Bbw0HbcZ0tbF4GBmxKhSQfiWlhGiWq6Y/Bcf X-Received: by 2002:a17:903:41c5:b0:295:73ce:b939 with SMTP id d9443c01a7336-297e56be24bmr24860325ad.39.1762587213512; Fri, 07 Nov 2025 23:33:33 -0800 (PST) Received: from postal.iol.unh.edu (postal.iol.unh.edu. [132.177.123.84]) by smtp-relay.gmail.com with ESMTPS id d9443c01a7336-297e22c8842sm1648565ad.30.2025.11.07.23.33.33 (version=TLS1_2 cipher=ECDHE-ECDSA-AES128-GCM-SHA256 bits=128/128); Fri, 07 Nov 2025 23:33:33 -0800 (PST) X-Relaying-Domain: iol.unh.edu Date: Fri, 07 Nov 2025 23:33:33 -0800 (PST) Message-ID: <690ef24d.170a0220.3cf164.8b76SMTPIN_ADDED_MISSING@mx.google.com> Received: from [172.21.0.2] (unknown [172.18.0.240]) by postal.iol.unh.edu (Postfix) with ESMTP id 678226051830; Sat, 8 Nov 2025 02:33:32 -0500 (EST) Subject: |FAILURE| [GIT MASTER] 62f583c49bf67dd4d6733ece14e55fe6839e66d1 From: dpdklab@iol.unh.edu To: Test Report Cc: dpdk-test-reports@iol.unh.edu, Xueming Li , Christian Ehrhardt , Kevin Traynor , Luca Boccassi Content-Type: text/plain X-BeenThere: test-report@dpdk.org X-Mailman-Version: 2.1.29 Precedence: list List-Id: automatic DPDK test reports List-Unsubscribe: , List-Archive: List-Post: List-Help: List-Subscribe: , Errors-To: test-report-bounces@dpdk.org _Testing issues_ Branch: tags/v23.11 62f583c49bf67dd4d6733ece14e55fe6839e66d1 --> testing issues Upstream job id: Generic-DPDK-Compile-Meson#442123 Test environment and result as below: +------------------------------+--------------------+ | Environment | dpdk_meson_compile | +==============================+====================+ | Ubuntu 20.04 | PASS | +------------------------------+--------------------+ | Red Hat Enterprise Linux 9.5 | PASS | +------------------------------+--------------------+ | Debian GNU/Linux 12 | PASS | +------------------------------+--------------------+ | Fedora Linux 42 | PASS | +------------------------------+--------------------+ | Ubuntu 22.04 | PASS | +------------------------------+--------------------+ | Ubuntu 24.04 | PASS | +------------------------------+--------------------+ | CentOS Stream 9 | PASS | +------------------------------+--------------------+ | CentOS Stream 10 | PASS | +------------------------------+--------------------+ Ubuntu 20.04 Kernel: 5.15 Compiler: aarch64-linux-gnu-gcc gcc (Ubuntu 9.4.0-1ubuntu1~20.04.2) 9.4.0 Red Hat Enterprise Linux 9.5 Kernel: 5.4 Compiler: gcc gcc (GCC) 11.5.0 20240719 (Red Hat 11.5.0-2) Debian GNU/Linux 12 Kernel: 5.4 Compiler: gcc gcc (Debian 12.2.0-14+deb12u1) 12.2.0 Fedora Linux 42 Kernel: 5.4 Compiler: gcc gcc (GCC) 15.2.1 20250808 (Red Hat 15.2.1-1) Ubuntu 22.04 Kernel: 5.4 Compiler: gcc gcc (Ubuntu 11.4.0-1ubuntu1~22.04) 11.4.0 Ubuntu 24.04 Kernel: 5.4 Compiler: gcc gcc (Ubuntu 13.3.0-6ubuntu2~24.04) 13.3.0 CentOS Stream 9 Kernel: 5.4 Compiler: gcc gcc (GCC) 11.5.0 20240719 (Red Hat 11.5.0-11) CentOS Stream 10 Kernel: 5.4 Compiler: gcc gcc (GCC) 14.2.1 20250110 (Red Hat 14.2.1-8) To view detailed results, visit: https://lab.dpdk.org/results/dashboard/tarballs/35507/ UNH-IOL DPDK Community Lab To manage your email subscriptions, visit: https://lab.dpdk.org/results/dashboard/preferences/subscriptions/