From mboxrd@z Thu Jan 1 00:00:00 1970 Return-Path: Received: from mails.dpdk.org (mails.dpdk.org [217.70.189.124]) by inbox.dpdk.org (Postfix) with ESMTP id 565AC48AAD for ; Sat, 8 Nov 2025 12:10:53 +0100 (CET) Received: from mails.dpdk.org (localhost [127.0.0.1]) by mails.dpdk.org (Postfix) with ESMTP id 2D78E400D5; Sat, 8 Nov 2025 12:10:53 +0100 (CET) Received: from mail-yx1-f99.google.com (mail-yx1-f99.google.com [74.125.224.99]) by mails.dpdk.org (Postfix) with ESMTP id 04FB2400D5 for ; Sat, 8 Nov 2025 12:10:51 +0100 (CET) Received: by mail-yx1-f99.google.com with SMTP id 956f58d0204a3-63f95dc176fso1508909d50.1 for ; Sat, 08 Nov 2025 03:10:51 -0800 (PST) DKIM-Signature: v=1; a=rsa-sha256; c=relaxed/relaxed; d=iol.unh.edu; s=unh-iol; t=1762600251; x=1763205051; darn=dpdk.org; h=cc:to:from:subject:message-id:date:from:to:cc:subject:date :message-id:reply-to; bh=h5CJPxY9bD7T+iPmwQHJcGlNkUQvXMfjJgE2FenOz9c=; b=AtcYk8XHo6apSjNAfNJdUfJ1KSTprtnkNeot/JAH2R9eRvCiWXZLB54lNa+nsmCIIn XLNbl192++Hkdz7cQajm5lfTXMkKUClmC+c9e8vV4cd8P1FAn2GXQH/MXDnNUQh5yMvw mOrZ67bcul0kiaTEUXXK8R7X3ju2zSXJT4hZE= X-Google-DKIM-Signature: v=1; a=rsa-sha256; c=relaxed/relaxed; d=1e100.net; s=20230601; t=1762600251; x=1763205051; h=cc:to:from:subject:message-id:date:x-gm-gg:x-gm-message-state:from :to:cc:subject:date:message-id:reply-to; bh=h5CJPxY9bD7T+iPmwQHJcGlNkUQvXMfjJgE2FenOz9c=; b=bNX8+Wv6lqB9nJBjA3YmjSCw79mpTUxfdw9Ixq5bcqUgXXTmkwNI6/M5KvFj7m0o9I 6QpKa3QXaG78pgsxhVhdiTHLQejBEWZL9kD5O7God3RhDv56v2BCiWO3fCnXf0am+YL6 a7gTf7NDDKLFN0iupQwO+npu+e05WmhG/O7rZcjZdszVB62IcW6HWGTkcPDMHTZH3oK4 i+ATpN9S29z6AyczaqUPgrimsAryFlo4+m1YgQyzngmig404vRLt7ExSu+H8WdvOx6Fj EtdMVHnDRSCGql/Fotd+G4NdUVwfQYooMdLeoaUfzwDM6yv2O7rjTZvN+BJ4sKljVb0U 4Xeg== X-Gm-Message-State: AOJu0YzZ0iVKCzMXIkBowEipZB21tvn9nf2cyHDCrd2ArbJ9I0+ElIgI V6hdmHf2m7NeZruEoxr+LTz0+l6bEaU9Std3P0qi0uIUMqwhTBZxaf73i5E/0DaxFXwEFYudUri g9e3wVWCBhOJWxzZ+K/e8WyixvkRXFAI63XjntKvzS+b/q9RhLEzI X-Gm-Gg: ASbGncuz3si6bRkRzhYnB6l75Ji2m8m9zvrCfZ26n1iruE1XaFhTw8KpgTPdzjB810Q G9uFw9n2Gt/tARVyJrnCvhzcyZ1zFfYylos54Q9u7dCQr5dMJRI/pgYTiQ7J1zkpdziU/SRrtI9 lXDaM5o/W75pewkguQWKSh5KaxMuskV2tYRgesr1v2m5jDG2iT//OYFgoo3jvt7tWKtXbi/kTpD KN+CvTi11+ZVbz7eF8mui53RZ3LILVmubiDaprpxGjWKANUL1Fs/waHiOqwjfedgCw5j3bItDEj ml1TDnlX4fWP57NGP9j349sj4kLdwBCdOoCvsjz/670sfcGoJ8JsvOHq5GRU5atBsRK0ob8K0/t 3r3mUaGgu X-Google-Smtp-Source: AGHT+IELFo1W2VsFZdR8OqTokgAqQK+ZEeSJf6hNkWdu5l+lIzQxDSUd1zOWEQe1TvzTRYTvKWHMNmJ5pXfz X-Received: by 2002:a53:d049:0:10b0:63e:2623:6bdf with SMTP id 956f58d0204a3-640d45f7636mr1462591d50.62.1762600251250; Sat, 08 Nov 2025 03:10:51 -0800 (PST) Received: from postal.iol.unh.edu (postal.iol.unh.edu. [2606:4100:3880:1234::84]) by smtp-relay.gmail.com with ESMTPS id 00721157ae682-787d699ce48sm896567b3.23.2025.11.08.03.10.51 (version=TLS1_2 cipher=ECDHE-ECDSA-AES128-GCM-SHA256 bits=128/128); Sat, 08 Nov 2025 03:10:51 -0800 (PST) X-Relaying-Domain: iol.unh.edu Date: Sat, 08 Nov 2025 03:10:51 -0800 (PST) Message-ID: <690f253b.050a0220.1b8d35.4b0eSMTPIN_ADDED_MISSING@mx.google.com> Received: from [172.21.0.2] (unknown [172.18.0.240]) by postal.iol.unh.edu (Postfix) with ESMTP id D421460003E7; Sat, 8 Nov 2025 06:10:50 -0500 (EST) Subject: |FAILURE| [GIT MASTER] 62f583c49bf67dd4d6733ece14e55fe6839e66d1 From: dpdklab@iol.unh.edu To: Test Report Cc: dpdk-test-reports@iol.unh.edu, Xueming Li , Christian Ehrhardt , Kevin Traynor , Luca Boccassi Content-Type: text/plain X-BeenThere: test-report@dpdk.org X-Mailman-Version: 2.1.29 Precedence: list List-Id: automatic DPDK test reports List-Unsubscribe: , List-Archive: List-Post: List-Help: List-Subscribe: , Errors-To: test-report-bounces@dpdk.org _Testing issues_ Branch: tags/v23.11 62f583c49bf67dd4d6733ece14e55fe6839e66d1 --> testing issues Upstream job id: Generic-Unit-Test-DPDK#390094 Test environment and result as below: +------------------------------+----------------+---------------------------+------------------------------+--------------+ | Environment | dpdk_unit_test | cryptodev_sw_zuc_autotest | cryptodev_sw_snow3g_autotest | lpm_autotest | +==============================+================+===========================+==============================+==============+ | CentOS Stream 9 | PASS | SKIPPED | SKIPPED | SKIPPED | +------------------------------+----------------+---------------------------+------------------------------+--------------+ | Debian GNU/Linux 12 | PASS | SKIPPED | SKIPPED | SKIPPED | +------------------------------+----------------+---------------------------+------------------------------+--------------+ | CentOS Stream 10 | PASS | SKIPPED | SKIPPED | SKIPPED | +------------------------------+----------------+---------------------------+------------------------------+--------------+ | Fedora Linux 40 | PEND | SKIPPED | SKIPPED | SKIPPED | +------------------------------+----------------+---------------------------+------------------------------+--------------+ | Fedora Linux 41 | PEND | SKIPPED | SKIPPED | SKIPPED | +------------------------------+----------------+---------------------------+------------------------------+--------------+ | Fedora Linux 42 | PEND | SKIPPED | SKIPPED | SKIPPED | +------------------------------+----------------+---------------------------+------------------------------+--------------+ | Ubuntu 20.04 | PEND | SKIPPED | SKIPPED | PASS | +------------------------------+----------------+---------------------------+------------------------------+--------------+ | Ubuntu 22.04 | PASS | SKIPPED | SKIPPED | SKIPPED | +------------------------------+----------------+---------------------------+------------------------------+--------------+ | Ubuntu 24.04 | PEND | SKIPPED | SKIPPED | SKIPPED | +------------------------------+----------------+---------------------------+------------------------------+--------------+ | Red Hat Enterprise Linux 9.5 | PEND | SKIPPED | SKIPPED | SKIPPED | +------------------------------+----------------+---------------------------+------------------------------+--------------+ | Debian 12 (arm) | SKIPPED | PASS | PASS | SKIPPED | +------------------------------+----------------+---------------------------+------------------------------+--------------+ CentOS Stream 9 Kernel: 5.4 Compiler: gcc gcc (GCC) 11.5.0 20240719 (Red Hat 11.5.0-11) Debian GNU/Linux 12 Kernel: 5.4 Compiler: gcc gcc (Debian 12.2.0-14+deb12u1) 12.2.0 CentOS Stream 10 Kernel: 5.4 Compiler: gcc gcc (GCC) 14.2.1 20250110 (Red Hat 14.2.1-8) Fedora Linux 40 Kernel: 5.4 Compiler: gcc gcc (GCC) 14.2.1 20240912 (Red Hat 14.2.1-3) Fedora Linux 41 Kernel: 5.4 Compiler: gcc gcc (GCC) 14.3.1 20250523 (Red Hat 14.3.1-1) Fedora Linux 42 Kernel: 5.4 Compiler: gcc gcc (GCC) 15.2.1 20250808 (Red Hat 15.2.1-1) Ubuntu 20.04 Kernel: 5.4 Compiler: gcc gcc (Ubuntu 9.4.0-1ubuntu1~20.04.2) 9.4.0 Ubuntu 22.04 Kernel: 5.4 Compiler: gcc gcc (Ubuntu 11.4.0-1ubuntu1~22.04) 11.4.0 Ubuntu 24.04 Kernel: 5.4 Compiler: gcc gcc (Ubuntu 13.3.0-6ubuntu2~24.04) 13.3.0 Red Hat Enterprise Linux 9.5 Kernel: 5.4 Compiler: gcc gcc (GCC) 11.5.0 20240719 (Red Hat 11.5.0-2) Debian 12 (arm) Kernel: Depends on container host Compiler: gcc (Debian 12.2.0-14) 12.2.0 To view detailed results, visit: https://lab.dpdk.org/results/dashboard/tarballs/35507/ UNH-IOL DPDK Community Lab To manage your email subscriptions, visit: https://lab.dpdk.org/results/dashboard/preferences/subscriptions/