From mboxrd@z Thu Jan 1 00:00:00 1970 Return-Path: Received: from mails.dpdk.org (mails.dpdk.org [217.70.189.124]) by inbox.dpdk.org (Postfix) with ESMTP id 7A63D48AAD for ; Sat, 8 Nov 2025 13:01:46 +0100 (CET) Received: from mails.dpdk.org (localhost [127.0.0.1]) by mails.dpdk.org (Postfix) with ESMTP id 47B5B400D5; Sat, 8 Nov 2025 13:01:46 +0100 (CET) Received: from mail-qv1-f99.google.com (mail-qv1-f99.google.com [209.85.219.99]) by mails.dpdk.org (Postfix) with ESMTP id 8DD89400D5 for ; Sat, 8 Nov 2025 13:01:44 +0100 (CET) Received: by mail-qv1-f99.google.com with SMTP id 6a1803df08f44-88044caaa3eso17053606d6.3 for ; Sat, 08 Nov 2025 04:01:44 -0800 (PST) DKIM-Signature: v=1; a=rsa-sha256; c=relaxed/relaxed; d=iol.unh.edu; s=unh-iol; t=1762603304; x=1763208104; darn=dpdk.org; h=cc:to:from:subject:message-id:date:from:to:cc:subject:date :message-id:reply-to; bh=knclEBmiaNgGv3xvgqBzWOLqG5YTQzO55gi8TedeYgc=; b=W6l6TPkPRWa6DfuS79wmdVLHTHr1Zdp5xxu2C3bfFbCfDWJZ39oZBoVo0h4xdiCFq0 LP8l+AYTWczT7KEquwVxKWB+HkVymSeK9tkc11iypwfMUWjIdM66MhfbG5vAnjV+TN3x Ehym9ylWnBemkRhR8g1CpjbKbH6znWIudZNfY= X-Google-DKIM-Signature: v=1; a=rsa-sha256; c=relaxed/relaxed; d=1e100.net; s=20230601; t=1762603304; x=1763208104; h=cc:to:from:subject:message-id:date:x-gm-gg:x-gm-message-state:from :to:cc:subject:date:message-id:reply-to; bh=knclEBmiaNgGv3xvgqBzWOLqG5YTQzO55gi8TedeYgc=; b=lD2ScDeWSE9tXsNF5CXr0DFF5ZcBa/QEDhPNXISVlkOonxIf4s7RYJOIlGmiZJIfRx GDXOKWK+S0Y1m4gRRPVoKW9AMtAdePibXzIw5yCullPeD7Oz+KKSX5p3SSwkiteVmNuF mZYscZOlgBLdl9wjDj+b2IwlVNxcGxFNZIBx8GB4GQSbvlYJpY0GWmMBi94zAzFQSRQF xNZYQ/70vU3q7gDJnUIbsxKcjXNS6XB1l/bPSEIjNyOHkKA3HQGp1A1CAwnTrBVc4+7J ogGYpFNON8LMqTjWScGEeqVDn+E5MbqHkblJZn0eWsIFF6gKWUD57Zo+r9C8CokzoG16 iBrA== X-Gm-Message-State: AOJu0YzbnBPcTTd3lFOPDOTavGK1zL0gOKaRpgZ0+/P+cfyppObh4+/I hNF8OvTOuTL6ZzqfIiAdJaxxKIWkIK3vDlBK7lKo9K056uYZ1wk0OVYeqXzC4C2Hbnlzoch34U5 VNrFSTnDwu7CNmJc4wVu+FCr592G59sPP/G8GbkwJLMem2XSVh5Ez X-Gm-Gg: ASbGncvopHL9LKuX+MwId9OAm3q/y3DcHg+vaq0POLOUk4Ta62VVdpSnZMuQy4494vi 96QdFV9Iu7wKrJ44N7cNAIo2gG2tT5lNGIz6Pjd4s3bvso/P8xhXtP40KlKGO1VTQ/ZxMf62Bvi dg1Y34s1xFIhOCJjmnER6MZ60F0+IW4r0HwlwyTvW9Ov0L5SZEXorSLCIQwkeLK5A+eZ3DrtpZI O6numFm9mQon/Wg0tHLWzyTkOdu3I4uweZG4CjkXn5iXEXnLWA7qSSpbIVnxClTihug00BZbE17 hc+6oyvjVA97cQsdAxsnY5XUGp/Xgd+9ZEnEgV9wY+6LOAM9gTyPydmp868H0NGPEbt/js+9xSI fuKzjqYJg X-Google-Smtp-Source: AGHT+IFVn6Ysk/0Q1wUyxIaKGjTpd8/Xbh6EG9+RclV/6H6sz2dBl9o8UVyZzpexnqu/n6nKpmQapmYKkjXf X-Received: by 2002:ad4:5d4e:0:b0:882:42e6:171a with SMTP id 6a1803df08f44-88242e619damr4442746d6.29.1762603303765; Sat, 08 Nov 2025 04:01:43 -0800 (PST) Received: from postal.iol.unh.edu (postal.iol.unh.edu. [2606:4100:3880:1234::84]) by smtp-relay.gmail.com with ESMTPS id 6a1803df08f44-88238992da2sm2205496d6.8.2025.11.08.04.01.43 (version=TLS1_2 cipher=ECDHE-ECDSA-AES128-GCM-SHA256 bits=128/128); Sat, 08 Nov 2025 04:01:43 -0800 (PST) X-Relaying-Domain: iol.unh.edu Date: Sat, 08 Nov 2025 04:01:43 -0800 (PST) Message-ID: <690f3127.050a0220.2b1107.b72cSMTPIN_ADDED_MISSING@mx.google.com> Received: from [172.21.0.3] (unknown [172.18.0.240]) by postal.iol.unh.edu (Postfix) with ESMTP id 77E1C60003E7; Sat, 8 Nov 2025 07:01:43 -0500 (EST) Subject: |FAILURE| [GIT MASTER] 9784db2c5af1eecd02fc21132b59b5b266039b87 From: dpdklab@iol.unh.edu To: Test Report Cc: dpdk-test-reports@iol.unh.edu, Xueming Li , Christian Ehrhardt , Kevin Traynor , Luca Boccassi Content-Type: text/plain X-BeenThere: test-report@dpdk.org X-Mailman-Version: 2.1.29 Precedence: list List-Id: automatic DPDK test reports List-Unsubscribe: , List-Archive: List-Post: List-Help: List-Subscribe: , Errors-To: test-report-bounces@dpdk.org _Testing issues_ Branch: tags/v22.11 9784db2c5af1eecd02fc21132b59b5b266039b87 --> testing issues Upstream job id: Generic-Unit-Test-DPDK#390107 Test environment and result as below: +-----------------+--------------+------------------------------+---------------------------+----------------+ | Environment | lpm_autotest | cryptodev_sw_snow3g_autotest | cryptodev_sw_zuc_autotest | dpdk_unit_test | +=================+==============+==============================+===========================+================+ | Ubuntu 20.04 | FAIL | SKIPPED | SKIPPED | SKIPPED | +-----------------+--------------+------------------------------+---------------------------+----------------+ | Debian 12 (arm) | SKIPPED | PASS | PASS | SKIPPED | +-----------------+--------------+------------------------------+---------------------------+----------------+ | Ubuntu 22.04 | SKIPPED | SKIPPED | SKIPPED | PASS | +-----------------+--------------+------------------------------+---------------------------+----------------+ ==== 20 line log output for Ubuntu 20.04 (lpm_autotest): ==== [671/690] Compiling C object 'app/test/3062f5d@@dpdk-test@exe/test_threads.c.o'. [672/690] Compiling C object 'app/test/3062f5d@@dpdk-test@exe/test_thash.c.o'. [673/690] Compiling C object 'app/test/3062f5d@@dpdk-test@exe/test_thash_perf.c.o'. [674/690] Compiling C object 'app/test/3062f5d@@dpdk-test@exe/test_timer.c.o'. [675/690] Compiling C object 'app/test/3062f5d@@dpdk-test@exe/test_timer_perf.c.o'. [676/690] Compiling C object 'app/test/3062f5d@@dpdk-test@exe/test_timer_racecond.c.o'. [677/690] Compiling C object 'app/test/3062f5d@@dpdk-test@exe/test_timer_secondary.c.o'. [678/690] Compiling C object 'app/test/3062f5d@@dpdk-test@exe/test_ticketlock.c.o'. [679/690] Compiling C object 'app/test/3062f5d@@dpdk-test@exe/test_trace_register.c.o'. [680/690] Compiling C object 'app/test/3062f5d@@dpdk-test@exe/test_trace.c.o'. [681/690] Compiling C object 'app/test/3062f5d@@dpdk-test@exe/test_version.c.o'. [682/690] Compiling C object 'app/test/3062f5d@@dpdk-test@exe/test_telemetry_json.c.o'. [683/690] Compiling C object 'app/test/3062f5d@@dpdk-test@exe/test_ring.c.o'. [684/690] Compiling C object 'app/test/3062f5d@@dpdk-test@exe/test_telemetry_data.c.o'. [685/690] Compiling C object 'app/test/3062f5d@@dpdk-test@exe/virtual_pmd.c.o'. [686/690] Compiling C object 'app/test/3062f5d@@dpdk-test@exe/test_pcapng.c.o'. [687/690] Compiling C object 'app/test/3062f5d@@dpdk-test@exe/test_bpf.c.o'. [688/690] Compiling C object 'app/test/3062f5d@@dpdk-test@exe/test_compressdev.c.o'. [689/690] Compiling C object 'app/test/3062f5d@@dpdk-test@exe/test_trace_perf.c.o'. [690/690] Linking target app/test/dpdk-test. ==== End log output ==== Ubuntu 20.04 Kernel: 5.4 Compiler: gcc gcc (Ubuntu 9.4.0-1ubuntu1~20.04.2) 9.4.0 Debian 12 (arm) Kernel: Depends on container host Compiler: gcc (Debian 12.2.0-14) 12.2.0 Ubuntu 22.04 Kernel: 5.15 Compiler: gcc gcc (Ubuntu 11.4.0-1ubuntu1~22.04.2) 11.4.0 To view detailed results, visit: https://lab.dpdk.org/results/dashboard/tarballs/35506/ UNH-IOL DPDK Community Lab To manage your email subscriptions, visit: https://lab.dpdk.org/results/dashboard/preferences/subscriptions/