From mboxrd@z Thu Jan 1 00:00:00 1970 Return-Path: Received: from mails.dpdk.org (mails.dpdk.org [217.70.189.124]) by inbox.dpdk.org (Postfix) with ESMTP id BE4AE48ABC for ; Sun, 9 Nov 2025 06:29:10 +0100 (CET) Received: from mails.dpdk.org (localhost [127.0.0.1]) by mails.dpdk.org (Postfix) with ESMTP id B5B5840268; Sun, 9 Nov 2025 06:29:10 +0100 (CET) Received: from mail-pl1-f227.google.com (mail-pl1-f227.google.com [209.85.214.227]) by mails.dpdk.org (Postfix) with ESMTP id 4D1B840268 for ; Sun, 9 Nov 2025 06:29:09 +0100 (CET) Received: by mail-pl1-f227.google.com with SMTP id d9443c01a7336-295ceaf8dacso20267045ad.0 for ; Sat, 08 Nov 2025 21:29:09 -0800 (PST) DKIM-Signature: v=1; a=rsa-sha256; c=relaxed/relaxed; d=iol.unh.edu; s=unh-iol; t=1762666148; x=1763270948; darn=dpdk.org; h=cc:to:from:subject:message-id:date:from:to:cc:subject:date :message-id:reply-to; bh=qPk6je9gnp1yQsdu5V4DQ4/aZ11kmot7fPrbbqvg3z8=; b=i4GH/Y4dRnS2IJsPRHzQdovsyuJnXCIQCBiS4pOwXtusFsPPkDVzkDMvtwF1zqWzmy GZttNrDKgOl2HFTsAiIewrTzdB4iWesuinyzufN1pouvizmPqGJM0OhA3cU+7bxhChuM wW0eIGGh74w69NN+TP4vzFvaEOtMEUpDoldxg= X-Google-DKIM-Signature: v=1; a=rsa-sha256; c=relaxed/relaxed; d=1e100.net; s=20230601; t=1762666148; x=1763270948; h=cc:to:from:subject:message-id:date:x-gm-gg:x-gm-message-state:from :to:cc:subject:date:message-id:reply-to; bh=qPk6je9gnp1yQsdu5V4DQ4/aZ11kmot7fPrbbqvg3z8=; b=axRuzuvFXREkzFJCBDPGohG4tD2gVuFf9Gtu04ts6OhxS3r5P5I8je1V0E+th+Zjsj qaKpE8XVt75qjBXqoxvgwkeI+OXGyGm5AfMOFZXM37WdlA62eu08hci8raVfcHesKBsK DHeUQMN5oMLcMYpTlbcBI1zKZnwdhGm9zRGAgo0dWlfgUUw2Q+v5Zs7JONvmrVxp9Zj0 PhiZ+RW5x/i1Yf1vvyV/SfpR3vXl4beNQSotp8rNIS2m8McOBW/6AcQyZXS4aXBypIi8 yG24zCcLgwW/43GAFdP1c/bm9QxjUpwYGnDP8kOMyf1w2cpOM/R3SSQoJdrWP6sjaqY5 0BEA== X-Gm-Message-State: AOJu0YzvLWWkWoKdDA721cgYvk7jfOqzWByWd42GtZaVyFbHPG2oJrXB /7CZ1tBS2bFJKJOdUoDm/9ge8Xp+ca5Z/V1JSKJKzz8ghcx15EZfHDVW+Z/jrPK1lCxYVZxe7Bg 5buGEiuZ1PxpD1ZIvt6OpbE4zJiGltgIG2uv8 X-Gm-Gg: ASbGncskRIQUF1eAFwURn8fTwfwjHM9uiXkCfkKEFgbw3SivZtWA2I07TUXwDM7nNyb okVFR2kyfqdtaNr6elNCLHj60TT4OiuYZ1YvqUIS0eToKocoCpJ5RGiSYdecH+bSws6jatnuD4S dvQlWJWWXtNP3U9r35sjmgWiOSIXFgIuDDGV4A58JM3INVGofkYq0llrrCPWZvwFmGqZ07bU3yj xBiLOVL1AhbEfh1UpL1Fg7puyz7hbbC1Q2IpVLQcO+QT6Vq/nkSPtRdWaZAPCdYW6J5Rxgrj6wt rsupTiPoKCWsSJJ55OjPRj1eDbuiyU9sW1bszblziKRipPKtWkn0DXbgd56jJov2ZnIfqa9fEqV wT45I9ktVdm5hQEKGBM7gr5bA401C5S8= X-Google-Smtp-Source: AGHT+IF1UDoG0mLphTE0tUFaVSBjQ7u/QnZl9cFsJ3pKVA+ECLvLkAjTMOyj6HLAXfiwSkNkT5f7/ffwRAtA X-Received: by 2002:a17:903:2a8e:b0:295:94e1:91da with SMTP id d9443c01a7336-297e56d4096mr53207605ad.33.1762666148420; Sat, 08 Nov 2025 21:29:08 -0800 (PST) Received: from postal.iol.unh.edu (postal.iol.unh.edu. [132.177.123.84]) by smtp-relay.gmail.com with ESMTPS id d9443c01a7336-29650c62b45sm9468485ad.25.2025.11.08.21.29.08 (version=TLS1_2 cipher=ECDHE-ECDSA-AES128-GCM-SHA256 bits=128/128); Sat, 08 Nov 2025 21:29:08 -0800 (PST) X-Relaying-Domain: iol.unh.edu Date: Sat, 08 Nov 2025 21:29:08 -0800 (PST) Message-ID: <691026a4.170a0220.34a14f.1537SMTPIN_ADDED_MISSING@mx.google.com> Received: from [172.21.0.2] (unknown [172.18.0.240]) by postal.iol.unh.edu (Postfix) with ESMTP id E148B6051830; Sun, 9 Nov 2025 00:29:07 -0500 (EST) Subject: |FAILURE| [GIT MASTER] 62f583c49bf67dd4d6733ece14e55fe6839e66d1 From: dpdklab@iol.unh.edu To: Test Report Cc: dpdk-test-reports@iol.unh.edu, Xueming Li , Christian Ehrhardt , Kevin Traynor , Luca Boccassi Content-Type: text/plain X-BeenThere: test-report@dpdk.org X-Mailman-Version: 2.1.29 Precedence: list List-Id: automatic DPDK test reports List-Unsubscribe: , List-Archive: List-Post: List-Help: List-Subscribe: , Errors-To: test-report-bounces@dpdk.org _Testing issues_ Branch: tags/v23.11 62f583c49bf67dd4d6733ece14e55fe6839e66d1 --> testing issues Upstream job id: Windows-Compile-DPDK-Native#32231 Test environment and result as below: +-------------------------------+--------------------+------------------+-------------------+-------------------------+ | Environment | dpdk_meson_compile | dpdk_compile_ovs | dpdk_msvc_compile | dpdk_llvm_clang_compile | +===============================+====================+==================+===================+=========================+ | Red Hat Enterprise Linux 9.5 | PEND | SKIPPED | SKIPPED | SKIPPED | +-------------------------------+--------------------+------------------+-------------------+-------------------------+ | Debian GNU/Linux 12 | PEND | SKIPPED | SKIPPED | SKIPPED | +-------------------------------+--------------------+------------------+-------------------+-------------------------+ | CentOS Stream 9 | PEND | SKIPPED | SKIPPED | SKIPPED | +-------------------------------+--------------------+------------------+-------------------+-------------------------+ | Fedora Linux 42 | PEND | PEND | SKIPPED | SKIPPED | +-------------------------------+--------------------+------------------+-------------------+-------------------------+ | CentOS Stream 10 | PEND | SKIPPED | SKIPPED | SKIPPED | +-------------------------------+--------------------+------------------+-------------------+-------------------------+ | Ubuntu 20.04 | PASS | SKIPPED | SKIPPED | SKIPPED | +-------------------------------+--------------------+------------------+-------------------+-------------------------+ | Red Hat Enterprise Linux 8.10 | PEND | SKIPPED | SKIPPED | SKIPPED | +-------------------------------+--------------------+------------------+-------------------+-------------------------+ | openSUSE Leap 15.6 | PEND | SKIPPED | SKIPPED | SKIPPED | +-------------------------------+--------------------+------------------+-------------------+-------------------------+ | Ubuntu 24.04 | PEND | PEND | SKIPPED | SKIPPED | +-------------------------------+--------------------+------------------+-------------------+-------------------------+ | Ubuntu 22.04 | PEND | SKIPPED | SKIPPED | SKIPPED | +-------------------------------+--------------------+------------------+-------------------+-------------------------+ | Alpine Linux 3.22.0 | PEND | SKIPPED | SKIPPED | SKIPPED | +-------------------------------+--------------------+------------------+-------------------+-------------------------+ | FreeBSD 14.2 | PASS | SKIPPED | SKIPPED | SKIPPED | +-------------------------------+--------------------+------------------+-------------------+-------------------------+ | Windows Server 2022 | SKIPPED | SKIPPED | PASS | FAIL | +-------------------------------+--------------------+------------------+-------------------+-------------------------+ ==== 20 line log output for Windows Server 2022 (dpdk_llvm_clang_compile): ==== Compiler for C supports arguments -mavx512f: YES (cached) Compiler for C supports arguments -mavx512bw: YES (cached) Compiler for C supports arguments -mavx512dq: YES (cached) Compiler for C supports arguments -march=skylake-avx512: YES Message: drivers/common/idpf: Defining dependency "common_idpf" Message: drivers/bus/auxiliary: Defining dependency "bus_auxiliary" Compiler for C supports arguments -Wno-cast-qual: YES (cached) Compiler for C supports arguments -Wno-pointer-arith: YES (cached) Message: drivers/bus/pci: Defining dependency "bus_pci" Message: drivers/bus/vdev: Defining dependency "bus_vdev" Compiler for C supports arguments -std=c11: YES Compiler for C supports arguments -Wno-strict-prototypes: YES Compiler for C supports arguments -D_BSD_SOURCE: YES Compiler for C supports arguments -D_DEFAULT_SOURCE: YES Compiler for C supports arguments -D_XOPEN_SOURCE=600: YES Has header "mlx5devx.h" : YES drivers\common\mlx5\windows\meson.build:10:13: ERROR: C shared or static library 'mlx5devx' not found A full log can be found at C:\Users\builder\jenkins\workspace\Windows-Compile-DPDK-Native\dpdk\build\meson-logs\meson-log.txt ==== End log output ==== Red Hat Enterprise Linux 9.5 Kernel: 5.15 Compiler: gcc gcc (GCC) 11.5.0 20240719 (Red Hat 11.5.0-2) Debian GNU/Linux 12 Kernel: 5.15 Compiler: gcc gcc (Debian 12.2.0-14+deb12u1) 12.2.0 CentOS Stream 9 Kernel: 5.15 Compiler: gcc gcc (GCC) 11.5.0 20240719 (Red Hat 11.5.0-11) Fedora Linux 42 Kernel: 5.15 Compiler: gcc gcc (GCC) 15.2.1 20250808 (Red Hat 15.2.1-1) CentOS Stream 10 Kernel: 5.15 Compiler: gcc gcc (GCC) 14.2.1 20250110 (Red Hat 14.2.1-8) Ubuntu 20.04 Kernel: 5.15 Compiler: gcc gcc (Ubuntu 9.4.0-1ubuntu1~20.04.2) 9.4.0 Red Hat Enterprise Linux 8.10 Kernel: 5.15 Compiler: gcc gcc (GCC) 8.5.0 20210514 (Red Hat 8.5.0-22) openSUSE Leap 15.6 Kernel: 5.15 Compiler: gcc gcc (SUSE Linux) 7.5.0 Ubuntu 24.04 Kernel: 5.15 Compiler: gcc gcc (Ubuntu 13.3.0-6ubuntu2~24.04) 13.3.0 Ubuntu 22.04 Kernel: 5.15 Compiler: gcc gcc (Ubuntu 11.4.0-1ubuntu1~22.04) 11.4.0 Alpine Linux 3.22.0 Kernel: 5.15 Compiler: gcc gcc (Alpine 14.2.0) 14.2.0 FreeBSD 14.2 Kernel: 14.2-RELEASE Compiler: clang 18.1.6 Windows Server 2022 Kernel: 10.0.20348.2031 Compiler: clang 15.0.7, gcc 14.1.0 (MinGW), and MSVC VS 19.39.33521 To view detailed results, visit: https://lab.dpdk.org/results/dashboard/tarballs/35511/ UNH-IOL DPDK Community Lab To manage your email subscriptions, visit: https://lab.dpdk.org/results/dashboard/preferences/subscriptions/