From mboxrd@z Thu Jan 1 00:00:00 1970 Return-Path: Received: from mails.dpdk.org (mails.dpdk.org [217.70.189.124]) by inbox.dpdk.org (Postfix) with ESMTP id 0295B48ABC for ; Sun, 9 Nov 2025 06:47:55 +0100 (CET) Received: from mails.dpdk.org (localhost [127.0.0.1]) by mails.dpdk.org (Postfix) with ESMTP id EFA8040268; Sun, 9 Nov 2025 06:47:54 +0100 (CET) Received: from mail-pg1-f228.google.com (mail-pg1-f228.google.com [209.85.215.228]) by mails.dpdk.org (Postfix) with ESMTP id CA41C40268 for ; Sun, 9 Nov 2025 06:47:53 +0100 (CET) Received: by mail-pg1-f228.google.com with SMTP id 41be03b00d2f7-b593def09e3so1235484a12.2 for ; Sat, 08 Nov 2025 21:47:53 -0800 (PST) DKIM-Signature: v=1; a=rsa-sha256; c=relaxed/relaxed; d=iol.unh.edu; s=unh-iol; t=1762667273; x=1763272073; darn=dpdk.org; h=cc:to:from:subject:message-id:date:from:to:cc:subject:date :message-id:reply-to; bh=UhGvCuCg3sjL850cBOC229/IMu5i7OK+v9BPt83YL3o=; b=G63gZo7VKNgtjzbXD3eus7G3mRuINM9vcXe/BT1HFe3PIpOzvJQrQYOWqexQOSx1WN LJ4CtngL1ZtHAZgm4FPlCSSQWOElWcE3ud0yHxe+Dk9oqrtRZTw7SI6nKDhJM9+lkAPZ 5LjHNFxkcTlFIiLe1dDa4TdaXeY8JhAPOcX7A= X-Google-DKIM-Signature: v=1; a=rsa-sha256; c=relaxed/relaxed; d=1e100.net; s=20230601; t=1762667273; x=1763272073; h=cc:to:from:subject:message-id:date:x-gm-gg:x-gm-message-state:from :to:cc:subject:date:message-id:reply-to; bh=UhGvCuCg3sjL850cBOC229/IMu5i7OK+v9BPt83YL3o=; b=Cj3IJAUfh1bMgO58C3FMAFCM+RHQdLFnz/kWqHpetGCU3WPVKHl6vnE5YIp3M31H/P oLx1UIHrJfCh4dU6wqreipZiBZh4foMyuR8uag4sH1TEdClPnUvHouIEKOVHFAPwz7bZ oaIJTp4UVIG5WPsvWg7jsM0pdSMFtU6EBPUbl0dJc5bdXlvDjHUiahic5YDqMj+gKfcp QcB7MTUULeitisVJBP/5O9785lhwcz0prkSqw2H2mzRAP7+tUt+PpUdbzd6ooU+GSSeD gR4zR+BIPuhs66L8NOOLtV9mUEsTcHB7Fk7kluN+CmE9zV3kzFC27U4ARvkoqcZ0WLiE hrpA== X-Gm-Message-State: AOJu0YyHvpCPcmiENhCARbWoqFV6dliBhQCOjttMxVIRMUUy0CISb6VK Njc9fziEVozSjZbBERQE+xsv+4zjY2ftKaVMqCyt9tDDjdxabiV4MUWbUkDuWqEc3wyMqB+AgZq lKLObQIwr2TJjnDFi2Ukr07DrS9tFVZtQGNCTkbWGZq2YtNTnLK3D X-Gm-Gg: ASbGncuBIkG+Fuk/s6c2wOU+VaiTHOWzWJ2AmTTpoz3DD6LVKmFJd6Bpa/JuokTAoUe jbqHVu/oGxTTL6DMZTB6dpS+eDV4n8Wu8N43Ufr5EaCSK6lzrBBC4+Msy3Zg1r7VZ7X+dO7glWz hfLMIsDpHKvY5E5R2bBlbgzS2XDem2SBYOH9rktQJa05totJDK6P2N1qXMvYY0Pflx1e/8CJQV9 8qdYPf6MMOTlDtk1U8b02jSBFgNxHxfLxK3RYQp0oxotPmglXptiUIuiKMpKlZ2ykN6lWaHSg8d G6CX3zd1j6EMWNJ9bs/4PNOWH0jnX1MIcb99/seFt7j1rh/hJtK4eOuigGIHm14E330GsgGMEgK zWpCqUcWm X-Google-Smtp-Source: AGHT+IERBmQN7M5csmKSlHRgMYllklHd4GTwG4TxlDAHMvqjXnVTESC6Zi+at7B5O7R4FHUubcIfZ3M+cqjd X-Received: by 2002:a17:903:19ce:b0:295:557e:746d with SMTP id d9443c01a7336-297e56e1382mr59370825ad.57.1762667272860; Sat, 08 Nov 2025 21:47:52 -0800 (PST) Received: from postal.iol.unh.edu (postal.iol.unh.edu. [2606:4100:3880:1234::84]) by smtp-relay.gmail.com with ESMTPS id d9443c01a7336-29651c6ee2dsm9538475ad.36.2025.11.08.21.47.52 (version=TLS1_2 cipher=ECDHE-ECDSA-AES128-GCM-SHA256 bits=128/128); Sat, 08 Nov 2025 21:47:52 -0800 (PST) X-Relaying-Domain: iol.unh.edu Date: Sat, 08 Nov 2025 21:47:52 -0800 (PST) Message-ID: <69102b08.170a0220.23b45b.1324SMTPIN_ADDED_MISSING@mx.google.com> Received: from [172.21.0.4] (unknown [172.18.0.240]) by postal.iol.unh.edu (Postfix) with ESMTP id F0B246051830; Sun, 9 Nov 2025 00:47:51 -0500 (EST) Subject: |FAILURE| [GIT MASTER] 9784db2c5af1eecd02fc21132b59b5b266039b87 From: dpdklab@iol.unh.edu To: Test Report Cc: dpdk-test-reports@iol.unh.edu, Xueming Li , Christian Ehrhardt , Kevin Traynor , Luca Boccassi Content-Type: text/plain X-BeenThere: test-report@dpdk.org X-Mailman-Version: 2.1.29 Precedence: list List-Id: automatic DPDK test reports List-Unsubscribe: , List-Archive: List-Post: List-Help: List-Subscribe: , Errors-To: test-report-bounces@dpdk.org _Testing issues_ Branch: tags/v22.11 9784db2c5af1eecd02fc21132b59b5b266039b87 --> testing issues Upstream job id: Generic-VM-Unit-Test-DPDK#32403 Test environment and result as below: +-------------------------------+----------------+ | Environment | dpdk_unit_test | +===============================+================+ | Ubuntu 24.04 | FAIL | +-------------------------------+----------------+ | Red Hat Enterprise Linux 9.5 | FAIL | +-------------------------------+----------------+ | Red Hat Enterprise Linux 8.10 | PEND | +-------------------------------+----------------+ | CentOS Stream 10 | FAIL | +-------------------------------+----------------+ | CentOS Stream 9 | FAIL | +-------------------------------+----------------+ | Fedora Linux 41 | PEND | +-------------------------------+----------------+ | Fedora Linux 40 | PEND | +-------------------------------+----------------+ | Fedora Linux 42 | PEND | +-------------------------------+----------------+ | Ubuntu 22.04 | PEND | +-------------------------------+----------------+ | Ubuntu 20.04 | PEND | +-------------------------------+----------------+ | Debian GNU/Linux 12 | PEND | +-------------------------------+----------------+ | Windows Server 2022 | PASS | +-------------------------------+----------------+ ==== Unit test summary for CentOS Stream 9 (dpdk_unit_test): ==== ninja: Entering directory `/root/workspace/Generic-Unit-Test-DPDK/dpdk/build' ninja: no work to do. 1/105 DPDK:fast-tests / acl_autotest OK 4.28 s 2/105 DPDK:fast-tests / atomic_autotest OK 0.46 s 3/105 DPDK:fast-tests / bitmap_autotest OK 0.23 s 4/105 DPDK:fast-tests / bitops_autotest OK 0.28 s 5/105 DPDK:fast-tests / byteorder_autotest OK 0.18 s 6/105 DPDK:fast-tests / cksum_autotest OK 0.19 s 7/105 DPDK:fast-tests / cmdline_autotest OK 0.29 s 8/105 DPDK:fast-tests / common_autotest OK 0.66 s 9/105 DPDK:fast-tests / cpuflags_autotest OK 0.35 s 10/105 DPDK:fast-tests / debug_autotest OK 1.37 s 11/105 DPDK:fast-tests / devargs_autotest OK 0.26 s 12/105 DPDK:fast-tests / eal_flags_c_opt_autotest OK 0.76 s 13/105 DPDK:fast-tests / eal_flags_main_opt_autotest OK 0.32 s 14/105 DPDK:fast-tests / eal_flags_n_opt_autotest OK 0.66 s 15/105 DPDK:fast-tests / eal_flags_hpet_autotest OK 0.36 s 16/105 DPDK:fast-tests / eal_flags_no_huge_autotest OK 0.69 s 17/105 DPDK:fast-tests / eal_flags_a_opt_autotest OK 0.42 s 18/105 DPDK:fast-tests / eal_flags_b_opt_autotest OK 0.48 s 19/105 DPDK:fast-tests / eal_flags_vdev_opt_autotest OK 0.77 s 20/105 DPDK:fast-tests / eal_flags_r_opt_autotest OK 0.27 s 21/105 DPDK:fast-tests / eal_flags_mem_autotest OK 0.88 s 22/105 DPDK:fast-tests / eal_flags_file_prefix_autotest OK 2.78 s 23/105 DPDK:fast-tests / eal_flags_misc_autotest OK 2.21 s 24/105 DPDK:fast-tests / eal_fs_autotest OK 0.17 s 25/105 DPDK:fast-tests / errno_autotest OK 0.19 s 26/105 DPDK:fast-tests / ethdev_link_status OK 0.17 s 27/105 DPDK:fast-tests / event_ring_autotest OK 0.28 s 28/105 DPDK:fast-tests / fib_autotest OK 0.92 s 29/105 DPDK:fast-tests / fib6_autotest OK 1.17 s 30/105 DPDK:fast-tests / func_reentrancy_autotest OK 0.87 s 31/105 DPDK:fast-tests / hash_autotest OK 0.35 s 32/105 DPDK:fast-tests / interrupt_autotest OK 1.97 s 33/105 DPDK:fast-tests / ipfrag_autotest OK 0.27 s 34/105 DPDK:fast-tests / lcores_autotest OK 17.97 s 35/105 DPDK:fast-tests / logs_autotest OK 0.26 s 36/105 DPDK:fast-tests / lpm_autotest OK 5.66 s 37/105 DPDK:fast-tests / lpm6_autotest OK 8.47 s 38/105 DPDK:fast-tests / malloc_autotest OK 0.86 s 39/105 DPDK:fast-tests / mbuf_autotest OK 0.29 s 40/105 DPDK:fast-tests / mcslock_autotest OK 0.88 s 41/105 DPDK:fast-tests / memcpy_autotest OK 3.05 s 42/105 DPDK:fast-tests / memory_autotest OK 0.23 s 43/105 DPDK:fast-tests / mempool_autotest OK 0.45 s 44/105 DPDK:fast-tests / memzone_autotest OK 0.27 s 45/105 DPDK:fast-tests / meter_autotest OK 0.17 s 46/105 DPDK:fast-tests / multiprocess_autotest OK 0.45 s 47/105 DPDK:fast-tests / node_list_dump OK 0.17 s 48/105 DPDK:fast-tests / per_lcore_autotest OK 0.26 s 49/105 DPDK:fast-tests / pflock_autotest OK 0.45 s 50/105 DPDK:fast-tests / prefetch_autotest OK 0.17 s 51/105 DPDK:fast-tests / rcu_qsbr_autotest OK 0.49 s 52/105 DPDK:fast-tests / pie_autotest OK 0.28 s 53/105 DPDK:fast-tests / rib_autotest OK 6.94 s 54/105 DPDK:fast-tests / rib6_autotest OK 6.55 s 55/105 DPDK:fast-tests / ring_autotest OK 0.24 s 56/105 DPDK:fast-tests / rwlock_test1_autotest OK 0.40 s 57/105 DPDK:fast-tests / rwlock_rda_autotest OK 5.25 s 58/105 DPDK:fast-tests / rwlock_rds_wrm_autotest OK 5.23 s 59/105 DPDK:fast-tests / rwlock_rde_wro_autotest OK 5.23 s 60/105 DPDK:fast-tests / sched_autotest OK 0.26 s 61/105 DPDK:fast-tests / security_autotest OK 0.17 s 62/105 DPDK:fast-tests / seqlock_autotest SKIP 0.22 s 63/105 DPDK:fast-tests / spinlock_autotest OK 0.17 s 64/105 DPDK:fast-tests / stack_autotest OK 0.28 s 65/105 DPDK:fast-tests / stack_lf_autotest OK 0.27 s 66/105 DPDK:fast-tests / string_autotest OK 0.21 s 67/105 DPDK:fast-tests / tailq_autotest OK 0.26 s 68/105 DPDK:fast-tests / ticketlock_autotest OK 0.20 s 69/105 DPDK:fast-tests / timer_autotest OK 2.93 s 70/105 DPDK:fast-tests / user_delay_us OK 0.28 s 71/105 DPDK:fast-tests / version_autotest OK 0.17 s 72/105 DPDK:fast-tests / crc_autotest OK 0.19 s 73/105 DPDK:fast-tests / distributor_autotest OK 1.53 s 74/105 DPDK:fast-tests / eventdev_common_autotest OK 0.27 s 75/105 DPDK:fast-tests / fbarray_autotest OK 0.17 s 76/105 DPDK:fast-tests / hash_readwrite_func_autotest SKIP 0.24 s 77/105 DPDK:fast-tests / ipsec_autotest SKIP 0.27 s 78/105 DPDK:fast-tests / kni_autotest SKIP 0.32 s 79/105 DPDK:fast-tests / kvargs_autotest OK 0.17 s 80/105 DPDK:fast-tests / member_autotest OK 1.32 s 81/105 DPDK:fast-tests / power_cpufreq_autotest SKIP 0.26 s 82/105 DPDK:fast-tests / power_autotest OK 0.17 s 83/105 DPDK:fast-tests / power_kvm_vm_autotest SKIP 0.29 s 84/105 DPDK:fast-tests / power_intel_uncore_autotest SKIP 0.25 s 85/105 DPDK:fast-tests / reorder_autotest OK 0.33 s 86/105 DPDK:fast-tests / service_autotest OK 1.40 s 87/105 DPDK:fast-tests / thash_autotest OK 0.26 s 88/105 DPDK:fast-tests / threads_autotest OK 0.50 s 89/105 DPDK:fast-tests / trace_autotest OK 0.26 s 90/105 DPDK:fast-tests / trace_autotest_with_traces OK 0.18 s 91/105 DPDK:fast-tests / graph_autotest OK 0.20 s 92/105 DPDK:fast-tests / metrics_autotest OK 0.17 s 93/105 DPDK:fast-tests / telemetry_json_autotest OK 0.26 s 94/105 DPDK:fast-tests / telemetry_data_autotest OK 0.24 s 95/105 DPDK:fast-tests / table_autotest FAIL 1.36 s (exit status 255 or signal 127 SIGinvalid) 96/105 DPDK:fast-tests / ring_pmd_autotest OK 0.28 s 97/105 DPDK:fast-tests / event_eth_tx_adapter_autotest OK 0.78 s 98/105 DPDK:fast-tests / bitratestats_autotest OK 0.23 s 99/105 DPDK:fast-tests / latencystats_autotest OK 0.25 s 100/105 DPDK:fast-tests / pdump_autotest OK 5.23 s 101/105 DPDK:fast-tests / vdev_autotest OK 0.26 s 102/105 DPDK:fast-tests / bpf_autotest OK 0.17 s 103/105 DPDK:fast-tests / bpf_convert_autotest OK 0.42 s 104/105 DPDK:fast-tests / compressdev_autotest SKIP 0.32 s 105/105 DPDK:fast-tests / telemetry_all SKIP 0.01 s Ok: 95 Expected Fail: 0 Fail: 1 Unexpected Pass: 0 Skipped: 9 Timeout: 0 Full log written to /root/workspace/Generic-Unit-Test-DPDK/dpdk/build/meson-logs/testlog.txt Test log output from the failed test table_autotest: Sorry, we were not able to find the logs for this test. Download the log output from the CI site for this test run. ==== End log output ==== Ubuntu 24.04 Kernel: 5.15 Compiler: gcc gcc (Ubuntu 13.3.0-6ubuntu2~24.04) 13.3.0 Red Hat Enterprise Linux 9.5 Kernel: 5.15 Compiler: gcc gcc (GCC) 11.5.0 20240719 (Red Hat 11.5.0-2) Red Hat Enterprise Linux 8.10 Kernel: 5.15 Compiler: gcc gcc (GCC) 8.5.0 20210514 (Red Hat 8.5.0-22) CentOS Stream 10 Kernel: 5.15 Compiler: gcc gcc (GCC) 14.2.1 20250110 (Red Hat 14.2.1-8) CentOS Stream 9 Kernel: 5.15 Compiler: gcc gcc (GCC) 11.5.0 20240719 (Red Hat 11.5.0-11) Fedora Linux 41 Kernel: 5.15 Compiler: gcc gcc (GCC) 14.3.1 20250523 (Red Hat 14.3.1-1) Fedora Linux 40 Kernel: 5.15 Compiler: gcc gcc (GCC) 14.2.1 20240912 (Red Hat 14.2.1-3) Fedora Linux 42 Kernel: 5.15 Compiler: clang gcc (GCC) 15.2.1 20250808 (Red Hat 15.2.1-1) Ubuntu 22.04 Kernel: 5.15 Compiler: gcc gcc (Ubuntu 11.4.0-1ubuntu1~22.04) 11.4.0 Ubuntu 20.04 Kernel: 5.15 Compiler: gcc gcc (Ubuntu 9.4.0-1ubuntu1~20.04.2) 9.4.0 Debian GNU/Linux 12 Kernel: 5.15 Compiler: gcc gcc (Debian 12.2.0-14+deb12u1) 12.2.0 Windows Server 2022 Kernel: 10.0.20348.2031 Compiler: clang 15.0.7, gcc 14.1.0 (MinGW), and MSVC VS 19.39.33521 To view detailed results, visit: https://lab.dpdk.org/results/dashboard/tarballs/35510/ UNH-IOL DPDK Community Lab To manage your email subscriptions, visit: https://lab.dpdk.org/results/dashboard/preferences/subscriptions/