From mboxrd@z Thu Jan 1 00:00:00 1970 Return-Path: Received: from mails.dpdk.org (mails.dpdk.org [217.70.189.124]) by inbox.dpdk.org (Postfix) with ESMTP id CD17F48ABC for ; Sun, 9 Nov 2025 07:24:47 +0100 (CET) Received: from mails.dpdk.org (localhost [127.0.0.1]) by mails.dpdk.org (Postfix) with ESMTP id AC30C40268; Sun, 9 Nov 2025 07:24:47 +0100 (CET) Received: from mail-il1-f228.google.com (mail-il1-f228.google.com [209.85.166.228]) by mails.dpdk.org (Postfix) with ESMTP id 53B1440268 for ; Sun, 9 Nov 2025 07:24:46 +0100 (CET) Received: by mail-il1-f228.google.com with SMTP id e9e14a558f8ab-433791d45f5so5957355ab.0 for ; Sat, 08 Nov 2025 22:24:46 -0800 (PST) DKIM-Signature: v=1; a=rsa-sha256; c=relaxed/relaxed; d=iol.unh.edu; s=unh-iol; t=1762669485; x=1763274285; darn=dpdk.org; h=cc:to:from:subject:message-id:date:from:to:cc:subject:date :message-id:reply-to; bh=7I1+QPrqJFU1OFvxWP08CjprnIINap+2e2wQuDppTT8=; b=CL6ibasx1JpDp0irqIbdriLpe8NqNID8hQ/rGsl0hzROczPL4p19uLbF8xHIHimsMa LdYa/lpmSC2ofEn3hY99i0ZisjVLa6h7X+q/I5fvdpuSkzuUbO3MvqFFtS3cMW2w1xwn oMhOYKObTZ2G8BJXrBX6EbZlPK7pIJgCA16HM= X-Google-DKIM-Signature: v=1; a=rsa-sha256; c=relaxed/relaxed; d=1e100.net; s=20230601; t=1762669485; x=1763274285; h=cc:to:from:subject:message-id:date:x-gm-gg:x-gm-message-state:from :to:cc:subject:date:message-id:reply-to; bh=7I1+QPrqJFU1OFvxWP08CjprnIINap+2e2wQuDppTT8=; b=ZKPfrQRaFx5oGgJ9fnSWDv0Hc8FNwj41g+z2vv9x/1eGgT+w/ILOJowmxe5E4IREFG VC0lQRl8IdayTn1/1UaURS5ZqamfC45r9mS9x7Q3uuF23ehNsNorJ1/0BNJB0p52bC8X jfpEJSZlQoIDXmOjgC4halu7AxSF5GITWOgKekcG77eg9gNdT4vmQV1JuDMk2HILRz+O zAZwvJzQT2o9OtLI1i4P5NaEZd3h89x5bjszib69KrmBMTdI6XpqHh48fnqB2ldpP+Nm TNkS06pKTeFKQgdQNjqpWjlplzqRsN8VqeV2slF7Ek/4uCcitPLyi/0e7dCA5kXYjqNj 7jBw== X-Gm-Message-State: AOJu0YzPARsKtvC60eiu21FqLh+U3aPYKwxzssfJwTkSBsHEg+tXm3Pc A2QShMCCFmAzlEHzZPKp9NmVh2yL3uKsEJtKuwOWrYYizSAuli0/3BdpGZaY1cnDHPAqGLY6mR1 l+a5sQ67o+KduhDPOMskIihPrMhARY81mVQ0U X-Gm-Gg: ASbGncsOaqluyFKlpXMZ5CzcukrtHoJA7PnzEhW+AG2ovC4g15dqGMDEfUPbNerseNJ eP3hxqXbALzN7+HPqxxmU4ei66xqDAPp/VlrhE5ujTZogJB16rkTFlj+ZEK6Hve8qVJGlK0WTIf 1o49zkmvAKxyQJ0LQMI58M++DzTQmZqhSegjk1aJIrcl0oso7jqp6ovSIc0p7uSE1l8vYmjNFNv d2Y7m1KFgp0AtIg8cLKtzIYu2REGah7sqoXBNkS6sAp1m+iFbETSKKwmgFJCEzRKOizyE2+KHf7 aYINq+cLMGIf9HEQzmsqVfpJGDCtzKIP8//uhE/C3ZfKGlThjXHlPTl/ZqgQ24bVbJfm3gWi359 zIuZSXtvGcTX/weOhvI3gXOznGmAEWvk= X-Google-Smtp-Source: AGHT+IE7QZuh5DKoJjNppmHITDs7FDpO5nKDCkC7E+L3mQO+iqpZYua/T3A2f6gWNxvwS0DSLXGUhiSTW+VD X-Received: by 2002:a05:6e02:1806:b0:431:da08:d652 with SMTP id e9e14a558f8ab-43367d29398mr64127555ab.0.1762669485576; Sat, 08 Nov 2025 22:24:45 -0800 (PST) Received: from postal.iol.unh.edu (postal.iol.unh.edu. [132.177.123.84]) by smtp-relay.gmail.com with ESMTPS id 8926c6da1cb9f-5b7468b6442sm1201522173.35.2025.11.08.22.24.45 (version=TLS1_2 cipher=ECDHE-ECDSA-AES128-GCM-SHA256 bits=128/128); Sat, 08 Nov 2025 22:24:45 -0800 (PST) X-Relaying-Domain: iol.unh.edu Date: Sat, 08 Nov 2025 22:24:45 -0800 (PST) Message-ID: <691033ad.050a0220.377e84.e5f0SMTPIN_ADDED_MISSING@mx.google.com> Received: from [172.21.0.7] (unknown [172.18.0.240]) by postal.iol.unh.edu (Postfix) with ESMTP id 291D16051830; Sun, 9 Nov 2025 01:24:45 -0500 (EST) Subject: |FAILURE| [GIT MASTER] 9784db2c5af1eecd02fc21132b59b5b266039b87 From: dpdklab@iol.unh.edu To: Test Report Cc: dpdk-test-reports@iol.unh.edu, Xueming Li , Christian Ehrhardt , Kevin Traynor , Luca Boccassi Content-Type: text/plain X-BeenThere: test-report@dpdk.org X-Mailman-Version: 2.1.29 Precedence: list List-Id: automatic DPDK test reports List-Unsubscribe: , List-Archive: List-Post: List-Help: List-Subscribe: , Errors-To: test-report-bounces@dpdk.org _Testing issues_ Branch: tags/v22.11 9784db2c5af1eecd02fc21132b59b5b266039b87 --> testing issues Upstream job id: Generic-Unit-Test-DPDK#390225 Test environment and result as below: +-------------------------------+----------------+ | Environment | dpdk_unit_test | +===============================+================+ | Ubuntu 24.04 | FAIL | +-------------------------------+----------------+ | Red Hat Enterprise Linux 9.5 | FAIL | +-------------------------------+----------------+ | Red Hat Enterprise Linux 8.10 | FAIL | +-------------------------------+----------------+ | CentOS Stream 10 | FAIL | +-------------------------------+----------------+ | CentOS Stream 9 | FAIL | +-------------------------------+----------------+ | Fedora Linux 41 | FAIL | +-------------------------------+----------------+ | Fedora Linux 40 | FAIL | +-------------------------------+----------------+ | Fedora Linux 42 | FAIL | +-------------------------------+----------------+ | Ubuntu 22.04 | FAIL | +-------------------------------+----------------+ | Ubuntu 20.04 | PASS | +-------------------------------+----------------+ | Debian GNU/Linux 12 | FAIL | +-------------------------------+----------------+ | Windows Server 2022 | PASS | +-------------------------------+----------------+ ==== Unit test summary for Debian GNU/Linux 12 (dpdk_unit_test): ==== ninja: Entering directory `/root/workspace/Generic-Unit-Test-DPDK/dpdk/build' ninja: no work to do. 1/105 DPDK:fast-tests / acl_autotest OK 3.45 s 2/105 DPDK:fast-tests / atomic_autotest OK 0.44 s 3/105 DPDK:fast-tests / bitmap_autotest OK 0.22 s 4/105 DPDK:fast-tests / bitops_autotest OK 0.17 s 5/105 DPDK:fast-tests / byteorder_autotest OK 0.17 s 6/105 DPDK:fast-tests / cksum_autotest OK 0.17 s 7/105 DPDK:fast-tests / cmdline_autotest OK 0.29 s 8/105 DPDK:fast-tests / common_autotest OK 0.58 s 9/105 DPDK:fast-tests / cpuflags_autotest OK 0.17 s 10/105 DPDK:fast-tests / debug_autotest OK 1.10 s 11/105 DPDK:fast-tests / devargs_autotest OK 0.17 s 12/105 DPDK:fast-tests / eal_flags_c_opt_autotest OK 0.58 s 13/105 DPDK:fast-tests / eal_flags_main_opt_autotest OK 0.25 s 14/105 DPDK:fast-tests / eal_flags_n_opt_autotest OK 0.47 s 15/105 DPDK:fast-tests / eal_flags_hpet_autotest OK 0.30 s 16/105 DPDK:fast-tests / eal_flags_no_huge_autotest OK 0.53 s 17/105 DPDK:fast-tests / eal_flags_a_opt_autotest OK 0.33 s 18/105 DPDK:fast-tests / eal_flags_b_opt_autotest OK 0.29 s 19/105 DPDK:fast-tests / eal_flags_vdev_opt_autotest OK 0.71 s 20/105 DPDK:fast-tests / eal_flags_r_opt_autotest OK 0.22 s 21/105 DPDK:fast-tests / eal_flags_mem_autotest OK 0.81 s 22/105 DPDK:fast-tests / eal_flags_file_prefix_autotest OK 2.94 s 23/105 DPDK:fast-tests / eal_flags_misc_autotest OK 1.81 s 24/105 DPDK:fast-tests / eal_fs_autotest OK 0.27 s 25/105 DPDK:fast-tests / errno_autotest OK 0.17 s 26/105 DPDK:fast-tests / ethdev_link_status OK 0.17 s 27/105 DPDK:fast-tests / event_ring_autotest OK 0.22 s 28/105 DPDK:fast-tests / fib_autotest OK 0.79 s 29/105 DPDK:fast-tests / fib6_autotest OK 0.80 s 30/105 DPDK:fast-tests / func_reentrancy_autotest OK 0.65 s 31/105 DPDK:fast-tests / hash_autotest OK 0.27 s 32/105 DPDK:fast-tests / interrupt_autotest OK 1.23 s 33/105 DPDK:fast-tests / ipfrag_autotest OK 0.17 s 34/105 DPDK:fast-tests / lcores_autotest OK 2.29 s 35/105 DPDK:fast-tests / logs_autotest OK 0.17 s 36/105 DPDK:fast-tests / lpm_autotest OK 4.59 s 37/105 DPDK:fast-tests / lpm6_autotest OK 6.31 s 38/105 DPDK:fast-tests / malloc_autotest OK 0.73 s 39/105 DPDK:fast-tests / mbuf_autotest OK 0.17 s 40/105 DPDK:fast-tests / mcslock_autotest OK 0.49 s 41/105 DPDK:fast-tests / memcpy_autotest OK 2.15 s 42/105 DPDK:fast-tests / memory_autotest OK 0.17 s 43/105 DPDK:fast-tests / mempool_autotest OK 0.41 s 44/105 DPDK:fast-tests / memzone_autotest OK 0.17 s 45/105 DPDK:fast-tests / meter_autotest OK 0.17 s 46/105 DPDK:fast-tests / multiprocess_autotest OK 0.22 s 47/105 DPDK:fast-tests / node_list_dump OK 0.17 s 48/105 DPDK:fast-tests / per_lcore_autotest OK 0.27 s 49/105 DPDK:fast-tests / pflock_autotest OK 0.31 s 50/105 DPDK:fast-tests / prefetch_autotest OK 0.17 s 51/105 DPDK:fast-tests / rcu_qsbr_autotest OK 0.40 s 52/105 DPDK:fast-tests / pie_autotest OK 0.17 s 53/105 DPDK:fast-tests / rib_autotest OK 6.63 s 54/105 DPDK:fast-tests / rib6_autotest OK 5.17 s 55/105 DPDK:fast-tests / ring_autotest OK 0.17 s 56/105 DPDK:fast-tests / rwlock_test1_autotest OK 0.28 s 57/105 DPDK:fast-tests / rwlock_rda_autotest OK 5.24 s 58/105 DPDK:fast-tests / rwlock_rds_wrm_autotest OK 5.24 s 59/105 DPDK:fast-tests / rwlock_rde_wro_autotest OK 5.16 s 60/105 DPDK:fast-tests / sched_autotest OK 0.17 s 61/105 DPDK:fast-tests / security_autotest OK 0.17 s 62/105 DPDK:fast-tests / seqlock_autotest SKIP 0.23 s 63/105 DPDK:fast-tests / spinlock_autotest OK 0.17 s 64/105 DPDK:fast-tests / stack_autotest OK 0.17 s 65/105 DPDK:fast-tests / stack_lf_autotest OK 0.31 s 66/105 DPDK:fast-tests / string_autotest OK 0.20 s 67/105 DPDK:fast-tests / tailq_autotest OK 0.17 s 68/105 DPDK:fast-tests / ticketlock_autotest OK 0.27 s 69/105 DPDK:fast-tests / timer_autotest OK 2.75 s 70/105 DPDK:fast-tests / user_delay_us OK 0.21 s 71/105 DPDK:fast-tests / version_autotest OK 0.17 s 72/105 DPDK:fast-tests / crc_autotest OK 0.17 s 73/105 DPDK:fast-tests / distributor_autotest OK 1.21 s 74/105 DPDK:fast-tests / eventdev_common_autotest OK 0.17 s 75/105 DPDK:fast-tests / fbarray_autotest OK 0.17 s 76/105 DPDK:fast-tests / hash_readwrite_func_autotest SKIP 0.30 s 77/105 DPDK:fast-tests / ipsec_autotest SKIP 0.17 s 78/105 DPDK:fast-tests / kni_autotest SKIP 0.17 s 79/105 DPDK:fast-tests / kvargs_autotest OK 0.17 s 80/105 DPDK:fast-tests / member_autotest OK 0.97 s 81/105 DPDK:fast-tests / power_cpufreq_autotest SKIP 0.23 s 82/105 DPDK:fast-tests / power_autotest OK 0.17 s 83/105 DPDK:fast-tests / power_kvm_vm_autotest SKIP 0.17 s 84/105 DPDK:fast-tests / power_intel_uncore_autotest SKIP 0.17 s 85/105 DPDK:fast-tests / reorder_autotest OK 0.29 s 86/105 DPDK:fast-tests / service_autotest OK 1.22 s 87/105 DPDK:fast-tests / thash_autotest OK 0.17 s 88/105 DPDK:fast-tests / threads_autotest OK 0.27 s 89/105 DPDK:fast-tests / trace_autotest OK 0.17 s 90/105 DPDK:fast-tests / trace_autotest_with_traces OK 0.17 s 91/105 DPDK:fast-tests / graph_autotest OK 0.16 s 92/105 DPDK:fast-tests / metrics_autotest OK 0.17 s 93/105 DPDK:fast-tests / telemetry_json_autotest OK 0.28 s 94/105 DPDK:fast-tests / telemetry_data_autotest OK 0.17 s 95/105 DPDK:fast-tests / table_autotest FAIL 0.86 s (exit status 255 or signal 127 SIGinvalid) 96/105 DPDK:fast-tests / ring_pmd_autotest OK 0.17 s 97/105 DPDK:fast-tests / event_eth_tx_adapter_autotest OK 0.65 s 98/105 DPDK:fast-tests / bitratestats_autotest OK 0.17 s 99/105 DPDK:fast-tests / latencystats_autotest OK 0.17 s 100/105 DPDK:fast-tests / pdump_autotest OK 5.25 s 101/105 DPDK:fast-tests / vdev_autotest OK 0.26 s 102/105 DPDK:fast-tests / bpf_autotest OK 0.17 s 103/105 DPDK:fast-tests / bpf_convert_autotest OK 0.17 s 104/105 DPDK:fast-tests / compressdev_autotest SKIP 0.17 s 105/105 DPDK:fast-tests / telemetry_all SKIP 0.01 s Ok: 95 Expected Fail: 0 Fail: 1 Unexpected Pass: 0 Skipped: 9 Timeout: 0 Full log written to /root/workspace/Generic-Unit-Test-DPDK/dpdk/build/meson-logs/testlog.txt Test log output from the failed test table_autotest: Sorry, we were not able to find the logs for this test. Download the log output from the CI site for this test run. ==== End log output ==== Ubuntu 24.04 Kernel: 5.15 Compiler: gcc gcc (Ubuntu 13.3.0-6ubuntu2~24.04) 13.3.0 Red Hat Enterprise Linux 9.5 Kernel: 5.15 Compiler: gcc gcc (GCC) 11.5.0 20240719 (Red Hat 11.5.0-2) Red Hat Enterprise Linux 8.10 Kernel: 5.15 Compiler: gcc gcc (GCC) 8.5.0 20210514 (Red Hat 8.5.0-22) CentOS Stream 10 Kernel: 5.15 Compiler: gcc gcc (GCC) 14.2.1 20250110 (Red Hat 14.2.1-8) CentOS Stream 9 Kernel: 5.15 Compiler: gcc gcc (GCC) 11.5.0 20240719 (Red Hat 11.5.0-11) Fedora Linux 41 Kernel: 5.15 Compiler: gcc gcc (GCC) 14.3.1 20250523 (Red Hat 14.3.1-1) Fedora Linux 40 Kernel: 5.15 Compiler: gcc gcc (GCC) 14.2.1 20240912 (Red Hat 14.2.1-3) Fedora Linux 42 Kernel: 5.15 Compiler: clang gcc (GCC) 15.2.1 20250808 (Red Hat 15.2.1-1) Ubuntu 22.04 Kernel: 5.15 Compiler: gcc gcc (Ubuntu 11.4.0-1ubuntu1~22.04) 11.4.0 Ubuntu 20.04 Kernel: 5.15 Compiler: gcc gcc (Ubuntu 9.4.0-1ubuntu1~20.04.2) 9.4.0 Debian GNU/Linux 12 Kernel: 5.15 Compiler: gcc gcc (Debian 12.2.0-14+deb12u1) 12.2.0 Windows Server 2022 Kernel: 10.0.20348.2031 Compiler: clang 15.0.7, gcc 14.1.0 (MinGW), and MSVC VS 19.39.33521 To view detailed results, visit: https://lab.dpdk.org/results/dashboard/tarballs/35510/ UNH-IOL DPDK Community Lab To manage your email subscriptions, visit: https://lab.dpdk.org/results/dashboard/preferences/subscriptions/