From mboxrd@z Thu Jan 1 00:00:00 1970 Return-Path: Received: from mails.dpdk.org (mails.dpdk.org [217.70.189.124]) by inbox.dpdk.org (Postfix) with ESMTP id E8E9D48ABC for ; Sun, 9 Nov 2025 07:33:31 +0100 (CET) Received: from mails.dpdk.org (localhost [127.0.0.1]) by mails.dpdk.org (Postfix) with ESMTP id C268240268; Sun, 9 Nov 2025 07:33:31 +0100 (CET) Received: from mail-pj1-f99.google.com (mail-pj1-f99.google.com [209.85.216.99]) by mails.dpdk.org (Postfix) with ESMTP id 232E540268 for ; Sun, 9 Nov 2025 07:33:30 +0100 (CET) Received: by mail-pj1-f99.google.com with SMTP id 98e67ed59e1d1-340ba29d518so1276875a91.3 for ; Sat, 08 Nov 2025 22:33:30 -0800 (PST) DKIM-Signature: v=1; a=rsa-sha256; c=relaxed/relaxed; d=iol.unh.edu; s=unh-iol; t=1762670009; x=1763274809; darn=dpdk.org; h=cc:to:from:subject:message-id:date:from:to:cc:subject:date :message-id:reply-to; bh=MQw7ZvmouKhom6dmluaMiIg5c8nmojoXQwhV5iP3o9Y=; b=HMZu36G4xoARUB19ELsD+MOYB9xkYf0SCUAldsmzY5QE+tuwghvIfV9jvUeZNy5OeU ZelRkwxI2LoqoK6HGr17M6zGMSsh49iP1AohZ9/J2NEjq+A9EDz8sWw2cqb8ujX9k8V7 yf2YbB6IbtM8eYdEUByJVozkFrDVZlkUEMbWc= X-Google-DKIM-Signature: v=1; a=rsa-sha256; c=relaxed/relaxed; d=1e100.net; s=20230601; t=1762670009; x=1763274809; h=cc:to:from:subject:message-id:date:x-gm-gg:x-gm-message-state:from :to:cc:subject:date:message-id:reply-to; bh=MQw7ZvmouKhom6dmluaMiIg5c8nmojoXQwhV5iP3o9Y=; b=a+FDqw3eX4bWB/Dmhr3wHn16zZdwSgb0hY8Uy8sH8KW74MSu7uH0faYBncyC+qb9t7 q2AF7xb3bh342wK5gwufhs7JFwzgpi7KjwsC9IcGqna2cYMP5nBnE2VKigN7ZL/9sa5Y IaWBFPscAsXG7AlRImCksgudkikVr9YV9NJh+LFca2LqYZWpyyIVpwqkWdhGvxkWrh01 t1cnedzzs8dEDaiWJO3ZkaI6KrIChn4idHb1WismhDQk8xbIyWFLJPcNCOm3VZmJKeO3 By/NZaDAgs164R0lyA/xkBV1y8c9AbVvsd0+pyBz+2NU+l9jYe8U/nVS1h6hH5VOyP2k 4X5g== X-Gm-Message-State: AOJu0YxwB8SGljEhnZ/D+XgitO4L99AtYvpaQ68t+o0H1VSCXb1r1MB4 3SdJyaupz0U4lWl3x60kcMmj+zirRiHh17qCIPg7Y48QRKyhImzfdc94r92lqRpKV05iuy1s1em Yt7suBICd8Oj4Hq0FLtklsmTN4MY4uMZOeFL7 X-Gm-Gg: ASbGncsm5I8sEKI/Ak6DjH6U9eTsTcakzOJjRObBpRb/WgRNDaDd9UPQJIzOyraBGKI wbaylzgSBK/+GfuYkFMEczudA4d6uGZUgSTyX0Gmg7rWR2pTteMrdPzh5tRAucOmrlJwUnxgfN0 oJ6wBkQY9xhHXNCSK1387AbvNqtqXXnoDreA18WQTS2KO4vp9MaCAfBBj0+gL9NrbzmD51qPC9Z BBrNJc18cXROZh3PHiTmx6ou/aspPNU4F1TJ6ihLBUnhYDLrZT+HzghGaut87JYIEy3LiQol2AH oKPiqG9Tb0bqIImeuTOMx8Ar2GWkf80nGFsmWLziGtVHxv/WD7kt2xco3ZAFC13Y0U7Gz+iR0IC qlt0RD51zF4ihDTZAwNVygPbGir2usw8= X-Google-Smtp-Source: AGHT+IGCAZYZP63qFtVfr858YREYXSVbgI3ZalFo6nunFmpUIMBCoDHe2XATmGpu3rJDti+EQEHpXSaxSuGb X-Received: by 2002:a17:902:da4b:b0:297:dfae:1524 with SMTP id d9443c01a7336-297e56473f1mr66482905ad.16.1762670009184; Sat, 08 Nov 2025 22:33:29 -0800 (PST) Received: from postal.iol.unh.edu (postal.iol.unh.edu. [132.177.123.84]) by smtp-relay.gmail.com with ESMTPS id d9443c01a7336-297ecba1551sm3161985ad.40.2025.11.08.22.33.29 (version=TLS1_2 cipher=ECDHE-ECDSA-AES128-GCM-SHA256 bits=128/128); Sat, 08 Nov 2025 22:33:29 -0800 (PST) X-Relaying-Domain: iol.unh.edu Date: Sat, 08 Nov 2025 22:33:29 -0800 (PST) Message-ID: <691035b9.170a0220.3043a3.fbe8SMTPIN_ADDED_MISSING@mx.google.com> Received: from [172.21.0.2] (unknown [172.18.0.240]) by postal.iol.unh.edu (Postfix) with ESMTP id 71E696051830; Sun, 9 Nov 2025 01:33:28 -0500 (EST) Subject: |FAILURE| [GIT MASTER] 62f583c49bf67dd4d6733ece14e55fe6839e66d1 From: dpdklab@iol.unh.edu To: Test Report Cc: dpdk-test-reports@iol.unh.edu, Xueming Li , Christian Ehrhardt , Kevin Traynor , Luca Boccassi Content-Type: text/plain X-BeenThere: test-report@dpdk.org X-Mailman-Version: 2.1.29 Precedence: list List-Id: automatic DPDK test reports List-Unsubscribe: , List-Archive: List-Post: List-Help: List-Subscribe: , Errors-To: test-report-bounces@dpdk.org _Testing issues_ Branch: tags/v23.11 62f583c49bf67dd4d6733ece14e55fe6839e66d1 --> testing issues Upstream job id: Generic-DPDK-Compile-Meson#442276 Test environment and result as below: +-------------------------------+--------------------+------------------+-------------------+-------------------------+----------------------+ | Environment | dpdk_meson_compile | dpdk_compile_ovs | dpdk_msvc_compile | dpdk_llvm_clang_compile | dpdk_mingw64_compile | +===============================+====================+==================+===================+=========================+======================+ | Red Hat Enterprise Linux 9.5 | PASS | SKIPPED | SKIPPED | SKIPPED | SKIPPED | +-------------------------------+--------------------+------------------+-------------------+-------------------------+----------------------+ | Debian GNU/Linux 12 | PASS | SKIPPED | SKIPPED | SKIPPED | SKIPPED | +-------------------------------+--------------------+------------------+-------------------+-------------------------+----------------------+ | CentOS Stream 9 | PASS | SKIPPED | SKIPPED | SKIPPED | SKIPPED | +-------------------------------+--------------------+------------------+-------------------+-------------------------+----------------------+ | Fedora Linux 42 | PASS | PASS | SKIPPED | SKIPPED | SKIPPED | +-------------------------------+--------------------+------------------+-------------------+-------------------------+----------------------+ | CentOS Stream 10 | PASS | SKIPPED | SKIPPED | SKIPPED | SKIPPED | +-------------------------------+--------------------+------------------+-------------------+-------------------------+----------------------+ | Ubuntu 20.04 | PASS | SKIPPED | SKIPPED | SKIPPED | SKIPPED | +-------------------------------+--------------------+------------------+-------------------+-------------------------+----------------------+ | Red Hat Enterprise Linux 8.10 | PASS | SKIPPED | SKIPPED | SKIPPED | SKIPPED | +-------------------------------+--------------------+------------------+-------------------+-------------------------+----------------------+ | openSUSE Leap 15.6 | PASS | SKIPPED | SKIPPED | SKIPPED | SKIPPED | +-------------------------------+--------------------+------------------+-------------------+-------------------------+----------------------+ | Ubuntu 24.04 | PASS | PASS | SKIPPED | SKIPPED | SKIPPED | +-------------------------------+--------------------+------------------+-------------------+-------------------------+----------------------+ | Ubuntu 22.04 | PASS | SKIPPED | SKIPPED | SKIPPED | SKIPPED | +-------------------------------+--------------------+------------------+-------------------+-------------------------+----------------------+ | Alpine Linux 3.22.0 | PASS | SKIPPED | SKIPPED | SKIPPED | SKIPPED | +-------------------------------+--------------------+------------------+-------------------+-------------------------+----------------------+ | FreeBSD 14.2 | PASS | SKIPPED | SKIPPED | SKIPPED | SKIPPED | +-------------------------------+--------------------+------------------+-------------------+-------------------------+----------------------+ | Windows Server 2022 | SKIPPED | SKIPPED | PASS | FAIL | PASS | +-------------------------------+--------------------+------------------+-------------------+-------------------------+----------------------+ ==== 20 line log output for Windows Server 2022 (dpdk_llvm_clang_compile): ==== Compiler for C supports arguments -mavx512f: YES (cached) Compiler for C supports arguments -mavx512bw: YES (cached) Compiler for C supports arguments -mavx512dq: YES (cached) Compiler for C supports arguments -march=skylake-avx512: YES Message: drivers/common/idpf: Defining dependency "common_idpf" Message: drivers/bus/auxiliary: Defining dependency "bus_auxiliary" Compiler for C supports arguments -Wno-cast-qual: YES (cached) Compiler for C supports arguments -Wno-pointer-arith: YES (cached) Message: drivers/bus/pci: Defining dependency "bus_pci" Message: drivers/bus/vdev: Defining dependency "bus_vdev" Compiler for C supports arguments -std=c11: YES Compiler for C supports arguments -Wno-strict-prototypes: YES Compiler for C supports arguments -D_BSD_SOURCE: YES Compiler for C supports arguments -D_DEFAULT_SOURCE: YES Compiler for C supports arguments -D_XOPEN_SOURCE=600: YES Has header "mlx5devx.h" : YES drivers\common\mlx5\windows\meson.build:10:13: ERROR: C shared or static library 'mlx5devx' not found A full log can be found at C:\Users\builder\jenkins\workspace\Windows-Compile-DPDK-Native\dpdk\build\meson-logs\meson-log.txt ==== End log output ==== Red Hat Enterprise Linux 9.5 Kernel: 5.15 Compiler: gcc gcc (GCC) 11.5.0 20240719 (Red Hat 11.5.0-2) Debian GNU/Linux 12 Kernel: 5.15 Compiler: gcc gcc (Debian 12.2.0-14+deb12u1) 12.2.0 CentOS Stream 9 Kernel: 5.15 Compiler: gcc gcc (GCC) 11.5.0 20240719 (Red Hat 11.5.0-11) Fedora Linux 42 Kernel: 5.15 Compiler: gcc gcc (GCC) 15.2.1 20250808 (Red Hat 15.2.1-1) CentOS Stream 10 Kernel: 5.15 Compiler: gcc gcc (GCC) 14.2.1 20250110 (Red Hat 14.2.1-8) Ubuntu 20.04 Kernel: 5.15 Compiler: gcc gcc (Ubuntu 9.4.0-1ubuntu1~20.04.2) 9.4.0 Red Hat Enterprise Linux 8.10 Kernel: 5.15 Compiler: gcc gcc (GCC) 8.5.0 20210514 (Red Hat 8.5.0-22) openSUSE Leap 15.6 Kernel: 5.15 Compiler: gcc gcc (SUSE Linux) 7.5.0 Ubuntu 24.04 Kernel: 5.15 Compiler: gcc gcc (Ubuntu 13.3.0-6ubuntu2~24.04) 13.3.0 Ubuntu 22.04 Kernel: 5.15 Compiler: gcc gcc (Ubuntu 11.4.0-1ubuntu1~22.04) 11.4.0 Alpine Linux 3.22.0 Kernel: 5.15 Compiler: gcc gcc (Alpine 14.2.0) 14.2.0 FreeBSD 14.2 Kernel: 14.2-RELEASE Compiler: clang 18.1.6 Windows Server 2022 Kernel: 10.0.20348.2031 Compiler: clang 15.0.7, gcc 14.1.0 (MinGW), and MSVC VS 19.39.33521 To view detailed results, visit: https://lab.dpdk.org/results/dashboard/tarballs/35511/ UNH-IOL DPDK Community Lab To manage your email subscriptions, visit: https://lab.dpdk.org/results/dashboard/preferences/subscriptions/