From mboxrd@z Thu Jan 1 00:00:00 1970 Return-Path: Received: from mails.dpdk.org (mails.dpdk.org [217.70.189.124]) by inbox.dpdk.org (Postfix) with ESMTP id BBA5848ABC for ; Sun, 9 Nov 2025 07:53:49 +0100 (CET) Received: from mails.dpdk.org (localhost [127.0.0.1]) by mails.dpdk.org (Postfix) with ESMTP id 995D340268; Sun, 9 Nov 2025 07:53:49 +0100 (CET) Received: from mail-pl1-f227.google.com (mail-pl1-f227.google.com [209.85.214.227]) by mails.dpdk.org (Postfix) with ESMTP id 3833840268 for ; Sun, 9 Nov 2025 07:53:48 +0100 (CET) Received: by mail-pl1-f227.google.com with SMTP id d9443c01a7336-297f8c26dc7so3440645ad.2 for ; Sat, 08 Nov 2025 22:53:48 -0800 (PST) DKIM-Signature: v=1; a=rsa-sha256; c=relaxed/relaxed; d=iol.unh.edu; s=unh-iol; t=1762671227; x=1763276027; darn=dpdk.org; h=cc:to:from:subject:message-id:date:from:to:cc:subject:date :message-id:reply-to; bh=CxIGmyMoeUjCn5Krcd9OHPkoMKULeJr8t0g8mFbKh0g=; b=MWmL8poB6/TWkKQR3qXKqOrHkWEB0tWjBPkRZMn/UMXJ2lgRcLUstGCufSOKjyGs9m BkGtpDLY8yZpgjpSlcyFxLXEMowFlFz5sY2YPCTPPpZHBkN8FC5hypPSKgQL+997RBqe 8pQwAmEPjTc1d8cAp7Ppz0dK/rEd/XXpFKazY= X-Google-DKIM-Signature: v=1; a=rsa-sha256; c=relaxed/relaxed; d=1e100.net; s=20230601; t=1762671227; x=1763276027; h=cc:to:from:subject:message-id:date:x-gm-gg:x-gm-message-state:from :to:cc:subject:date:message-id:reply-to; bh=CxIGmyMoeUjCn5Krcd9OHPkoMKULeJr8t0g8mFbKh0g=; b=ro6CDKnuQQhzFzw9Mzx/PGPjf1HOqIhaoHGFJ0QZ6aKQHsY9lP8XO613IYob+5UxE0 tjj424YZolXL8VTF5j0sQ1R3EOkxeHXmQTZRAZCWPNtfVZwLitRs489zv5gWPlIIhnId 2MP6Krbxgyi4OjDMCLK+IC8LH83JsvhGa70zWoaUArC+XTS3WL7FO02iFzx9jD3fD7hb AyDM1+ezZOfmkyRd3+AY+vJYt3/jTNlOpuQTGhrZb1Kf5rMZMTFpTePLTS/zQmj12ZWz 9OzAbacLHnMr7zLhbOGnWfW+Y9pRywybD4abavnezP/NEYSY8A2zEsKuMs/MBxVCGgw0 3CbQ== X-Gm-Message-State: AOJu0Yyt7yPceHv04oiSAforOqkhj87jJ5a/ZPLTJFHXmJEz+U3No3g2 xAlGpSAVhwo6QsJuXXeLqfMSuK56hthoguUbtcjrgt3TdFeaRPIW1aR9ElDzYo2bzKHeJS0C7pg rXrUVqU2zk2ESyMv3K2J7h2aKRjeaDoYK4M3y X-Gm-Gg: ASbGncsHe3au3AeMMs5Ormi3qO+PKtOO9yeMTOoyU52ccOvXUkWeS55XZ3RbkehKxYT T9GyMhIIdWidc0n1rlFO/b3WGY+/BVNvNF/HLbMj6NQMf7rkch+PlwwQPF1//zhgnbseSCiuWC3 WM3WErBOJ23ddqUzMw0ZPXKVNKKYpyBR6x4W5Xo5AnA6yS0EpSWxtg37c7G/D487oLazz7q0iyO 0l0kxx0ddTXjaxGYFFs9wglF5hIHgVmgsGHxdPPqwEpOHe9y0bVX+IAANR83B0bOc32G6EdcmjN 1YcND8wcMUIPahrJoFKMlFlXvG0VGh3qllH20EmYDhXgZiB0bDGkZR3a/y9GMC2xqVIqWTpuKEB b4JbwLMMU5i8wXesmPYWTGuSThpH2LJs= X-Google-Smtp-Source: AGHT+IHECmaKtoDahINX5LFoPOxHM5+Z5nu5QaMrVk+fF2lwTXjq+IZJ3vsQm5+dD2qFarzAxOEdnUp6fCG3 X-Received: by 2002:a17:902:f790:b0:294:cc1d:e28d with SMTP id d9443c01a7336-297e565275fmr51699985ad.25.1762671227275; Sat, 08 Nov 2025 22:53:47 -0800 (PST) Received: from postal.iol.unh.edu (postal.iol.unh.edu. [132.177.123.84]) by smtp-relay.gmail.com with ESMTPS id d9443c01a7336-297eac0e7basm3681185ad.20.2025.11.08.22.53.47 (version=TLS1_2 cipher=ECDHE-ECDSA-AES128-GCM-SHA256 bits=128/128); Sat, 08 Nov 2025 22:53:47 -0800 (PST) X-Relaying-Domain: iol.unh.edu Date: Sat, 08 Nov 2025 22:53:47 -0800 (PST) Message-ID: <69103a7b.170a0220.107630.2c08SMTPIN_ADDED_MISSING@mx.google.com> Received: from [172.21.0.2] (unknown [172.18.0.240]) by postal.iol.unh.edu (Postfix) with ESMTP id 860D16051830; Sun, 9 Nov 2025 01:53:46 -0500 (EST) Subject: |FAILURE| [GIT MASTER] 62f583c49bf67dd4d6733ece14e55fe6839e66d1 From: dpdklab@iol.unh.edu To: Test Report Cc: dpdk-test-reports@iol.unh.edu, Xueming Li , Christian Ehrhardt , Kevin Traynor , Luca Boccassi Content-Type: text/plain X-BeenThere: test-report@dpdk.org X-Mailman-Version: 2.1.29 Precedence: list List-Id: automatic DPDK test reports List-Unsubscribe: , List-Archive: List-Post: List-Help: List-Subscribe: , Errors-To: test-report-bounces@dpdk.org _Testing issues_ Branch: tags/v23.11 62f583c49bf67dd4d6733ece14e55fe6839e66d1 --> testing issues Upstream job id: Generic-Unit-Test-DPDK#390251 Test environment and result as below: +-------------------------------+----------------+ | Environment | dpdk_unit_test | +===============================+================+ | Fedora Linux 42 | WARN | +-------------------------------+----------------+ | Ubuntu 24.04 | PASS | +-------------------------------+----------------+ | Fedora Linux 41 | PASS | +-------------------------------+----------------+ | Red Hat Enterprise Linux 9.5 | PASS | +-------------------------------+----------------+ | CentOS Stream 10 | PASS | +-------------------------------+----------------+ | Fedora Linux 40 | PASS | +-------------------------------+----------------+ | Ubuntu 22.04 | PASS | +-------------------------------+----------------+ | Red Hat Enterprise Linux 8.10 | PASS | +-------------------------------+----------------+ | Ubuntu 20.04 | PASS | +-------------------------------+----------------+ | Debian GNU/Linux 12 | PASS | +-------------------------------+----------------+ | CentOS Stream 9 | PASS | +-------------------------------+----------------+ | Windows Server 2022 | FAIL | +-------------------------------+----------------+ ==== Unit test summary for Windows Server 2022 (dpdk_unit_test): ==== Failed to get the unit test results. Displaying the unit test results is not supported for some environments, such as our aarch32 testing, where meson is not used to run the tests. Download the logs available on our CI site. ==== End log output ==== Fedora Linux 42 Kernel: 5.15 Compiler: clang gcc (GCC) 15.2.1 20250808 (Red Hat 15.2.1-1) Ubuntu 24.04 Kernel: 5.15 Compiler: gcc gcc (Ubuntu 13.3.0-6ubuntu2~24.04) 13.3.0 Fedora Linux 41 Kernel: 5.15 Compiler: gcc gcc (GCC) 14.3.1 20250523 (Red Hat 14.3.1-1) Red Hat Enterprise Linux 9.5 Kernel: 5.15 Compiler: gcc gcc (GCC) 11.5.0 20240719 (Red Hat 11.5.0-2) CentOS Stream 10 Kernel: 5.15 Compiler: gcc gcc (GCC) 14.2.1 20250110 (Red Hat 14.2.1-8) Fedora Linux 40 Kernel: 5.15 Compiler: gcc gcc (GCC) 14.2.1 20240912 (Red Hat 14.2.1-3) Ubuntu 22.04 Kernel: 5.15 Compiler: gcc gcc (Ubuntu 11.4.0-1ubuntu1~22.04) 11.4.0 Red Hat Enterprise Linux 8.10 Kernel: 5.15 Compiler: gcc gcc (GCC) 8.5.0 20210514 (Red Hat 8.5.0-22) Ubuntu 20.04 Kernel: 5.15 Compiler: gcc gcc (Ubuntu 9.4.0-1ubuntu1~20.04.2) 9.4.0 Debian GNU/Linux 12 Kernel: 5.15 Compiler: gcc gcc (Debian 12.2.0-14+deb12u1) 12.2.0 CentOS Stream 9 Kernel: 5.15 Compiler: gcc gcc (GCC) 11.5.0 20240719 (Red Hat 11.5.0-11) Windows Server 2022 Kernel: 10.0.20348.2031 Compiler: clang 15.0.7, gcc 14.1.0 (MinGW), and MSVC VS 19.39.33521 To view detailed results, visit: https://lab.dpdk.org/results/dashboard/tarballs/35511/ UNH-IOL DPDK Community Lab To manage your email subscriptions, visit: https://lab.dpdk.org/results/dashboard/preferences/subscriptions/