From mboxrd@z Thu Jan 1 00:00:00 1970 Return-Path: Received: from mails.dpdk.org (mails.dpdk.org [217.70.189.124]) by inbox.dpdk.org (Postfix) with ESMTP id E27B048ABE for ; Sun, 9 Nov 2025 08:29:45 +0100 (CET) Received: from mails.dpdk.org (localhost [127.0.0.1]) by mails.dpdk.org (Postfix) with ESMTP id B0BE040268; Sun, 9 Nov 2025 08:29:45 +0100 (CET) Received: from mail-qk1-f227.google.com (mail-qk1-f227.google.com [209.85.222.227]) by mails.dpdk.org (Postfix) with ESMTP id E8F7E40268 for ; Sun, 9 Nov 2025 08:29:43 +0100 (CET) Received: by mail-qk1-f227.google.com with SMTP id af79cd13be357-8b21fc25ae1so218248785a.1 for ; Sat, 08 Nov 2025 23:29:43 -0800 (PST) DKIM-Signature: v=1; a=rsa-sha256; c=relaxed/relaxed; d=iol.unh.edu; s=unh-iol; t=1762673383; x=1763278183; darn=dpdk.org; h=cc:to:from:subject:message-id:date:from:to:cc:subject:date :message-id:reply-to; bh=OKKpLlJDlnrDWOziUw6EIHat21eKrybvCrU7Lhb56Rw=; b=jZzQ5QI5rjKWu3DqRJ9+/3AGKMtpgcM7jx7uZx7dCX+tdCC/5rXKxpXb2D4/Jq8ue6 9rDLZzR9LnCihndSbb9Qjb+eq5Y9ojOUktSV2pYKiIjKqA9rqpkYimJXr7oZXipwE5Dd TlxWlLI/h2qX+pUuqoKF9vAWUCyr2mYLTNE8U= X-Google-DKIM-Signature: v=1; a=rsa-sha256; c=relaxed/relaxed; d=1e100.net; s=20230601; t=1762673383; x=1763278183; h=cc:to:from:subject:message-id:date:x-gm-gg:x-gm-message-state:from :to:cc:subject:date:message-id:reply-to; bh=OKKpLlJDlnrDWOziUw6EIHat21eKrybvCrU7Lhb56Rw=; b=ozno5RSLSPB2wzwJ/tb1LeA04fu9cIxGfsYxcHJ0Kn+De8d9s6Uoy8w47Da3iYHIKy joAzKqvd31H/mWYMRJLJtIjhpzOuEGTRn/3z3sA4aD/gFr3isp/D21w0VPHKR5jJOkGB Dk/gg3MdLEqD1XR1eMDWZjhvO0kWZp03iCNJewZI6l+v4af8FczpJftyoNj4O2z2sPfc gSrxoQRUtye2vAdwizf2vikin0ixN3YS5teOmxAxc31B+7omL5wd8y9XJ6Ny/pwDueNh x4S55kS1ZcTVAfeZFiZVYilfDC//BuTLZCnYtt7bUeGE0gNUWFeIBbUoGd9+9CzZw51a Ojzw== X-Gm-Message-State: AOJu0YwtIUBvYsOD3pAHoCsMw4KLzmABGPuh61ok5Q4XHAVzI/7wcMbY Z510DHcirDzpa9wg2Zdk/VIF6SNoxPOje2U3/c/v4mmcgUwGp1eBpf0+nPT33d8aCqX7uVq8A9J 5d7ILd8W8sEauKlRacUwHo5p6GbkeXwGbsK0KlaLHXn1mxF1ZuRCn X-Gm-Gg: ASbGncvTGAq1hQvPlVhus2Ux2/DFmAfihVBcMGI16PspO8rRiseX+4sQRRM6hWqnY20 ZKpQb29NE1HWd8SEG7l6DSvhh0gA4j6ssy6jCdnLZiQDtQaBAS2KXmZwis4FlEjJyVa+0NOs5FG BCMRns/efjz2jOYt12RIH7RZQodsSWZw2CrAnJhk5raDqRNfByPEcSLoGz+3dl4WVdQtaMx2Puz 9mxaS9FfwAQ0k5JVz4tqNeQvfIp4IBLnVPRwmJ/muKegxh5B5xZwrdoc8HeLC4wdk1fPSpFRuwX sgfe/jNP5yWxn8N8CjNvltelFPn7DqwM/eDNsIkqQmbHePgIMbi5RrwQ4IsIYe2p7vU8UQGw6dL EyF7S1rEH X-Google-Smtp-Source: AGHT+IGaf1d0YH+/1ms5MmOXv6FSHpr4fnsc5rglmyDKJy7L9xRshTbt9L1NJuEIeWqtRzztCoCZ8TCWboZU X-Received: by 2002:a05:620a:3712:b0:8a2:9b71:da8f with SMTP id af79cd13be357-8b257f3d5ebmr567886385a.58.1762673383240; Sat, 08 Nov 2025 23:29:43 -0800 (PST) Received: from postal.iol.unh.edu (postal.iol.unh.edu. [2606:4100:3880:1234::84]) by smtp-relay.gmail.com with ESMTPS id af79cd13be357-8b2356b8bdbsm87108285a.6.2025.11.08.23.29.43 (version=TLS1_2 cipher=ECDHE-ECDSA-AES128-GCM-SHA256 bits=128/128); Sat, 08 Nov 2025 23:29:43 -0800 (PST) X-Relaying-Domain: iol.unh.edu Date: Sat, 08 Nov 2025 23:29:43 -0800 (PST) Message-ID: <691042e7.050a0220.34120c.f079SMTPIN_ADDED_MISSING@mx.google.com> Received: from [172.21.0.2] (unknown [172.18.0.240]) by postal.iol.unh.edu (Postfix) with ESMTP id EC9076051830; Sun, 9 Nov 2025 02:29:42 -0500 (EST) Subject: |FAILURE| [GIT MASTER] 62f583c49bf67dd4d6733ece14e55fe6839e66d1 From: dpdklab@iol.unh.edu To: Test Report Cc: dpdk-test-reports@iol.unh.edu, Xueming Li , Christian Ehrhardt , Kevin Traynor , Luca Boccassi Content-Type: text/plain X-BeenThere: test-report@dpdk.org X-Mailman-Version: 2.1.29 Precedence: list List-Id: automatic DPDK test reports List-Unsubscribe: , List-Archive: List-Post: List-Help: List-Subscribe: , Errors-To: test-report-bounces@dpdk.org _Testing issues_ Branch: tags/v23.11 62f583c49bf67dd4d6733ece14e55fe6839e66d1 --> testing issues Upstream job id: Generic-Unit-Test-DPDK#390245 Test environment and result as below: +------------------------------+----------------+--------------+---------------------------+------------------------------+ | Environment | dpdk_unit_test | lpm_autotest | cryptodev_sw_zuc_autotest | cryptodev_sw_snow3g_autotest | +==============================+================+==============+===========================+==============================+ | Fedora Linux 40 | PEND | SKIPPED | SKIPPED | SKIPPED | +------------------------------+----------------+--------------+---------------------------+------------------------------+ | Debian GNU/Linux 12 | PASS | SKIPPED | SKIPPED | SKIPPED | +------------------------------+----------------+--------------+---------------------------+------------------------------+ | Ubuntu 22.04 | PASS | SKIPPED | SKIPPED | SKIPPED | +------------------------------+----------------+--------------+---------------------------+------------------------------+ | Fedora Linux 42 | PEND | SKIPPED | SKIPPED | SKIPPED | +------------------------------+----------------+--------------+---------------------------+------------------------------+ | CentOS Stream 9 | PEND | SKIPPED | SKIPPED | SKIPPED | +------------------------------+----------------+--------------+---------------------------+------------------------------+ | Ubuntu 24.04 | PEND | SKIPPED | SKIPPED | SKIPPED | +------------------------------+----------------+--------------+---------------------------+------------------------------+ | Fedora Linux 41 | PEND | SKIPPED | SKIPPED | SKIPPED | +------------------------------+----------------+--------------+---------------------------+------------------------------+ | Red Hat Enterprise Linux 9.5 | PEND | SKIPPED | SKIPPED | SKIPPED | +------------------------------+----------------+--------------+---------------------------+------------------------------+ | Ubuntu 20.04 | PEND | PASS | SKIPPED | SKIPPED | +------------------------------+----------------+--------------+---------------------------+------------------------------+ | CentOS Stream 10 | PEND | SKIPPED | SKIPPED | SKIPPED | +------------------------------+----------------+--------------+---------------------------+------------------------------+ | Debian 12 (arm) | SKIPPED | SKIPPED | PEND | PEND | +------------------------------+----------------+--------------+---------------------------+------------------------------+ Fedora Linux 40 Kernel: 5.4 Compiler: gcc gcc (GCC) 14.2.1 20240912 (Red Hat 14.2.1-3) Debian GNU/Linux 12 Kernel: 5.4 Compiler: gcc gcc (Debian 12.2.0-14+deb12u1) 12.2.0 Ubuntu 22.04 Kernel: 5.4 Compiler: gcc gcc (Ubuntu 11.4.0-1ubuntu1~22.04) 11.4.0 Fedora Linux 42 Kernel: 5.4 Compiler: gcc gcc (GCC) 15.2.1 20250808 (Red Hat 15.2.1-1) CentOS Stream 9 Kernel: 5.4 Compiler: gcc gcc (GCC) 11.5.0 20240719 (Red Hat 11.5.0-11) Ubuntu 24.04 Kernel: 5.4 Compiler: gcc gcc (Ubuntu 13.3.0-6ubuntu2~24.04) 13.3.0 Fedora Linux 41 Kernel: 5.4 Compiler: gcc gcc (GCC) 14.3.1 20250523 (Red Hat 14.3.1-1) Red Hat Enterprise Linux 9.5 Kernel: 5.4 Compiler: gcc gcc (GCC) 11.5.0 20240719 (Red Hat 11.5.0-2) Ubuntu 20.04 Kernel: 5.4 Compiler: gcc gcc (Ubuntu 9.4.0-1ubuntu1~20.04.2) 9.4.0 CentOS Stream 10 Kernel: 5.4 Compiler: gcc gcc (GCC) 14.2.1 20250110 (Red Hat 14.2.1-8) Debian 12 (arm) Kernel: Depends on container host Compiler: gcc (Debian 12.2.0-14) 12.2.0 To view detailed results, visit: https://lab.dpdk.org/results/dashboard/tarballs/35511/ UNH-IOL DPDK Community Lab To manage your email subscriptions, visit: https://lab.dpdk.org/results/dashboard/preferences/subscriptions/