From mboxrd@z Thu Jan 1 00:00:00 1970 Return-Path: Received: from mails.dpdk.org (mails.dpdk.org [217.70.189.124]) by inbox.dpdk.org (Postfix) with ESMTP id 1FD6348AC3 for ; Mon, 10 Nov 2025 02:49:12 +0100 (CET) Received: from mails.dpdk.org (localhost [127.0.0.1]) by mails.dpdk.org (Postfix) with ESMTP id E430E400D5; Mon, 10 Nov 2025 02:49:11 +0100 (CET) Received: from mail-pl1-f225.google.com (mail-pl1-f225.google.com [209.85.214.225]) by mails.dpdk.org (Postfix) with ESMTP id 86B2B400D5 for ; Mon, 10 Nov 2025 02:49:10 +0100 (CET) Received: by mail-pl1-f225.google.com with SMTP id d9443c01a7336-295247a814bso32301635ad.0 for ; Sun, 09 Nov 2025 17:49:10 -0800 (PST) DKIM-Signature: v=1; a=rsa-sha256; c=relaxed/relaxed; d=iol.unh.edu; s=unh-iol; t=1762739349; x=1763344149; darn=dpdk.org; h=cc:to:from:subject:message-id:date:from:to:cc:subject:date :message-id:reply-to; bh=PKphmBXA/vuDdlw+DSBGdDf4wSQPt4RSTZFtDXly/Jg=; b=BYXlx3f3utDAkRZ6QQCVwPkAT48wv4THJpATO9qotIryVehUO3+hsZFedoq68s9npH Y6toMyZL0ZSZlfvJiTE7BLp4f6heknUMWwDCBKqeGjXU9ldNPxvIF20j2ppjgMHCQpxu Uh7kOuQANzx6iGrF5Qgwh6FwiXj2ko3nvRZaE= X-Google-DKIM-Signature: v=1; a=rsa-sha256; c=relaxed/relaxed; d=1e100.net; s=20230601; t=1762739349; x=1763344149; h=cc:to:from:subject:message-id:date:x-gm-gg:x-gm-message-state:from :to:cc:subject:date:message-id:reply-to; bh=PKphmBXA/vuDdlw+DSBGdDf4wSQPt4RSTZFtDXly/Jg=; b=ZxWEojxfi59RNP8+bEH0tW0njF5pwlHE7elczOxd4lsHZLPIUlUOqzonMSA13rjw2V 1mhWGQ0i7RBtJ7znaiN/lhLVagw0VJuiKJ3q59/Vda1HameZDO/VoQfUBSYUI7gAEH+N ike64M1/k8j3oeHfmRBHxQBlcOD4qsxnicpUawBX2S5e8ce8lnbDznCWYwU75u/CTsnW 3O2fbLdFLWMihCNhLPUZuBPnspnSYa1dGucGzivKY4BGW2wQXcK9LxxH+iqC7nYurKNA PwWZ2IYXqkt4oTkQsHHGdAu5ONOyv100YbsPlm/KH7X2JiQer9kahvZKpq8oQWLo8fM2 35/w== X-Gm-Message-State: AOJu0YyW3c6+UsFHcFgHyr9eLtxveWd5rfndOdhvHj9fsgQJjMWGcULu XJq3y4g2poYvwYuPVHRq6y2Ejw9/rGibvY0Bfl4lr1IUQMIi+wN+bwRFNiVqnm1UismJ+GS8h2h KH0sCSop3ZYJeJyIVxm9fhP0cFoyHFhCB/8FNs5tZkNgy9izs34PFCxz0KVCa X-Gm-Gg: ASbGncvAZPvnepdwa3bs/2Kn0D5HSzd4THNmaRpHmzYf57ZoibkLoGmb1RgCeBUIfv1 s1U2/P24k9+jyiS/ftXYY7dqMI7btSODhdU23jIMmzsWYAyiBdTZ8pjtMUt5845w6SScumpvwwg d8HGhknaHpbjfcqLweTjhhbPX95Olunrf9X2TuzylfKjZDdw50GduJMBPiphpVsgohR1KL8afVi d0XBNIuwVpM0b29n2RgvlkItqsP9OSk4CQZlRg9CHaXVTC96wE2Zw6TO2aCrBdmbpfnYzUAj+2k oYxuJJQpQqyq07QxYdZJ4GU6ZQ28XfduMMpX2C7prvZ4ncuihXj3S26cfNjNItfkDiucuR59fd5 xzQW0ou2s X-Google-Smtp-Source: AGHT+IFrGdmxvNoaOySC5UZ5JrnG7lSABj9cUcAevHWirc1/3l4CagTshurYuhKEF/M9OrFMdUrmnd0e/uoI X-Received: by 2002:a17:903:3c2f:b0:298:2637:800b with SMTP id d9443c01a7336-29826378122mr12582225ad.31.1762739349595; Sun, 09 Nov 2025 17:49:09 -0800 (PST) Received: from postal.iol.unh.edu (postal.iol.unh.edu. [2606:4100:3880:1234::84]) by smtp-relay.gmail.com with ESMTPS id d9443c01a7336-29650c5fdc1sm11474335ad.14.2025.11.09.17.49.09 (version=TLS1_2 cipher=ECDHE-ECDSA-AES128-GCM-SHA256 bits=128/128); Sun, 09 Nov 2025 17:49:09 -0800 (PST) X-Relaying-Domain: iol.unh.edu Date: Sun, 09 Nov 2025 17:49:09 -0800 (PST) Message-ID: <69114495.170a0220.68616.b57aSMTPIN_ADDED_MISSING@mx.google.com> Received: from [172.21.0.2] (unknown [172.18.0.240]) by postal.iol.unh.edu (Postfix) with ESMTP id C9A7D6051830; Sun, 9 Nov 2025 20:49:08 -0500 (EST) Subject: |FAILURE| [GIT MASTER] 2e22572b9a6ce8bcdc0347313a35bb3066b0faff From: dpdklab@iol.unh.edu To: Test Report Cc: dpdk-test-reports@iol.unh.edu Content-Type: text/plain X-BeenThere: test-report@dpdk.org X-Mailman-Version: 2.1.29 Precedence: list List-Id: automatic DPDK test reports List-Unsubscribe: , List-Archive: List-Post: List-Help: List-Subscribe: , Errors-To: test-report-bounces@dpdk.org _Testing issues_ Branch: dpdk 2e22572b9a6ce8bcdc0347313a35bb3066b0faff --> testing issues Upstream job id: Generic-Unit-Test-DPDK#390346 Test environment and result as below: +-------------------------------+----------------+ | Environment | dpdk_unit_test | +===============================+================+ | Fedora Linux 42 | PEND | +-------------------------------+----------------+ | Red Hat Enterprise Linux 9.5 | PASS | +-------------------------------+----------------+ | CentOS Stream 9 | PASS | +-------------------------------+----------------+ | Red Hat Enterprise Linux 8.10 | PASS | +-------------------------------+----------------+ | Ubuntu 20.04 | PASS | +-------------------------------+----------------+ | CentOS Stream 10 | PASS | +-------------------------------+----------------+ | Arch Linux 20250613.0.365270 | PEND | +-------------------------------+----------------+ | Fedora Linux 40 | PEND | +-------------------------------+----------------+ | Debian GNU/Linux 12 | PASS | +-------------------------------+----------------+ | Fedora Linux 41 | PEND | +-------------------------------+----------------+ | Ubuntu 24.04 | FAIL | +-------------------------------+----------------+ | Ubuntu 22.04 | PEND | +-------------------------------+----------------+ | Windows Server 2022 | PASS | +-------------------------------+----------------+ ==== Unit test summary for Ubuntu 24.04 (dpdk_unit_test): ==== ninja: Entering directory `/root/workspace/Generic-Unit-Test-DPDK/dpdk/build' ninja: no work to do. 1/120 DPDK:fast-tests / acl_autotest OK 2.39s 2/120 DPDK:fast-tests / alarm_autotest OK 1.17s 3/120 DPDK:fast-tests / argparse_autotest OK 0.16s 4/120 DPDK:fast-tests / atomic_autotest OK 0.33s 5/120 DPDK:fast-tests / bitcount_autotest OK 0.17s 6/120 DPDK:fast-tests / bitmap_autotest OK 0.16s 7/120 DPDK:fast-tests / bitops_autotest OK 1.66s 8/120 DPDK:fast-tests / bitratestats_autotest OK 0.17s 9/120 DPDK:fast-tests / bitset_autotest OK 1.39s 10/120 DPDK:fast-tests / bpf_autotest OK 0.18s 11/120 DPDK:fast-tests / bpf_convert_autotest OK 0.17s 12/120 DPDK:fast-tests / byteorder_autotest OK 0.17s 13/120 DPDK:fast-tests / cfgfile_autotest OK 0.16s 14/120 DPDK:fast-tests / cksum_autotest OK 0.16s 15/120 DPDK:fast-tests / cmdline_autotest OK 0.16s 16/120 DPDK:fast-tests / common_autotest OK 0.48s 17/120 DPDK:fast-tests / compressdev_autotest SKIP 0.14s exit status 77 18/120 DPDK:fast-tests / cpuflags_autotest OK 0.17s 19/120 DPDK:fast-tests / crc_autotest OK 0.16s 20/120 DPDK:fast-tests / user_delay_us OK 0.16s 21/120 DPDK:fast-tests / debug_autotest OK 1.39s 22/120 DPDK:fast-tests / devargs_autotest OK 0.28s 23/120 DPDK:fast-tests / dispatcher_autotest SKIP 0.22s exit status 77 24/120 DPDK:fast-tests / distributor_autotest OK 1.17s 25/120 DPDK:fast-tests / eal_flags_c_opt_autotest OK 0.89s 26/120 DPDK:fast-tests / eal_flags_main_opt_autotest OK 0.29s 27/120 DPDK:fast-tests / eal_flags_n_opt_autotest OK 0.52s 28/120 DPDK:fast-tests / eal_flags_hpet_autotest OK 0.20s 29/120 DPDK:fast-tests / eal_flags_no_huge_autotest OK 0.45s 30/120 DPDK:fast-tests / eal_flags_a_opt_autotest OK 0.36s 31/120 DPDK:fast-tests / eal_flags_b_opt_autotest OK 0.40s 32/120 DPDK:fast-tests / eal_flags_vdev_opt_autotest OK 0.55s 33/120 DPDK:fast-tests / eal_flags_r_opt_autotest OK 0.25s 34/120 DPDK:fast-tests / eal_flags_mem_autotest OK 0.69s 35/120 DPDK:fast-tests / eal_flags_file_prefix_autotest OK 2.05s Ok: 33 Expected Fail: 0 Fail: 0 Unexpected Pass: 0 Skipped: 2 Timeout: 0 Full log written to /root/workspace/Generic-Unit-Test-DPDK/dpdk/build/meson-logs/testlog.txt ==== End log output ==== Fedora Linux 42 Kernel: 5.15 Compiler: gcc gcc (GCC) 15.2.1 20250808 (Red Hat 15.2.1-1) Red Hat Enterprise Linux 9.5 Kernel: 5.15 Compiler: gcc gcc (GCC) 11.5.0 20240719 (Red Hat 11.5.0-2) CentOS Stream 9 Kernel: 5.15 Compiler: gcc gcc (GCC) 11.5.0 20240719 (Red Hat 11.5.0-11) Red Hat Enterprise Linux 8.10 Kernel: 5.15 Compiler: gcc gcc (GCC) 8.5.0 20210514 (Red Hat 8.5.0-22) Ubuntu 20.04 Kernel: 5.15 Compiler: gcc gcc (Ubuntu 9.4.0-1ubuntu1~20.04.2) 9.4.0 CentOS Stream 10 Kernel: 5.15 Compiler: gcc gcc (GCC) 14.2.1 20250110 (Red Hat 14.2.1-8) Arch Linux 20250613.0.365270 Kernel: 5.15 Compiler: gcc gcc (GCC) 15.1.1 20250425 Fedora Linux 40 Kernel: 5.15 Compiler: clang gcc (GCC) 14.2.1 20240912 (Red Hat 14.2.1-3) Debian GNU/Linux 12 Kernel: 5.15 Compiler: gcc gcc (Debian 12.2.0-14+deb12u1) 12.2.0 Fedora Linux 41 Kernel: 5.15 Compiler: gcc gcc (GCC) 14.3.1 20250523 (Red Hat 14.3.1-1) Ubuntu 24.04 Kernel: 5.15 Compiler: gcc gcc (Ubuntu 13.3.0-6ubuntu2~24.04) 13.3.0 Ubuntu 22.04 Kernel: 5.15 Compiler: gcc gcc (Ubuntu 11.4.0-1ubuntu1~22.04) 11.4.0 Windows Server 2022 Kernel: 10.0.20348.2031 Compiler: clang 15.0.7, gcc 14.1.0 (MinGW), and MSVC VS 19.39.33521 To view detailed results, visit: https://lab.dpdk.org/results/dashboard/tarballs/35515/ UNH-IOL DPDK Community Lab To manage your email subscriptions, visit: https://lab.dpdk.org/results/dashboard/preferences/subscriptions/