From mboxrd@z Thu Jan 1 00:00:00 1970 Return-Path: Received: from mails.dpdk.org (mails.dpdk.org [217.70.189.124]) by inbox.dpdk.org (Postfix) with ESMTP id 5E3A148AC6 for ; Mon, 10 Nov 2025 07:29:15 +0100 (CET) Received: from mails.dpdk.org (localhost [127.0.0.1]) by mails.dpdk.org (Postfix) with ESMTP id 58921400D5; Mon, 10 Nov 2025 07:29:15 +0100 (CET) Received: from mail-qv1-f98.google.com (mail-qv1-f98.google.com [209.85.219.98]) by mails.dpdk.org (Postfix) with ESMTP id 30AA4400D5 for ; Mon, 10 Nov 2025 07:29:14 +0100 (CET) Received: by mail-qv1-f98.google.com with SMTP id 6a1803df08f44-8804f840579so40448946d6.0 for ; Sun, 09 Nov 2025 22:29:14 -0800 (PST) DKIM-Signature: v=1; a=rsa-sha256; c=relaxed/relaxed; d=iol.unh.edu; s=unh-iol; t=1762756153; x=1763360953; darn=dpdk.org; h=cc:to:from:subject:message-id:date:from:to:cc:subject:date :message-id:reply-to; bh=Vu8bWXweE9cy45lwPsYEFwUKVTrc+NkwgvMcWWyWfwM=; b=XCCA12Ge/sXdXMds/hgo7krJvk4zUe1+QeYlygsNW2760IvPLLKrVNRy+CU+ig7+B+ Ci1BJJ4gFMcU9JsrxeckHpdXwafh0PUq4/da0+7oDJ8gKxp23/cXhevm5hmcAvoxuYug XYICxeTr92x/6c2DZTtGIgW5Osz1/3KKFzqi4= X-Google-DKIM-Signature: v=1; a=rsa-sha256; c=relaxed/relaxed; d=1e100.net; s=20230601; t=1762756153; x=1763360953; h=cc:to:from:subject:message-id:date:x-gm-gg:x-gm-message-state:from :to:cc:subject:date:message-id:reply-to; bh=Vu8bWXweE9cy45lwPsYEFwUKVTrc+NkwgvMcWWyWfwM=; b=cYfXDwMvvMmc/5AGezt9GnaHx1azbz02oJurWOwiqsTqU0XzhetlT5hTZ695INuwJg RsGjod1/6OjlnsjY4aCVc/ZJFCOrB/MV6iLrwSh5NtT4pU1DRv3al0bc6BxQs+o4SE0Q KrZK03ww2osi8lbiPg2H/fCubps1M4K1goZzAOmM1GFbbN4kmXFK6apKBlt+Flcdo15V DaIa66EOW/vOI9zMJ2wGVXoi6D9WJViiyJV8ewWyMubnOAzIa0DBIgTe5a7HzMw7HWO0 PSeEO/Vtd+qSwuTKpdYx+DwgiBjGIerfvQUodTx72qkNXraX+vG4QfHbbnXzD5d+cMcm Uldg== X-Gm-Message-State: AOJu0YycZwaWxDMcSUcp0yyZPFtL9962RGA+maqZ1QP2yfB78zuWkakQ AZ/90SaVdnVREJAWMwpIUXoFwHCPx/T7l+vYkGzV8MhCIjVRv5z770nPEQl5w35hq61ht9ssv5l oIDFr0XR6eRgUUkV8IZfiP6h5M0SfmN0Lk5GO X-Gm-Gg: ASbGncuUGPBs7RRdkTj2+r2+MGo3NHlAz8Y9C8Tnfa61rHzBN3CbXvI+J2ZWUzB3bWL QWEE5Bc0Tw1dl0pojlxp5fHHiIRTU4IyJU6CN5U4DX0KXa20fvC+6BxL7gNjMRoZ1NzovXfgn1X br4KujoEwwNOA84sRkhrd99guqo0TsvphSYa5nGgdKsNvCoi6Ick6uX3nQmBLEkipZsbarS1dNB IMNqVL2QI5U1VD8/iKFN1KEXaspRu4uJcDaWn8r6YDuvQsGJ6Rd6zs4Qcq85EOhFOhSLVSaj7FG BGxBWnSE8ljoPgBjw+LRLc743IIIbOWwQDMO63YiRLE7E0Ka0eVm7pxKeLLOtVzPKrJhgOEiNMU FxmPurdSuq1TuQIg5RVFFv7eBV44Bp3c= X-Google-Smtp-Source: AGHT+IHe2tBMoRjTi062H34DPGbXfFYqVNpzKcSnvtSc+kFkE+U8eoLP6RQq3E0p2vV3gvHyKauVSboApvGu X-Received: by 2002:ad4:5965:0:b0:880:56b2:1fc2 with SMTP id 6a1803df08f44-882387551bamr102180936d6.52.1762756153590; Sun, 09 Nov 2025 22:29:13 -0800 (PST) Received: from postal.iol.unh.edu (postal.iol.unh.edu. [132.177.123.84]) by smtp-relay.gmail.com with ESMTPS id 6a1803df08f44-88238b82ea1sm7991066d6.31.2025.11.09.22.29.13 (version=TLS1_2 cipher=ECDHE-ECDSA-AES128-GCM-SHA256 bits=128/128); Sun, 09 Nov 2025 22:29:13 -0800 (PST) X-Relaying-Domain: iol.unh.edu Date: Sun, 09 Nov 2025 22:29:13 -0800 (PST) Message-ID: <69118639.050a0220.316842.81c3SMTPIN_ADDED_MISSING@mx.google.com> Received: from [172.21.0.3] (unknown [172.18.0.240]) by postal.iol.unh.edu (Postfix) with ESMTP id 51BCD6051830; Mon, 10 Nov 2025 01:29:13 -0500 (EST) Subject: |FAILURE| [GIT MASTER] 62f583c49bf67dd4d6733ece14e55fe6839e66d1 From: dpdklab@iol.unh.edu To: Test Report Cc: dpdk-test-reports@iol.unh.edu, Xueming Li , Christian Ehrhardt , Kevin Traynor , Luca Boccassi Content-Type: text/plain X-BeenThere: test-report@dpdk.org X-Mailman-Version: 2.1.29 Precedence: list List-Id: automatic DPDK test reports List-Unsubscribe: , List-Archive: List-Post: List-Help: List-Subscribe: , Errors-To: test-report-bounces@dpdk.org _Testing issues_ Branch: tags/v23.11 62f583c49bf67dd4d6733ece14e55fe6839e66d1 --> testing issues Upstream job id: Generic-Unit-Test-DPDK#390384 Test environment and result as below: +-------------------------------+----------------+ | Environment | dpdk_unit_test | +===============================+================+ | Fedora Linux 41 | PASS | +-------------------------------+----------------+ | CentOS Stream 9 | PASS | +-------------------------------+----------------+ | Debian GNU/Linux 12 | PASS | +-------------------------------+----------------+ | CentOS Stream 10 | PASS | +-------------------------------+----------------+ | Fedora Linux 40 | PASS | +-------------------------------+----------------+ | Red Hat Enterprise Linux 8.10 | PASS | +-------------------------------+----------------+ | Ubuntu 24.04 | PASS | +-------------------------------+----------------+ | Fedora Linux 42 | PASS | +-------------------------------+----------------+ | Red Hat Enterprise Linux 9.5 | PASS | +-------------------------------+----------------+ | Ubuntu 22.04 | PASS | +-------------------------------+----------------+ | Ubuntu 20.04 | PASS | +-------------------------------+----------------+ | Windows Server 2022 | FAIL | +-------------------------------+----------------+ ==== Unit test summary for Windows Server 2022 (dpdk_unit_test): ==== Failed to get the unit test results. Displaying the unit test results is not supported for some environments, such as our aarch32 testing, where meson is not used to run the tests. Download the logs available on our CI site. ==== End log output ==== Fedora Linux 41 Kernel: 5.15 Compiler: gcc gcc (GCC) 14.3.1 20250523 (Red Hat 14.3.1-1) CentOS Stream 9 Kernel: 5.15 Compiler: gcc gcc (GCC) 11.5.0 20240719 (Red Hat 11.5.0-11) Debian GNU/Linux 12 Kernel: 5.15 Compiler: gcc gcc (Debian 12.2.0-14+deb12u1) 12.2.0 CentOS Stream 10 Kernel: 5.15 Compiler: gcc gcc (GCC) 14.2.1 20250110 (Red Hat 14.2.1-8) Fedora Linux 40 Kernel: 5.15 Compiler: gcc gcc (GCC) 14.2.1 20240912 (Red Hat 14.2.1-3) Red Hat Enterprise Linux 8.10 Kernel: 5.15 Compiler: gcc gcc (GCC) 8.5.0 20210514 (Red Hat 8.5.0-22) Ubuntu 24.04 Kernel: 5.15 Compiler: gcc gcc (Ubuntu 13.3.0-6ubuntu2~24.04) 13.3.0 Fedora Linux 42 Kernel: 5.15 Compiler: gcc gcc (GCC) 15.2.1 20250808 (Red Hat 15.2.1-1) Red Hat Enterprise Linux 9.5 Kernel: 5.15 Compiler: gcc gcc (GCC) 11.5.0 20240719 (Red Hat 11.5.0-2) Ubuntu 22.04 Kernel: 5.15 Compiler: gcc gcc (Ubuntu 11.4.0-1ubuntu1~22.04) 11.4.0 Ubuntu 20.04 Kernel: 5.15 Compiler: gcc gcc (Ubuntu 9.4.0-1ubuntu1~20.04.2) 9.4.0 Windows Server 2022 Kernel: 10.0.20348.2031 Compiler: clang 15.0.7, gcc 14.1.0 (MinGW), and MSVC VS 19.39.33521 To view detailed results, visit: https://lab.dpdk.org/results/dashboard/tarballs/35518/ UNH-IOL DPDK Community Lab To manage your email subscriptions, visit: https://lab.dpdk.org/results/dashboard/preferences/subscriptions/