From mboxrd@z Thu Jan 1 00:00:00 1970 Return-Path: Received: from mails.dpdk.org (mails.dpdk.org [217.70.189.124]) by inbox.dpdk.org (Postfix) with ESMTP id EADC648AC8 for ; Mon, 10 Nov 2025 08:31:44 +0100 (CET) Received: from mails.dpdk.org (localhost [127.0.0.1]) by mails.dpdk.org (Postfix) with ESMTP id C93D4402C9; Mon, 10 Nov 2025 08:31:44 +0100 (CET) Received: from mail-il1-f225.google.com (mail-il1-f225.google.com [209.85.166.225]) by mails.dpdk.org (Postfix) with ESMTP id C380C400D6 for ; Mon, 10 Nov 2025 08:31:42 +0100 (CET) Received: by mail-il1-f225.google.com with SMTP id e9e14a558f8ab-4330ef18d8aso18070735ab.0 for ; Sun, 09 Nov 2025 23:31:42 -0800 (PST) DKIM-Signature: v=1; a=rsa-sha256; c=relaxed/relaxed; d=iol.unh.edu; s=unh-iol; t=1762759902; x=1763364702; darn=dpdk.org; h=cc:to:from:subject:message-id:date:from:to:cc:subject:date :message-id:reply-to; bh=ABHI+4NtYvBmoUs7KQFPi87DdVuPm+nMXx56I98BG1M=; b=Waf8mqIo7VpexAeh0r+XdkLlgl/KnsfSCEbbfsW12xlknYfiV8T1Ba6noUUupXpzbR mCc7h5ZA1U2gov0bFgcLeydlr8owUlNC018rLYcBdeGKi3uiissHTIa2CEd2feN9Vwck 5w/mXWV23dFJ0cL9yvpW8IagnukDzrDZw1wDg= X-Google-DKIM-Signature: v=1; a=rsa-sha256; c=relaxed/relaxed; d=1e100.net; s=20230601; t=1762759902; x=1763364702; h=cc:to:from:subject:message-id:date:x-gm-gg:x-gm-message-state:from :to:cc:subject:date:message-id:reply-to; bh=ABHI+4NtYvBmoUs7KQFPi87DdVuPm+nMXx56I98BG1M=; b=xUSX5artiduQBFkgCTvHwYjji8iaUqHH03j2IR5kzZ7DRjQwTtdF/ICC3WnZwrsec9 9WIp5OmheHmd6S87n+9jJc0IupV5jCInIdM8zLKuy8N/V76XhPBpaj7x9NWn8ek88VZH dFj9wAR3kjpeCDO7B7gMn5WlZaHjje6k/fM+Bgms6uXIUov5oKjSvBZMFry9ct8+84FF UJxkOX3VV2KLWCavm6rsqnbAXoA3+vfwkwp3Pq5Jh6Hx76aYNoj+rnlGBa1n80XWSR7g l8ZyyyQfaorIboh3zu0pvevSDbSRuiCnnw9mPLK4JJINBCBelcg5J7TRTzVO1nNscPP1 Tj6Q== X-Gm-Message-State: AOJu0Yz3wQoXDr2KvQHyo7DwqpPn0vdfiFkC3Sj1LOdGsya67xkIjY1W J23NPNIR1r1ysZ8FKqaCSCu1+9deV9iSNfNxtCTgQl8utzMueYvu6f4XwmO+4813ok+b1Xux8W8 nGR5BUN1SgX4Z/tipCj4idMkz+OKOtPFixPND6Bf+vtPSA7I9F0E0 X-Gm-Gg: ASbGncvGFivjLn+OrU2pVrkO5GwmCZGqxiMAvA4zOWGdV4whqJRdM9QEIIhs1LDnr+1 seYC7gTJ5AUMoUSqZelIvEqXqWDsjVka5Kh7r+YPiTdguE1HoGJa3x5/5cuEuhMUuiIfn9SkS71 FIv7ncjxqx7YN706T2W8OLyGERYCJS/WkvVYgaDpC90PfX8tSRBwkTmpvUEJI0KGrVZpUoCsO9+ o0P2MVe2xg4RQ9Yx214e37C/z6adK7GG0/OcgXSAkoVtZqJ+UxGuxmCOFLZp0d6jLcck4ssTkxW GW8S8oPiuwdVJStLO3nniekPDVUauUxmuvY3DR45pB9E6C+rLkf3faenexi/Z1d0nDq3spJCnSq Y+CeQPtBw X-Google-Smtp-Source: AGHT+IFu9hBlVQaSvd9Qd4ZVTaSA9vfzCX4Lal1YR3puQ1Hq8MJUpkc3RVs0ND/EBLyRVSKwVHPS93JoL8Zv X-Received: by 2002:a05:6e02:318b:b0:433:23f0:1ebf with SMTP id e9e14a558f8ab-43367dd8574mr112816995ab.9.1762759902038; Sun, 09 Nov 2025 23:31:42 -0800 (PST) Received: from postal.iol.unh.edu (postal.iol.unh.edu. [2606:4100:3880:1234::84]) by smtp-relay.gmail.com with ESMTPS id e9e14a558f8ab-4337f16286bsm2255995ab.2.2025.11.09.23.31.41 (version=TLS1_2 cipher=ECDHE-ECDSA-AES128-GCM-SHA256 bits=128/128); Sun, 09 Nov 2025 23:31:42 -0800 (PST) X-Relaying-Domain: iol.unh.edu Date: Sun, 09 Nov 2025 23:31:42 -0800 (PST) Message-ID: <691194de.050a0220.322918.b36aSMTPIN_ADDED_MISSING@mx.google.com> Received: from [172.21.0.3] (unknown [172.18.0.240]) by postal.iol.unh.edu (Postfix) with ESMTP id 93AF56051835; Mon, 10 Nov 2025 02:31:41 -0500 (EST) Subject: |FAILURE| [GIT MASTER] 62f583c49bf67dd4d6733ece14e55fe6839e66d1 From: dpdklab@iol.unh.edu To: Test Report Cc: dpdk-test-reports@iol.unh.edu, Xueming Li , Christian Ehrhardt , Kevin Traynor , Luca Boccassi Content-Type: text/plain X-BeenThere: test-report@dpdk.org X-Mailman-Version: 2.1.29 Precedence: list List-Id: automatic DPDK test reports List-Unsubscribe: , List-Archive: List-Post: List-Help: List-Subscribe: , Errors-To: test-report-bounces@dpdk.org _Testing issues_ Branch: tags/v23.11 62f583c49bf67dd4d6733ece14e55fe6839e66d1 --> testing issues Upstream job id: Generic-DPDK-Compile-Meson#442413 Test environment and result as below: +-------------------------------+-------------------------+--------------------+------------------+-------------------+----------------------+ | Environment | dpdk_llvm_clang_compile | dpdk_meson_compile | dpdk_compile_ovs | dpdk_msvc_compile | dpdk_mingw64_compile | +===============================+=========================+====================+==================+===================+======================+ | Windows Server 2022 | FAIL | SKIPPED | SKIPPED | PASS | PASS | +-------------------------------+-------------------------+--------------------+------------------+-------------------+----------------------+ | Ubuntu 20.04 | SKIPPED | PASS | SKIPPED | SKIPPED | SKIPPED | +-------------------------------+-------------------------+--------------------+------------------+-------------------+----------------------+ | openSUSE Leap 15.6 | SKIPPED | PASS | SKIPPED | SKIPPED | SKIPPED | +-------------------------------+-------------------------+--------------------+------------------+-------------------+----------------------+ | Ubuntu 22.04 | SKIPPED | PASS | SKIPPED | SKIPPED | SKIPPED | +-------------------------------+-------------------------+--------------------+------------------+-------------------+----------------------+ | Fedora Linux 42 | SKIPPED | FAIL | WARN | SKIPPED | SKIPPED | +-------------------------------+-------------------------+--------------------+------------------+-------------------+----------------------+ | CentOS Stream 9 | SKIPPED | PASS | SKIPPED | SKIPPED | SKIPPED | +-------------------------------+-------------------------+--------------------+------------------+-------------------+----------------------+ | Debian GNU/Linux 12 | SKIPPED | PASS | SKIPPED | SKIPPED | SKIPPED | +-------------------------------+-------------------------+--------------------+------------------+-------------------+----------------------+ | CentOS Stream 10 | SKIPPED | PASS | SKIPPED | SKIPPED | SKIPPED | +-------------------------------+-------------------------+--------------------+------------------+-------------------+----------------------+ | Red Hat Enterprise Linux 9.5 | SKIPPED | PASS | SKIPPED | SKIPPED | SKIPPED | +-------------------------------+-------------------------+--------------------+------------------+-------------------+----------------------+ | Red Hat Enterprise Linux 8.10 | SKIPPED | PASS | SKIPPED | SKIPPED | SKIPPED | +-------------------------------+-------------------------+--------------------+------------------+-------------------+----------------------+ | Ubuntu 24.04 | SKIPPED | PASS | PASS | SKIPPED | SKIPPED | +-------------------------------+-------------------------+--------------------+------------------+-------------------+----------------------+ | FreeBSD 14.2 | SKIPPED | PASS | SKIPPED | SKIPPED | SKIPPED | +-------------------------------+-------------------------+--------------------+------------------+-------------------+----------------------+ | Alpine Linux 3.22.0 | SKIPPED | PASS | SKIPPED | SKIPPED | SKIPPED | +-------------------------------+-------------------------+--------------------+------------------+-------------------+----------------------+ ==== 20 line log output for Fedora Linux 42 (dpdk_compile_ovs): ==== --- Failed to get log output --- ==== End log output ==== Windows Server 2022 Kernel: 10.0.20348.2031 Compiler: clang 15.0.7, gcc 14.1.0 (MinGW), and MSVC VS 19.39.33521 Ubuntu 20.04 Kernel: 4.19 Compiler: gcc gcc (Ubuntu 9.4.0-1ubuntu1~20.04.2) 9.4.0 openSUSE Leap 15.6 Kernel: 5.15 Compiler: gcc gcc (SUSE Linux) 7.5.0 Ubuntu 22.04 Kernel: 5.15 Compiler: gcc gcc (Ubuntu 11.4.0-1ubuntu1~22.04) 11.4.0 Fedora Linux 42 Kernel: 5.15 Compiler: clang gcc (GCC) 15.2.1 20250808 (Red Hat 15.2.1-1) CentOS Stream 9 Kernel: 5.15 Compiler: gcc gcc (GCC) 11.5.0 20240719 (Red Hat 11.5.0-11) Debian GNU/Linux 12 Kernel: 5.15 Compiler: gcc gcc (Debian 12.2.0-14+deb12u1) 12.2.0 CentOS Stream 10 Kernel: 5.15 Compiler: gcc gcc (GCC) 14.2.1 20250110 (Red Hat 14.2.1-8) Red Hat Enterprise Linux 9.5 Kernel: 5.15 Compiler: gcc gcc (GCC) 11.5.0 20240719 (Red Hat 11.5.0-2) Red Hat Enterprise Linux 8.10 Kernel: 5.15 Compiler: gcc gcc (GCC) 8.5.0 20210514 (Red Hat 8.5.0-22) Ubuntu 24.04 Kernel: 5.15 Compiler: gcc gcc (Ubuntu 13.3.0-6ubuntu2~24.04) 13.3.0 FreeBSD 14.2 Kernel: 14.2-RELEASE Compiler: clang 18.1.6 Alpine Linux 3.22.0 Kernel: 5.15 Compiler: gcc gcc (Alpine 14.2.0) 14.2.0 To view detailed results, visit: https://lab.dpdk.org/results/dashboard/tarballs/35518/ UNH-IOL DPDK Community Lab To manage your email subscriptions, visit: https://lab.dpdk.org/results/dashboard/preferences/subscriptions/