From mboxrd@z Thu Jan 1 00:00:00 1970 Return-Path: Received: from mails.dpdk.org (mails.dpdk.org [217.70.189.124]) by inbox.dpdk.org (Postfix) with ESMTP id 53E4E48AC9 for ; Mon, 10 Nov 2025 09:17:33 +0100 (CET) Received: from mails.dpdk.org (localhost [127.0.0.1]) by mails.dpdk.org (Postfix) with ESMTP id 3ED24402F0; Mon, 10 Nov 2025 09:17:33 +0100 (CET) Received: from mail-io1-f100.google.com (mail-io1-f100.google.com [209.85.166.100]) by mails.dpdk.org (Postfix) with ESMTP id 18847400D6 for ; Mon, 10 Nov 2025 09:17:31 +0100 (CET) Received: by mail-io1-f100.google.com with SMTP id ca18e2360f4ac-948a4489a6dso34927439f.1 for ; Mon, 10 Nov 2025 00:17:31 -0800 (PST) DKIM-Signature: v=1; a=rsa-sha256; c=relaxed/relaxed; d=iol.unh.edu; s=unh-iol; t=1762762650; x=1763367450; darn=dpdk.org; h=references:in-reply-to:cc:to:from:subject:message-id:date:from:to :cc:subject:date:message-id:reply-to; bh=CnLaX5/8eSsnDaj6wcH6Fv2Rt8LjMsKTFFygzhuifbg=; b=Tx6kVZNUrL0nsj8ftOP4mpN4XNJy4ZCDydzZjRfKtfJn3G1mmuBlrvPcEV25RioFa2 Kr50TtfvLeAHjhN+eM8ZJ1j6kpofDUSWN97ztUBeb1HOaqGydsl4viFaJFXtnbcuqZ1H HRR+iW9jd4QfMGpBTfoTnCM2mfNBKoPrWAPK8= X-Google-DKIM-Signature: v=1; a=rsa-sha256; c=relaxed/relaxed; d=1e100.net; s=20230601; t=1762762650; x=1763367450; h=references:in-reply-to:cc:to:from:subject:message-id:date:x-gm-gg :x-gm-message-state:from:to:cc:subject:date:message-id:reply-to; bh=CnLaX5/8eSsnDaj6wcH6Fv2Rt8LjMsKTFFygzhuifbg=; b=UNLZQfdjuW/9qHkhFXo/w9WzmiXbUHPVWcSAF+aX2aEJEc1hVvPZDrfB0UW7g6nKQ2 McMZYbFb2oosT8Shm2IELZmwgN7yjxYEXhHiZHI7p3BtBD6080T8kfWWUKVsx2V9FnjZ WoaL7XvuRPgQZarHtjaD165KNY1ctqVFLXKiSWixuZ6iZVoBxn8kKqoGja993D1BJCoJ qOd0x0yWn4aPGR0YLM8PQgXuJrJrnd+8xpCB4L+zlcYfyTUM69vKG5yO5ZAzZYWULs6T 8EjHxlF1a06jOLg/g5NJccTc8ZcWYT2T/8MVp/WfFf6NSNSrT3mb9LZ3upQOYAw0oCfB a5vw== X-Gm-Message-State: AOJu0YxrlKxyvljvgbUk4phAMmgxIYiyfe553i3GWlNs/UcmE4xOx06i Q0yMRpY5fU3PX9ZVH6nh2Na4jdTEoQL/0MUARIJX24HsVXGg9XAMbNIQ3cKZVFylSkghQ/1at08 BlieZLqawbMjzINzuf+ySJr/jYZyD2cW5lQvWt8H/LhAUMHvGyaki8FTS0M3b X-Gm-Gg: ASbGncu8f0ZKr7Kr0UgYyqtg7UaFMg82YDJwrtnt3oAcdAR33J7363OkFuWxt9C1Bha +b76p0jOZjxk1JemkcG6MDI0L0nbw21eKDfTi9pDaSAT5FIZS3hqx02nIOLSWr6cLGX3xNVHUsT hhfGeCQsyGuGCsqweHPh+aFRaynvcuzK3ixfwb8CfzprZEF+BL2hUM9mKDd1X8msaStziuSCUUX R429J5FBuWgneZb0ZGTxoCLittuhZSVxcC+qDzwYPiBcFndTTkG2G+2IBopxpjuL248SXmjui/w N5UiG9g8YViHw2pqKIuTU6etOCdot5Ni6lWmL/N+MZtk9bMmasS+tzGjGLhEaD7QWf719Tr8YSX CfIMWLz9S X-Google-Smtp-Source: AGHT+IFstYQ6AgFPO9/ATtwNcVyGtpi+qS6KtWeVx44LUwiEuYwYCZzUVlIzpo3NInSMvpQh0xf4GHBaoXxW X-Received: by 2002:a05:6e02:3e91:b0:431:d8ce:fa15 with SMTP id e9e14a558f8ab-43367dfa481mr104914835ab.5.1762762650304; Mon, 10 Nov 2025 00:17:30 -0800 (PST) Received: from postal.iol.unh.edu (postal.iol.unh.edu. [2606:4100:3880:1234::84]) by smtp-relay.gmail.com with ESMTPS id 8926c6da1cb9f-5b746872796sm1445437173.22.2025.11.10.00.17.30 (version=TLS1_2 cipher=ECDHE-ECDSA-AES128-GCM-SHA256 bits=128/128); Mon, 10 Nov 2025 00:17:30 -0800 (PST) X-Relaying-Domain: iol.unh.edu Date: Mon, 10 Nov 2025 00:17:30 -0800 (PST) Message-ID: <69119f9a.050a0220.65ce7.b0e8SMTPIN_ADDED_MISSING@mx.google.com> Received: from [172.21.0.2] (unknown [172.18.0.240]) by postal.iol.unh.edu (Postfix) with ESMTP id B110F6051830; Mon, 10 Nov 2025 03:17:29 -0500 (EST) Subject: |FAILURE| pw158625-158626 [PATCH] [v5,2/2] app/testpmd: support mult From: dpdklab@iol.unh.edu To: Test Report Cc: dpdk-test-reports@iol.unh.edu, Stephen Hemminger , Chengwen Feng In-Reply-To: <20251110073610.14020-3-fengchengwen@huawei.com> References: <20251110073610.14020-3-fengchengwen@huawei.com> Content-Type: text/plain X-BeenThere: test-report@dpdk.org X-Mailman-Version: 2.1.29 Precedence: list List-Id: automatic DPDK test reports List-Unsubscribe: , List-Archive: List-Post: List-Help: List-Subscribe: , Errors-To: test-report-bounces@dpdk.org Test-Label: iol-compile-amd64-testing Test-Status: FAILURE http://dpdk.org/patch/158626 _Testing issues_ Submitter: Chengwen Feng Date: Monday, November 10 2025 07:36:10 DPDK git baseline: Repo:dpdk-next-net Branch: master CommitID:591ee7f468aebec30d68d30afa8d5e4dcfc897dc 158625-158626 --> testing issues Upstream job id: Windows-Compile-DPDK-VS#7481 Test environment and result as below: +-------------------------------+--------------------+------------------+-------------------------+-------------------+----------------------+ | Environment | dpdk_meson_compile | dpdk_compile_ovs | dpdk_llvm_clang_compile | dpdk_msvc_compile | dpdk_mingw64_compile | +===============================+====================+==================+=========================+===================+======================+ | Ubuntu 20.04 | PASS | SKIPPED | SKIPPED | SKIPPED | SKIPPED | +-------------------------------+--------------------+------------------+-------------------------+-------------------+----------------------+ | CentOS Stream 9 | PEND | SKIPPED | SKIPPED | SKIPPED | SKIPPED | +-------------------------------+--------------------+------------------+-------------------------+-------------------+----------------------+ | Red Hat Enterprise Linux 8.10 | PEND | SKIPPED | SKIPPED | SKIPPED | SKIPPED | +-------------------------------+--------------------+------------------+-------------------------+-------------------+----------------------+ | Red Hat Enterprise Linux 9.5 | PEND | SKIPPED | SKIPPED | SKIPPED | SKIPPED | +-------------------------------+--------------------+------------------+-------------------------+-------------------+----------------------+ | openSUSE Leap 15.6 | PASS | SKIPPED | SKIPPED | SKIPPED | SKIPPED | +-------------------------------+--------------------+------------------+-------------------------+-------------------+----------------------+ | CentOS Stream 10 | PASS | SKIPPED | SKIPPED | SKIPPED | SKIPPED | +-------------------------------+--------------------+------------------+-------------------------+-------------------+----------------------+ | Fedora Linux 42 | PEND | PEND | SKIPPED | SKIPPED | SKIPPED | +-------------------------------+--------------------+------------------+-------------------------+-------------------+----------------------+ | FreeBSD 14.2 | PASS | SKIPPED | SKIPPED | SKIPPED | SKIPPED | +-------------------------------+--------------------+------------------+-------------------------+-------------------+----------------------+ | Debian GNU/Linux 12 | PEND | SKIPPED | SKIPPED | SKIPPED | SKIPPED | +-------------------------------+--------------------+------------------+-------------------------+-------------------+----------------------+ | Ubuntu 22.04 | PEND | SKIPPED | SKIPPED | SKIPPED | SKIPPED | +-------------------------------+--------------------+------------------+-------------------------+-------------------+----------------------+ | Alpine Linux 3.22.0 | PASS | SKIPPED | SKIPPED | SKIPPED | SKIPPED | +-------------------------------+--------------------+------------------+-------------------------+-------------------+----------------------+ | Ubuntu 24.04 | PEND | PEND | SKIPPED | SKIPPED | SKIPPED | +-------------------------------+--------------------+------------------+-------------------------+-------------------+----------------------+ | Windows Server 2022 | SKIPPED | SKIPPED | PASS | FAIL | PEND | +-------------------------------+--------------------+------------------+-------------------------+-------------------+----------------------+ ==== 20 line log output for Windows Server 2022 (dpdk_msvc_compile): ==== [685/877] Compiling C object app/dpdk-testpmd.exe.p/test-pmd_cmdline.c.obj [686/877] Compiling C object app/dpdk-testpmd.exe.p/test-pmd_cmdline_cman.c.obj [687/877] Compiling C object app/dpdk-testpmd.exe.p/test-pmd_config.c.obj FAILED: app/dpdk-testpmd.exe.p/test-pmd_config.c.obj "cl" "-Iapp\dpdk-testpmd.exe.p" "-Iapp" "-I..\app" "-Iapp\test-pmd" "-I..\app\test-pmd" "-Ilib\ethdev" "-I..\lib\ethdev" "-Ilib\eal\common" "-I..\lib\eal\common" "-I." "-I.." "-Iconfig" "-I..\config" "-Ilib\eal\include" "-I..\lib\eal\include" "-Ilib\eal\windows\include" "-I..\lib\eal\windows\include" "-Ilib\eal\x86\include" "-I..\lib\eal\x86\include" "-Ilib\eal" "-I..\lib\eal" "-Ilib\argparse" "-I..\lib\argparse" "-Ilib\log" "-I..\lib\log" "-Ilib\kvargs" "-I..\lib\kvargs" "-Ilib\net" "-I..\lib\ net" "-Ilib\mbuf" "-I..\lib\mbuf" "-Ilib\mempool" "-I..\lib\mempool" "-Ilib\ring" "-I..\lib\ring" "-Ilib\metrics" "-I..\lib\metrics" "-Ilib\telemetry" "-I..\lib\telemetry" "-Ilib\meter" "-I..\lib\meter" "-Ilib\cmdline" "-I..\lib\cmdline" "-Ilib\pci" "-I..\lib\pci" "-Ilib\bitratestats" "-I..\lib\bitratestats" "-Ilib\gro" "-I..\lib\gro" "-Ilib\gso" "-I..\lib\gso" "-Ilib\latencystats" "-I..\lib\latencystats" "-Idrivers\net\intel\i40e" "-I..\drivers\net\intel\i40e" "-Idrivers\net\intel\i40e\base" "-I..\drivers\net\intel\i40e\base" "-Idrivers\bus\pci" "-I..\drivers\bus\pci" "-I..\drivers\bus\pci\windows" "-Idrivers\bus\vdev" "-I..\drivers\bus\vdev" "-Ilib\hash" "-I..\lib\hash" "-Ilib\rcu" "-I..\lib\rcu" "-Idrivers\net\intel\ixgbe" "-I..\drivers\net\intel\ixgbe" "-Idrivers\net\intel\ixgbe\base" "-I..\drivers\net\intel\ixgbe\base" "-Ilib\security" "-I..\lib\security" "-Ilib\cryptodev" "-I..\lib\cryptodev" "-Idrivers\net\intel\iavf" "-I..\drivers\net\intel\iavf" "-I..\drivers\net\intel\iavf \base" "-Idrivers\net\intel\ice" "-I..\drivers\net\intel\ice" "-Idrivers\net\intel\ice\base" "-I..\drivers\net\intel\ice\base" "-Idrivers\net\mlx5" "-I..\drivers\net\mlx5" "-Idrivers\net/mlx5\windows" "-I..\drivers\net\mlx5\windows" "-Idrivers\common\mlx5" "-I..\drivers\common\mlx5" "-Idrivers\common/mlx5\windows" "-I..\drivers\common\mlx5\windows" "-Idrivers\bus\auxiliary" "-I..\drivers\bus\auxiliary" "-IC:\Program Files\Mellanox\MLNX_WinOF2_DevX_SDK\inc" "/MD" "/nologo" "/showIncludes" "/utf -8" "/W3" "/WX" "/std:c11" "/O2" "/Gw" "/wd4244" "/wd4267" "/wd4146" "/experimental:c11atomics" "/d1experimental:typeof" "/experimental:statementExpressions" "/FI" "rte_config.h" "-D_GNU_SOURCE" "-D_WIN32_WINNT=0x0A00" "-DALLOW_EXPERIMENTAL_API" "/Fdapp\dpdk-testpmd.exe.p\test-pmd_config.c.pdb" /Foapp/dpdk-testpmd.exe.p/test-pmd_config.c.obj "/c" ../app/test-pmd/config.c ../app/test-pmd/config.c(5263): error C2220: the following warning is treated as an error ../app/test-pmd/config.c(5263): warning C4018: '<': signed/unsigned mismatch [688/877] Compiling C object app/dpdk-testpmd.exe.p/test-pmd_cmdline_tm.c.obj [689/877] Compiling C object app/dpdk-testpmd.exe.p/test-pmd_csumonly.c.obj [690/877] Compiling C object app/dpdk-testpmd.exe.p/test-pmd_cmd_flex_item.c.obj [691/877] Compiling C object app/dpdk-testpmd.exe.p/test-pmd_cmdline_flow.c.obj [692/877] Compiling C object drivers/libtmp_rte_net_mlx5.a.p/net_mlx5_mlx5_tx_mpw.c.obj [693/877] Compiling C object drivers/libtmp_rte_net_mlx5.a.p/net_mlx5_mlx5_tx_txpp.c.obj [694/877] Compiling C object drivers/libtmp_rte_net_mlx5.a.p/net_mlx5_mlx5_tx_empw.c.obj [695/877] Compiling C object drivers/libtmp_rte_net_mlx5.a.p/net_mlx5_mlx5_tx_nompw.c.obj [696/877] Compiling C object drivers/librte_net_iavf_base_lib.a.p/net_intel_ice_base_ice_fdir.c.obj ninja: build stopped: subcommand failed. INFO: autodetecting backend as ninja INFO: calculating backend command to run: "C:\Program Files\Meson\ninja.EXE" -C C:/Users/builder/jenkins/workspace/Windows-Compile-DPDK-VS/dpdk/build ==== End log output ==== Ubuntu 20.04 Kernel: 4.19 Compiler: gcc gcc (Ubuntu 9.4.0-1ubuntu1~20.04.2) 9.4.0 CentOS Stream 9 Kernel: 5.15 Compiler: gcc gcc (GCC) 11.5.0 20240719 (Red Hat 11.5.0-11) Red Hat Enterprise Linux 8.10 Kernel: 5.15 Compiler: gcc gcc (GCC) 8.5.0 20210514 (Red Hat 8.5.0-22) Red Hat Enterprise Linux 9.5 Kernel: 5.15 Compiler: gcc gcc (GCC) 11.5.0 20240719 (Red Hat 11.5.0-2) openSUSE Leap 15.6 Kernel: 5.15 Compiler: gcc gcc (SUSE Linux) 7.5.0 CentOS Stream 10 Kernel: 5.15 Compiler: gcc gcc (GCC) 14.2.1 20250110 (Red Hat 14.2.1-8) Fedora Linux 42 Kernel: 5.15 Compiler: clang gcc (GCC) 15.2.1 20250808 (Red Hat 15.2.1-1) FreeBSD 14.2 Kernel: 14.2-RELEASE Compiler: clang 18.1.6 Debian GNU/Linux 12 Kernel: 5.15 Compiler: gcc gcc (Debian 12.2.0-14+deb12u1) 12.2.0 Ubuntu 22.04 Kernel: 5.15 Compiler: gcc gcc (Ubuntu 11.4.0-1ubuntu1~22.04) 11.4.0 Alpine Linux 3.22.0 Kernel: 5.15 Compiler: gcc gcc (Alpine 14.2.0) 14.2.0 Ubuntu 24.04 Kernel: 5.15 Compiler: gcc gcc (Ubuntu 13.3.0-6ubuntu2~24.04) 13.3.0 Windows Server 2022 Kernel: 10.0.20348.2031 Compiler: clang 15.0.7, gcc 14.1.0 (MinGW), and MSVC VS 19.39.33521 To view detailed results, visit: https://lab.dpdk.org/results/dashboard/patchsets/34516/ UNH-IOL DPDK Community Lab To manage your email subscriptions, visit: https://lab.dpdk.org/results/dashboard/preferences/subscriptions/