From mboxrd@z Thu Jan 1 00:00:00 1970 Return-Path: Received: from mails.dpdk.org (mails.dpdk.org [217.70.189.124]) by inbox.dpdk.org (Postfix) with ESMTP id A4BAB48ACA for ; Mon, 10 Nov 2025 10:24:37 +0100 (CET) Received: from mails.dpdk.org (localhost [127.0.0.1]) by mails.dpdk.org (Postfix) with ESMTP id 750CF400D6; Mon, 10 Nov 2025 10:24:37 +0100 (CET) Received: from mail-yx1-f98.google.com (mail-yx1-f98.google.com [74.125.224.98]) by mails.dpdk.org (Postfix) with ESMTP id E03D9400D6 for ; Mon, 10 Nov 2025 10:24:35 +0100 (CET) Received: by mail-yx1-f98.google.com with SMTP id 956f58d0204a3-640d0895d7cso2605657d50.1 for ; Mon, 10 Nov 2025 01:24:35 -0800 (PST) DKIM-Signature: v=1; a=rsa-sha256; c=relaxed/relaxed; d=iol.unh.edu; s=unh-iol; t=1762766675; x=1763371475; darn=dpdk.org; h=references:in-reply-to:cc:to:from:subject:message-id:date:from:to :cc:subject:date:message-id:reply-to; bh=bkYTaB/4r7Yv/ouQMqcm812VBaQYOTFD6Qu3qQCc6yk=; b=BbGKZF2T2MWwUceEde3wRzcvSahVQeuLt7bwHGYC2Ds3Bk0eKJL7Sho35uNS44oWnU HFGkFO/omdUPwJjiNpqlnh07i+ZWXxBgJ/SH9rbp9za9hkSgSgTzSdagmZEtmbEVCdRZ 7UU1udoK4a2jKtbNgl5fCFbgGHr/KEQ7gR8xs= X-Google-DKIM-Signature: v=1; a=rsa-sha256; c=relaxed/relaxed; d=1e100.net; s=20230601; t=1762766675; x=1763371475; h=references:in-reply-to:cc:to:from:subject:message-id:date:x-gm-gg :x-gm-message-state:from:to:cc:subject:date:message-id:reply-to; bh=bkYTaB/4r7Yv/ouQMqcm812VBaQYOTFD6Qu3qQCc6yk=; b=qfUU+cpARFwhnoZm3/W5BKvvRObAOaV6rKHzIqhIK9fPQuUR8AHBRJPa6ztgjoxOMp vt38o1bvWpApIcfcpoLprHaXadqm/9d7xJmpWQ9CT7fQMhM9gPUuZDM+DSuJYYnU9sm0 CW9alhkn/96MQ7CxmLtfbI/53xaeiWj2CKnq0KAi1MGu7DPzSIbu9ZXIEYryHETfxBCj AcVJScWG7KDPbTiWIVeFY4TqlPNWuaevuLFYOIAnIoKTjtTOruJurmQiuLZPTALIyUJw qr/AVoetza66lmPiSlozluMJkWV85T4hhTahAebtLzzOidShirX/KXuugHjKHP2uNWz3 nI/Q== X-Gm-Message-State: AOJu0YyHZfz6VwVCNvdW3zn576kR2rSr/iKNpWaIwviWqJ60cjn9FZoe 8dbU1qWgqg4Q3QVoiEnkRCHP0zXbsbv7UAjT7k7dV2C34XLEhuHcURHQwnxhYUv9jhaUXyRoBJ1 sb1pSmhGYpjqgDxIld1hI1guwA6WDoIu2c5Ktg/KqN5CZJESfEhZGrQ8PkR/k X-Gm-Gg: ASbGncu0GQ41NQ3Da0WE9IoiGfi8tiBd+bjeQ+vl2wJ8wDtN5fyVt2uZTygJQVR2dqP 5HXuBC+N/o4Oe72CN3g86pLnzjp36lYRuYqr49+gI5Ozr2T6JzBxj3qmX1EcaU1dJFGSuqvYthl qGGjOp8AdTGQnLvgvrbS8vZeWWhopqdFjBoA5ORavRTxMcO2XnfemJgf8acwYy+ywmM66obSo+6 PWAFamfX3kxbS2th0olom2PoiWkpZbZBOvSPX6/NFrHyXFM/K7SSuNVDEZ/7CU/vl9bZqTFnhzh AE8AOrHF2nUf8rpqDi2j79NaiamhSioi0QFEBNrGU1eQP9j+rOuolgLJCpsGVzmwuaIr8E4xWYJ sT/nbOrpo X-Google-Smtp-Source: AGHT+IGF13W87XX/tNbsQ4aNgg9tLM0vlXG107lcoJ3RPXueSekNdHDcQQ3lZsfTc2UpkpVCxhR3Kic6EFiG X-Received: by 2002:a05:690e:134f:b0:640:ca9a:5f5b with SMTP id 956f58d0204a3-640ca9a61c4mr7707458d50.1.1762766675137; Mon, 10 Nov 2025 01:24:35 -0800 (PST) Received: from postal.iol.unh.edu (postal.iol.unh.edu. [2606:4100:3880:1234::84]) by smtp-relay.gmail.com with ESMTPS id 956f58d0204a3-640b5cde886sm819568d50.8.2025.11.10.01.24.35 (version=TLS1_2 cipher=ECDHE-ECDSA-AES128-GCM-SHA256 bits=128/128); Mon, 10 Nov 2025 01:24:35 -0800 (PST) X-Relaying-Domain: iol.unh.edu Date: Mon, 10 Nov 2025 01:24:35 -0800 (PST) Message-ID: <6911af53.530a0220.fba6d.9cbaSMTPIN_ADDED_MISSING@mx.google.com> Received: from [172.21.0.3] (unknown [172.18.0.240]) by postal.iol.unh.edu (Postfix) with ESMTP id BBCB76051830; Mon, 10 Nov 2025 04:24:34 -0500 (EST) Subject: |FAILURE| pw158625-158626 [PATCH] [v5,2/2] app/testpmd: support mult From: dpdklab@iol.unh.edu To: Test Report Cc: dpdk-test-reports@iol.unh.edu, Stephen Hemminger , Chengwen Feng In-Reply-To: <20251110073610.14020-3-fengchengwen@huawei.com> References: <20251110073610.14020-3-fengchengwen@huawei.com> Content-Type: text/plain X-BeenThere: test-report@dpdk.org X-Mailman-Version: 2.1.29 Precedence: list List-Id: automatic DPDK test reports List-Unsubscribe: , List-Archive: List-Post: List-Help: List-Subscribe: , Errors-To: test-report-bounces@dpdk.org Test-Label: iol-compile-amd64-testing Test-Status: FAILURE http://dpdk.org/patch/158626 _Testing issues_ Submitter: Chengwen Feng Date: Monday, November 10 2025 07:36:10 DPDK git baseline: Repo:dpdk-next-net Branch: master CommitID:591ee7f468aebec30d68d30afa8d5e4dcfc897dc 158625-158626 --> testing issues Upstream job id: Generic-DPDK-Compile-Meson#442473 Test environment and result as below: +-------------------------------+--------------------+------------------+-------------------------+-------------------+----------------------+ | Environment | dpdk_meson_compile | dpdk_compile_ovs | dpdk_llvm_clang_compile | dpdk_msvc_compile | dpdk_mingw64_compile | +===============================+====================+==================+=========================+===================+======================+ | Ubuntu 20.04 | PASS | SKIPPED | SKIPPED | SKIPPED | SKIPPED | +-------------------------------+--------------------+------------------+-------------------------+-------------------+----------------------+ | CentOS Stream 9 | PASS | SKIPPED | SKIPPED | SKIPPED | SKIPPED | +-------------------------------+--------------------+------------------+-------------------------+-------------------+----------------------+ | Red Hat Enterprise Linux 8.10 | PASS | SKIPPED | SKIPPED | SKIPPED | SKIPPED | +-------------------------------+--------------------+------------------+-------------------------+-------------------+----------------------+ | Red Hat Enterprise Linux 9.5 | PASS | SKIPPED | SKIPPED | SKIPPED | SKIPPED | +-------------------------------+--------------------+------------------+-------------------------+-------------------+----------------------+ | openSUSE Leap 15.6 | PASS | SKIPPED | SKIPPED | SKIPPED | SKIPPED | +-------------------------------+--------------------+------------------+-------------------------+-------------------+----------------------+ | CentOS Stream 10 | PASS | SKIPPED | SKIPPED | SKIPPED | SKIPPED | +-------------------------------+--------------------+------------------+-------------------------+-------------------+----------------------+ | Fedora Linux 42 | PASS | PASS | SKIPPED | SKIPPED | SKIPPED | +-------------------------------+--------------------+------------------+-------------------------+-------------------+----------------------+ | FreeBSD 14.2 | PASS | SKIPPED | SKIPPED | SKIPPED | SKIPPED | +-------------------------------+--------------------+------------------+-------------------------+-------------------+----------------------+ | Debian GNU/Linux 12 | PASS | SKIPPED | SKIPPED | SKIPPED | SKIPPED | +-------------------------------+--------------------+------------------+-------------------------+-------------------+----------------------+ | Ubuntu 22.04 | PASS | SKIPPED | SKIPPED | SKIPPED | SKIPPED | +-------------------------------+--------------------+------------------+-------------------------+-------------------+----------------------+ | Alpine Linux 3.22.0 | PASS | SKIPPED | SKIPPED | SKIPPED | SKIPPED | +-------------------------------+--------------------+------------------+-------------------------+-------------------+----------------------+ | Ubuntu 24.04 | PASS | PASS | SKIPPED | SKIPPED | SKIPPED | +-------------------------------+--------------------+------------------+-------------------------+-------------------+----------------------+ | Windows Server 2022 | SKIPPED | SKIPPED | PASS | FAIL | PASS | +-------------------------------+--------------------+------------------+-------------------------+-------------------+----------------------+ ==== 20 line log output for Windows Server 2022 (dpdk_msvc_compile): ==== [685/877] Compiling C object app/dpdk-testpmd.exe.p/test-pmd_cmdline.c.obj [686/877] Compiling C object app/dpdk-testpmd.exe.p/test-pmd_cmdline_cman.c.obj [687/877] Compiling C object app/dpdk-testpmd.exe.p/test-pmd_config.c.obj FAILED: app/dpdk-testpmd.exe.p/test-pmd_config.c.obj "cl" "-Iapp\dpdk-testpmd.exe.p" "-Iapp" "-I..\app" "-Iapp\test-pmd" "-I..\app\test-pmd" "-Ilib\ethdev" "-I..\lib\ethdev" "-Ilib\eal\common" "-I..\lib\eal\common" "-I." "-I.." "-Iconfig" "-I..\config" "-Ilib\eal\include" "-I..\lib\eal\include" "-Ilib\eal\windows\include" "-I..\lib\eal\windows\include" "-Ilib\eal\x86\include" "-I..\lib\eal\x86\include" "-Ilib\eal" "-I..\lib\eal" "-Ilib\argparse" "-I..\lib\argparse" "-Ilib\log" "-I..\lib\log" "-Ilib\kvargs" "-I..\lib\kvargs" "-Ilib\net" "-I..\lib\ net" "-Ilib\mbuf" "-I..\lib\mbuf" "-Ilib\mempool" "-I..\lib\mempool" "-Ilib\ring" "-I..\lib\ring" "-Ilib\metrics" "-I..\lib\metrics" "-Ilib\telemetry" "-I..\lib\telemetry" "-Ilib\meter" "-I..\lib\meter" "-Ilib\cmdline" "-I..\lib\cmdline" "-Ilib\pci" "-I..\lib\pci" "-Ilib\bitratestats" "-I..\lib\bitratestats" "-Ilib\gro" "-I..\lib\gro" "-Ilib\gso" "-I..\lib\gso" "-Ilib\latencystats" "-I..\lib\latencystats" "-Idrivers\net\intel\i40e" "-I..\drivers\net\intel\i40e" "-Idrivers\net\intel\i40e\base" "-I..\drivers\net\intel\i40e\base" "-Idrivers\bus\pci" "-I..\drivers\bus\pci" "-I..\drivers\bus\pci\windows" "-Idrivers\bus\vdev" "-I..\drivers\bus\vdev" "-Ilib\hash" "-I..\lib\hash" "-Ilib\rcu" "-I..\lib\rcu" "-Idrivers\net\intel\ixgbe" "-I..\drivers\net\intel\ixgbe" "-Idrivers\net\intel\ixgbe\base" "-I..\drivers\net\intel\ixgbe\base" "-Ilib\security" "-I..\lib\security" "-Ilib\cryptodev" "-I..\lib\cryptodev" "-Idrivers\net\intel\iavf" "-I..\drivers\net\intel\iavf" "-I..\drivers\net\intel\iavf \base" "-Idrivers\net\intel\ice" "-I..\drivers\net\intel\ice" "-Idrivers\net\intel\ice\base" "-I..\drivers\net\intel\ice\base" "-Idrivers\net\mlx5" "-I..\drivers\net\mlx5" "-Idrivers\net/mlx5\windows" "-I..\drivers\net\mlx5\windows" "-Idrivers\common\mlx5" "-I..\drivers\common\mlx5" "-Idrivers\common/mlx5\windows" "-I..\drivers\common\mlx5\windows" "-Idrivers\bus\auxiliary" "-I..\drivers\bus\auxiliary" "-IC:\Program Files\Mellanox\MLNX_WinOF2_DevX_SDK\inc" "/MD" "/nologo" "/showIncludes" "/utf -8" "/W3" "/WX" "/std:c11" "/O2" "/Gw" "/wd4244" "/wd4267" "/wd4146" "/experimental:c11atomics" "/d1experimental:typeof" "/experimental:statementExpressions" "/FI" "rte_config.h" "-D_GNU_SOURCE" "-D_WIN32_WINNT=0x0A00" "-DALLOW_EXPERIMENTAL_API" "/Fdapp\dpdk-testpmd.exe.p\test-pmd_config.c.pdb" /Foapp/dpdk-testpmd.exe.p/test-pmd_config.c.obj "/c" ../app/test-pmd/config.c ../app/test-pmd/config.c(5263): error C2220: the following warning is treated as an error ../app/test-pmd/config.c(5263): warning C4018: '<': signed/unsigned mismatch [688/877] Compiling C object app/dpdk-testpmd.exe.p/test-pmd_cmdline_tm.c.obj [689/877] Compiling C object app/dpdk-testpmd.exe.p/test-pmd_csumonly.c.obj [690/877] Compiling C object app/dpdk-testpmd.exe.p/test-pmd_cmd_flex_item.c.obj [691/877] Compiling C object app/dpdk-testpmd.exe.p/test-pmd_cmdline_flow.c.obj [692/877] Compiling C object drivers/libtmp_rte_net_mlx5.a.p/net_mlx5_mlx5_tx_mpw.c.obj [693/877] Compiling C object drivers/libtmp_rte_net_mlx5.a.p/net_mlx5_mlx5_tx_txpp.c.obj [694/877] Compiling C object drivers/libtmp_rte_net_mlx5.a.p/net_mlx5_mlx5_tx_empw.c.obj [695/877] Compiling C object drivers/libtmp_rte_net_mlx5.a.p/net_mlx5_mlx5_tx_nompw.c.obj [696/877] Compiling C object drivers/librte_net_iavf_base_lib.a.p/net_intel_ice_base_ice_fdir.c.obj ninja: build stopped: subcommand failed. INFO: autodetecting backend as ninja INFO: calculating backend command to run: "C:\Program Files\Meson\ninja.EXE" -C C:/Users/builder/jenkins/workspace/Windows-Compile-DPDK-VS/dpdk/build ==== End log output ==== Ubuntu 20.04 Kernel: 4.19 Compiler: gcc gcc (Ubuntu 9.4.0-1ubuntu1~20.04.2) 9.4.0 CentOS Stream 9 Kernel: 5.15 Compiler: gcc gcc (GCC) 11.5.0 20240719 (Red Hat 11.5.0-11) Red Hat Enterprise Linux 8.10 Kernel: 5.15 Compiler: gcc gcc (GCC) 8.5.0 20210514 (Red Hat 8.5.0-22) Red Hat Enterprise Linux 9.5 Kernel: 5.15 Compiler: gcc gcc (GCC) 11.5.0 20240719 (Red Hat 11.5.0-2) openSUSE Leap 15.6 Kernel: 5.15 Compiler: gcc gcc (SUSE Linux) 7.5.0 CentOS Stream 10 Kernel: 5.15 Compiler: gcc gcc (GCC) 14.2.1 20250110 (Red Hat 14.2.1-8) Fedora Linux 42 Kernel: 5.15 Compiler: clang gcc (GCC) 15.2.1 20250808 (Red Hat 15.2.1-1) FreeBSD 14.2 Kernel: 14.2-RELEASE Compiler: clang 18.1.6 Debian GNU/Linux 12 Kernel: 5.15 Compiler: gcc gcc (Debian 12.2.0-14+deb12u1) 12.2.0 Ubuntu 22.04 Kernel: 5.15 Compiler: gcc gcc (Ubuntu 11.4.0-1ubuntu1~22.04) 11.4.0 Alpine Linux 3.22.0 Kernel: 5.15 Compiler: gcc gcc (Alpine 14.2.0) 14.2.0 Ubuntu 24.04 Kernel: 5.15 Compiler: gcc gcc (Ubuntu 13.3.0-6ubuntu2~24.04) 13.3.0 Windows Server 2022 Kernel: 10.0.20348.2031 Compiler: clang 15.0.7, gcc 14.1.0 (MinGW), and MSVC VS 19.39.33521 To view detailed results, visit: https://lab.dpdk.org/results/dashboard/patchsets/34516/ UNH-IOL DPDK Community Lab To manage your email subscriptions, visit: https://lab.dpdk.org/results/dashboard/preferences/subscriptions/