automatic DPDK test reports
 help / color / mirror / Atom feed
* |SUCCESS| pw158633-158635 [PATCH 3/3] bpf: make add/subtract one program validate
       [not found] <20251110153046.63518-4-marat.khalili@huawei.com>
@ 2025-11-10 14:57 ` qemudev
  2025-11-10 15:02 ` qemudev
                   ` (19 subsequent siblings)
  20 siblings, 0 replies; 21+ messages in thread
From: qemudev @ 2025-11-10 14:57 UTC (permalink / raw)
  To: test-report

Test-Label: loongarch-compilation
Test-Status: SUCCESS
http://dpdk.org/patch/158635

_Compilation OK_

Submitter: Marat Khalili <marat.khalili@huawei.com>
Date: Mon, 10 Nov 2025 15:30:44 +0000
DPDK git baseline: Repo:dpdk
  Branch: main
  CommitID: 2e22572b9a6ce8bcdc0347313a35bb3066b0faff

158633-158635 --> meson & ninja build successfully

Test environment and result as below:

+---------------------+----------------+
|     Environment     | compilation    |
+---------------------+----------------+
| Loongnix-Server 8.3 | PASS           |
+---------------------+----------------+

Loongnix-Server 8.3
    Kernel: 4.19.190+
    Compiler: gcc 8.3


^ permalink raw reply	[flat|nested] 21+ messages in thread

* |SUCCESS| pw158633-158635 [PATCH 3/3] bpf: make add/subtract one program validate
       [not found] <20251110153046.63518-4-marat.khalili@huawei.com>
  2025-11-10 14:57 ` |SUCCESS| pw158633-158635 [PATCH 3/3] bpf: make add/subtract one program validate qemudev
@ 2025-11-10 15:02 ` qemudev
  2025-11-10 15:31 ` |SUCCESS| pw158635 " checkpatch
                   ` (18 subsequent siblings)
  20 siblings, 0 replies; 21+ messages in thread
From: qemudev @ 2025-11-10 15:02 UTC (permalink / raw)
  To: test-report

Test-Label: loongarch-unit-testing
Test-Status: SUCCESS
http://dpdk.org/patch/158635

_Unit Testing PASS_

Submitter: Marat Khalili <marat.khalili@huawei.com>
Date: Mon, 10 Nov 2025 15:30:44 +0000
DPDK git baseline: Repo:dpdk
  Branch: main
  CommitID: 2e22572b9a6ce8bcdc0347313a35bb3066b0faff

158633-158635 --> testing pass

Test environment and result as below:

+---------------------+----------------+
|     Environment     | dpdk_unit_test |
+---------------------+----------------+
| Loongnix-Server 8.3 | PASS           |
+---------------------+----------------+

Loongnix-Server 8.3
    Kernel: 4.19.190+
    Compiler: gcc 8.3


Test result details:
  1/126 DPDK:fast-tests / acl_autotest                                 OK              3.01s
  2/126 DPDK:fast-tests / alarm_autotest                               OK              1.33s
  3/126 DPDK:fast-tests / argparse_autotest                            OK              0.33s
  4/126 DPDK:fast-tests / atomic_autotest                              OK              7.28s
  5/126 DPDK:fast-tests / bitcount_autotest                            OK              0.56s
  6/126 DPDK:fast-tests / bitmap_autotest                              OK              0.54s
  7/126 DPDK:fast-tests / bitops_autotest                              OK              2.04s
  8/126 DPDK:fast-tests / bitratestats_autotest                        OK              0.54s
  9/126 DPDK:fast-tests / bitset_autotest                              OK              3.24s
 10/126 DPDK:fast-tests / bpf_autotest                                 OK              0.55s
 11/126 DPDK:fast-tests / bpf_convert_autotest                         OK              0.54s
 12/126 DPDK:fast-tests / bpf_simple_no_instructions_autotest          OK              0.53s
 13/126 DPDK:fast-tests / bpf_simple_exit_only_autotest                OK              0.54s
 14/126 DPDK:fast-tests / bpf_simple_no_exit_autotest                  OK              0.54s
 15/126 DPDK:fast-tests / bpf_simple_minimal_working_autotest          OK              0.54s
 16/126 DPDK:fast-tests / bpf_simple_add_one_autotest                  OK              0.54s
 17/126 DPDK:fast-tests / bpf_simple_subtract_one_autotest             OK              0.54s
 18/126 DPDK:fast-tests / byteorder_autotest                           OK              0.54s
 19/126 DPDK:fast-tests / cfgfile_autotest                             OK              0.54s
 20/126 DPDK:fast-tests / cksum_autotest                               OK              0.54s
 21/126 DPDK:fast-tests / cmdline_autotest                             OK              0.52s
 22/126 DPDK:fast-tests / common_autotest                              OK              1.42s
 23/126 DPDK:fast-tests / compressdev_autotest                         SKIP            0.07s   exit status 77
 24/126 DPDK:fast-tests / cpuflags_autotest                            OK              0.72s
 25/126 DPDK:fast-tests / crc_autotest                                 OK              0.72s
 26/126 DPDK:fast-tests / user_delay_us                                OK              0.72s
 27/126 DPDK:fast-tests / debug_autotest                               OK             20.59s
 28/126 DPDK:fast-tests / devargs_autotest                             OK              0.72s
 29/126 DPDK:fast-tests / dispatcher_autotest                          OK              2.56s
 30/126 DPDK:fast-tests / distributor_autotest                         OK              1.21s
 31/126 DPDK:fast-tests / eal_flags_c_opt_autotest                     OK              0.79s
 32/126 DPDK:fast-tests / eal_flags_main_opt_autotest                  OK              0.22s
 33/126 DPDK:fast-tests / eal_flags_n_opt_autotest                     OK              0.20s
 34/126 DPDK:fast-tests / eal_flags_hpet_autotest                      OK              0.14s
 35/126 DPDK:fast-tests / eal_flags_no_huge_autotest                   OK              0.19s
 36/126 DPDK:fast-tests / eal_flags_a_opt_autotest                     OK              0.31s
 37/126 DPDK:fast-tests / eal_flags_b_opt_autotest                     OK              0.26s
 38/126 DPDK:fast-tests / eal_flags_vdev_opt_autotest                  OK              0.20s
 39/126 DPDK:fast-tests / eal_flags_r_opt_autotest                     OK              0.19s
 40/126 DPDK:fast-tests / eal_flags_mem_autotest                       OK              0.59s
 41/126 DPDK:fast-tests / eal_flags_file_prefix_autotest               OK             22.21s
 42/126 DPDK:fast-tests / eal_flags_misc_autotest                      OK              1.04s
 43/126 DPDK:fast-tests / eal_fs_autotest                              OK              0.71s
 44/126 DPDK:fast-tests / errno_autotest                               OK              0.71s
 45/126 DPDK:fast-tests / ethdev_link_status                           OK              0.71s
 46/126 DPDK:fast-tests / event_eth_tx_adapter_autotest                OK              1.70s
 47/126 DPDK:fast-tests / event_ring_autotest                          OK              0.69s
 48/126 DPDK:fast-tests / eventdev_common_autotest                     OK              0.69s
 49/126 DPDK:fast-tests / eventdev_selftest_sw                         OK              7.59s
 50/126 DPDK:fast-tests / fbarray_autotest                             OK              0.69s
 51/126 DPDK:fast-tests / fib_autotest                                 OK              1.56s
 52/126 DPDK:fast-tests / fib6_autotest                                OK              1.34s
 53/126 DPDK:fast-tests / func_reentrancy_autotest                     OK              2.15s
 54/126 DPDK:fast-tests / graph_autotest                               OK              0.70s
 55/126 DPDK:fast-tests / node_list_dump                               OK              0.69s
 56/126 DPDK:fast-tests / graph_feature_arc_autotest                   OK              0.70s
 57/126 DPDK:fast-tests / hash_autotest                                OK              1.31s
 58/126 DPDK:fast-tests / hash_readwrite_func_autotest                 OK              0.12s
 59/126 DPDK:fast-tests / interrupt_autotest                           OK              1.99s
 60/126 DPDK:fast-tests / ipfrag_autotest                              OK              0.08s
 61/126 DPDK:fast-tests / ipsec_autotest                               SKIP            0.69s   exit status 77
 62/126 DPDK:fast-tests / kvargs_autotest                              OK              0.69s
 63/126 DPDK:fast-tests / latencystats_autotest                        OK              0.70s
 64/126 DPDK:fast-tests / lcore_var_autotest                           OK              0.85s
 65/126 DPDK:fast-tests / lcores_autotest                              OK              5.49s
 66/126 DPDK:fast-tests / logs_autotest                                OK              0.69s
 67/126 DPDK:fast-tests / lpm_autotest                                 OK              2.74s
 68/126 DPDK:fast-tests / lpm6_autotest                                OK              5.82s
 69/126 DPDK:fast-tests / malloc_autotest                              OK             59.55s
 70/126 DPDK:fast-tests / mbuf_autotest                                OK              4.57s
 71/126 DPDK:fast-tests / mcslock_autotest                             OK              2.91s
 72/126 DPDK:fast-tests / member_autotest                              OK              1.85s
 73/126 DPDK:fast-tests / memcpy_autotest                              OK              7.35s
 74/126 DPDK:fast-tests / memory_autotest                              OK              0.09s
 75/126 DPDK:fast-tests / mempool_autotest                             OK              0.44s
 76/126 DPDK:fast-tests / memzone_autotest                             OK              0.15s
 77/126 DPDK:fast-tests / meter_autotest                               OK              0.60s
 78/126 DPDK:fast-tests / metrics_autotest                             OK              0.60s
 79/126 DPDK:fast-tests / multiprocess_autotest                        OK              0.19s
 80/126 DPDK:fast-tests / net_ether_autotest                           OK              1.27s
 81/126 DPDK:fast-tests / net_ipv6_autotest                            OK              0.61s
 82/126 DPDK:fast-tests / pcapng_autotest                              OK              6.20s
 83/126 DPDK:fast-tests / pdcp_autotest                                SKIP            0.07s   exit status 77
 84/126 DPDK:fast-tests / pdump_autotest                               OK              0.73s
 85/126 DPDK:fast-tests / per_lcore_autotest                           OK              0.71s
 86/126 DPDK:fast-tests / pflock_autotest                              OK              1.42s
 87/126 DPDK:fast-tests / pie_autotest                                 OK              0.61s
 88/126 DPDK:fast-tests / ring_pmd_autotest                            OK              0.61s
 89/126 DPDK:fast-tests / power_autotest                               OK              0.61s
 90/126 DPDK:fast-tests / power_cpufreq_autotest                       SKIP            0.07s   exit status 77
 91/126 DPDK:fast-tests / power_intel_uncore_autotest                  SKIP            0.61s   exit status 77
 92/126 DPDK:fast-tests / power_kvm_vm_autotest                        SKIP            0.07s   exit status 77
 93/126 DPDK:fast-tests / prefetch_autotest                            OK              0.61s
 94/126 DPDK:fast-tests / ptr_compress_autotest                        OK              0.61s
 95/126 DPDK:fast-tests / rawdev_autotest                              OK              0.61s
 96/126 DPDK:fast-tests / rcu_qsbr_autotest                            OK              1.13s
 97/126 DPDK:fast-tests / reorder_autotest                             OK              0.67s
 98/126 DPDK:fast-tests / rib_autotest                                 OK              9.25s
 99/126 DPDK:fast-tests / rib6_autotest                                OK              9.25s
100/126 DPDK:fast-tests / ring_autotest                                OK              0.64s
101/126 DPDK:fast-tests / rwlock_test1_autotest                        OK              1.36s
102/126 DPDK:fast-tests / rwlock_rda_autotest                          OK              5.61s
103/126 DPDK:fast-tests / rwlock_rds_wrm_autotest                      OK              5.67s
104/126 DPDK:fast-tests / rwlock_rde_wro_autotest                      OK              5.61s
105/126 DPDK:fast-tests / sched_autotest                               OK              0.62s
106/126 DPDK:fast-tests / security_autotest                            OK              0.07s
107/126 DPDK:fast-tests / seqlock_autotest                             OK              2.61s
108/126 DPDK:fast-tests / service_autotest                             OK              3.26s
109/126 DPDK:fast-tests / soring_autotest                              OK              0.61s
110/126 DPDK:fast-tests / spinlock_autotest                            OK              0.68s
111/126 DPDK:fast-tests / stack_autotest                               OK              0.87s
112/126 DPDK:fast-tests / stack_lf_autotest                            SKIP            0.06s   exit status 77
113/126 DPDK:fast-tests / string_autotest                              OK              0.63s
114/126 DPDK:fast-tests / table_autotest                               OK              7.82s
115/126 DPDK:fast-tests / tailq_autotest                               OK              0.63s
116/126 DPDK:fast-tests / telemetry_data_autotest                      OK              0.63s
117/126 DPDK:fast-tests / telemetry_json_autotest                      OK              0.63s
118/126 DPDK:fast-tests / thash_autotest                               OK              0.64s
119/126 DPDK:fast-tests / threads_autotest                             OK              0.81s
120/126 DPDK:fast-tests / ticketlock_autotest                          OK              0.78s
121/126 DPDK:fast-tests / timer_autotest                               OK              3.88s
122/126 DPDK:fast-tests / trace_autotest                               OK              0.67s
123/126 DPDK:fast-tests / trace_autotest_with_traces                   OK              0.63s
124/126 DPDK:fast-tests / vdev_autotest                                OK              0.64s
125/126 DPDK:fast-tests / version_autotest                             OK              0.64s
126/126 DPDK:fast-tests / telemetry_all                                OK             19.90s


Ok:                 119
Expected Fail:      0
Fail:               0
Unexpected Pass:    0
Skipped:            7
Timeout:            0


^ permalink raw reply	[flat|nested] 21+ messages in thread

* |SUCCESS| pw158635 [PATCH 3/3] bpf: make add/subtract one program validate
       [not found] <20251110153046.63518-4-marat.khalili@huawei.com>
  2025-11-10 14:57 ` |SUCCESS| pw158633-158635 [PATCH 3/3] bpf: make add/subtract one program validate qemudev
  2025-11-10 15:02 ` qemudev
@ 2025-11-10 15:31 ` checkpatch
  2025-11-10 16:47 ` 0-day Robot
                   ` (17 subsequent siblings)
  20 siblings, 0 replies; 21+ messages in thread
From: checkpatch @ 2025-11-10 15:31 UTC (permalink / raw)
  To: test-report

Test-Label: checkpatch
Test-Status: SUCCESS
http://dpdk.org/patch/158635

_coding style OK_



^ permalink raw reply	[flat|nested] 21+ messages in thread

* |SUCCESS| pw158635 [PATCH 3/3] bpf: make add/subtract one program validate
       [not found] <20251110153046.63518-4-marat.khalili@huawei.com>
                   ` (2 preceding siblings ...)
  2025-11-10 15:31 ` |SUCCESS| pw158635 " checkpatch
@ 2025-11-10 16:47 ` 0-day Robot
  2025-11-10 16:47 ` 0-day Robot
                   ` (16 subsequent siblings)
  20 siblings, 0 replies; 21+ messages in thread
From: 0-day Robot @ 2025-11-10 16:47 UTC (permalink / raw)
  To: test-report; +Cc: robot

From: robot@bytheb.org

Test-Label: github-robot: build
Test-Status: SUCCESS
http://patchwork.dpdk.org/patch/158635/

_github build: passed_
Build URL: https://github.com/ovsrobot/dpdk/actions/runs/19237619669

^ permalink raw reply	[flat|nested] 21+ messages in thread

* |SUCCESS| pw158635 [PATCH 3/3] bpf: make add/subtract one program validate
       [not found] <20251110153046.63518-4-marat.khalili@huawei.com>
                   ` (3 preceding siblings ...)
  2025-11-10 16:47 ` 0-day Robot
@ 2025-11-10 16:47 ` 0-day Robot
  2025-11-10 16:50 ` |PENDING| pw158633-158635 [PATCH] [3/3] bpf: make add/subtract one p dpdklab
                   ` (15 subsequent siblings)
  20 siblings, 0 replies; 21+ messages in thread
From: 0-day Robot @ 2025-11-10 16:47 UTC (permalink / raw)
  To: test-report; +Cc: robot

From: robot@bytheb.org

Test-Label: github-robot-post
Test-Status: SUCCESS
http://patchwork.dpdk.org/patch/158635/

_github post: success_
HTML Link: https://github.com/ovsrobot/dpdk/pull/368

^ permalink raw reply	[flat|nested] 21+ messages in thread

* |PENDING| pw158633-158635 [PATCH] [3/3] bpf: make add/subtract one p
       [not found] <20251110153046.63518-4-marat.khalili@huawei.com>
                   ` (4 preceding siblings ...)
  2025-11-10 16:47 ` 0-day Robot
@ 2025-11-10 16:50 ` dpdklab
  2025-11-10 16:53 ` |SUCCESS| " dpdklab
                   ` (14 subsequent siblings)
  20 siblings, 0 replies; 21+ messages in thread
From: dpdklab @ 2025-11-10 16:50 UTC (permalink / raw)
  To: Test Report; +Cc: dpdk-test-reports

Test-Label: iol-compile-amd64-testing
Test-Status: PENDING
http://dpdk.org/patch/158635

_Testing pending_

Submitter: Marat Khalili <marat.khalili@huawei.com>
Date: Monday, November 10 2025 15:30:46 
DPDK git baseline: Repo:dpdk
  Branch: master
  CommitID:32387caaa00660ebe35be25f2371edb0069cc80a

158633-158635 --> testing pending

Upstream job id: Generic-VM-DPDK-Compile-Meson#39622

Test environment and result as below:

+-------------------------------+--------------------+-------------------------+------------------+-------------------+
|          Environment          | dpdk_meson_compile | dpdk_llvm_clang_compile | dpdk_compile_ovs | dpdk_msvc_compile |
+===============================+====================+=========================+==================+===================+
| Debian GNU/Linux 12           | PEND               | SKIPPED                 | SKIPPED          | SKIPPED           |
+-------------------------------+--------------------+-------------------------+------------------+-------------------+
| CentOS Stream 9               | PEND               | SKIPPED                 | SKIPPED          | SKIPPED           |
+-------------------------------+--------------------+-------------------------+------------------+-------------------+
| Ubuntu 20.04                  | PEND               | SKIPPED                 | SKIPPED          | SKIPPED           |
+-------------------------------+--------------------+-------------------------+------------------+-------------------+
| Fedora Linux 42               | PEND               | SKIPPED                 | PEND             | SKIPPED           |
+-------------------------------+--------------------+-------------------------+------------------+-------------------+
| FreeBSD 14.2                  | PEND               | SKIPPED                 | SKIPPED          | SKIPPED           |
+-------------------------------+--------------------+-------------------------+------------------+-------------------+
| CentOS Stream 10              | PEND               | SKIPPED                 | SKIPPED          | SKIPPED           |
+-------------------------------+--------------------+-------------------------+------------------+-------------------+
| openSUSE Leap 15.6            | PEND               | SKIPPED                 | SKIPPED          | SKIPPED           |
+-------------------------------+--------------------+-------------------------+------------------+-------------------+
| Red Hat Enterprise Linux 8.10 | PEND               | SKIPPED                 | SKIPPED          | SKIPPED           |
+-------------------------------+--------------------+-------------------------+------------------+-------------------+
| Ubuntu 22.04                  | PEND               | SKIPPED                 | SKIPPED          | SKIPPED           |
+-------------------------------+--------------------+-------------------------+------------------+-------------------+
| Ubuntu 24.04                  | PEND               | SKIPPED                 | PEND             | SKIPPED           |
+-------------------------------+--------------------+-------------------------+------------------+-------------------+
| Red Hat Enterprise Linux 9.5  | PEND               | SKIPPED                 | SKIPPED          | SKIPPED           |
+-------------------------------+--------------------+-------------------------+------------------+-------------------+
| Alpine Linux 3.22.0           | PEND               | SKIPPED                 | SKIPPED          | SKIPPED           |
+-------------------------------+--------------------+-------------------------+------------------+-------------------+
| Windows Server 2022           | SKIPPED            | PEND                    | SKIPPED          | PEND              |
+-------------------------------+--------------------+-------------------------+------------------+-------------------+


Debian GNU/Linux 12
	Kernel: 5.15
	Compiler: gcc gcc (Debian 12.2.0-14+deb12u1) 12.2.0

CentOS Stream 9
	Kernel: 5.15
	Compiler: gcc gcc (GCC) 11.5.0 20240719 (Red Hat 11.5.0-11)

Ubuntu 20.04
	Kernel: 4.19
	Compiler: gcc gcc (Ubuntu 9.4.0-1ubuntu1~20.04.2) 9.4.0

Fedora Linux 42
	Kernel: 5.15
	Compiler: clang gcc (GCC) 15.2.1 20250808 (Red Hat 15.2.1-1)

FreeBSD 14.2
	Kernel: 14.2-RELEASE
	Compiler: clang 18.1.6

CentOS Stream 10
	Kernel: 5.15
	Compiler: gcc gcc (GCC) 14.2.1 20250110 (Red Hat 14.2.1-8)

openSUSE Leap 15.6
	Kernel: 5.15
	Compiler: gcc gcc (SUSE Linux) 7.5.0

Red Hat Enterprise Linux 8.10
	Kernel: 5.15
	Compiler: gcc gcc (GCC) 8.5.0 20210514 (Red Hat 8.5.0-22)

Ubuntu 22.04
	Kernel: 5.15
	Compiler: gcc gcc (Ubuntu 11.4.0-1ubuntu1~22.04) 11.4.0

Ubuntu 24.04
	Kernel: 5.15
	Compiler: gcc gcc (Ubuntu 13.3.0-6ubuntu2~24.04) 13.3.0

Red Hat Enterprise Linux 9.5
	Kernel: 5.15
	Compiler: gcc gcc (GCC) 11.5.0 20240719 (Red Hat 11.5.0-2)

Alpine Linux 3.22.0
	Kernel: 5.15
	Compiler: gcc gcc (Alpine 14.2.0) 14.2.0

Windows Server 2022
	Kernel: 10.0.20348.2031
	Compiler: clang 15.0.7, gcc 14.1.0 (MinGW), and MSVC VS 19.39.33521

To view detailed results, visit:
https://lab.dpdk.org/results/dashboard/patchsets/34521/

UNH-IOL DPDK Community Lab

To manage your email subscriptions, visit: 
https://lab.dpdk.org/results/dashboard/preferences/subscriptions/

^ permalink raw reply	[flat|nested] 21+ messages in thread

* |SUCCESS| pw158633-158635 [PATCH] [3/3] bpf: make add/subtract one p
       [not found] <20251110153046.63518-4-marat.khalili@huawei.com>
                   ` (5 preceding siblings ...)
  2025-11-10 16:50 ` |PENDING| pw158633-158635 [PATCH] [3/3] bpf: make add/subtract one p dpdklab
@ 2025-11-10 16:53 ` dpdklab
  2025-11-10 16:56 ` |PENDING| " dpdklab
                   ` (13 subsequent siblings)
  20 siblings, 0 replies; 21+ messages in thread
From: dpdklab @ 2025-11-10 16:53 UTC (permalink / raw)
  To: Test Report; +Cc: dpdk-test-reports

Test-Label: iol-mellanox-Functional
Test-Status: SUCCESS
http://dpdk.org/patch/158635

_Functional Testing PASS_

Submitter: Marat Khalili <marat.khalili@huawei.com>
Date: Monday, November 10 2025 15:30:46 
DPDK git baseline: Repo:dpdk
  Branch: master
  CommitID:32387caaa00660ebe35be25f2371edb0069cc80a

158633-158635 --> functional testing pass

Upstream job id: Template-DPDK-DTS-Pipeline#3114

Test environment and result as below:

Ubuntu 24.04
Kernel: 6.8.0-55-generic
Compiler: gcc 13.3.0
NIC: Mellanox ConnectX-5 100000 Mbps

Aggregate Results by Test Suite
+---------------------------------+--------+
|           Test Suite            | Result |
+=================================+========+
| blocklist                       |  PASS  |
+---------------------------------+--------+
| promisc_support                 |  PASS  |
+---------------------------------+--------+
| uni_pkt                         |  PASS  |
+---------------------------------+--------+
| dynamic_config                  |  PASS  |
+---------------------------------+--------+
| hello_world                     |  PASS  |
+---------------------------------+--------+
| l2fwd                           |  PASS  |
+---------------------------------+--------+
| port_restart_config_persistency |  PASS  |
+---------------------------------+--------+
| softnic                         |  PASS  |
+---------------------------------+--------+
| vlan                            |  PASS  |
+---------------------------------+--------+


To view detailed results, visit:
https://lab.dpdk.org/results/dashboard/patchsets/34521/

UNH-IOL DPDK Community Lab

To manage your email subscriptions, visit: 
https://lab.dpdk.org/results/dashboard/preferences/subscriptions/

^ permalink raw reply	[flat|nested] 21+ messages in thread

* |PENDING| pw158633-158635 [PATCH] [3/3] bpf: make add/subtract one p
       [not found] <20251110153046.63518-4-marat.khalili@huawei.com>
                   ` (6 preceding siblings ...)
  2025-11-10 16:53 ` |SUCCESS| " dpdklab
@ 2025-11-10 16:56 ` dpdklab
  2025-11-10 16:57 ` |SUCCESS| " dpdklab
                   ` (12 subsequent siblings)
  20 siblings, 0 replies; 21+ messages in thread
From: dpdklab @ 2025-11-10 16:56 UTC (permalink / raw)
  To: Test Report; +Cc: dpdk-test-reports

Test-Label: iol-compile-arm64-testing
Test-Status: PENDING
http://dpdk.org/patch/158635

_Testing pending_

Submitter: Marat Khalili <marat.khalili@huawei.com>
Date: Monday, November 10 2025 15:30:46 
DPDK git baseline: Repo:dpdk
  Branch: master
  CommitID:32387caaa00660ebe35be25f2371edb0069cc80a

158633-158635 --> testing pending

Upstream job id: Generic-DPDK-Compile-Meson#442620

Test environment and result as below:

+------------------------------+--------------------+
|         Environment          | dpdk_meson_compile |
+==============================+====================+
| Red Hat Enterprise Linux 9.5 | PEND               |
+------------------------------+--------------------+
| Ubuntu 20.04                 | PEND               |
+------------------------------+--------------------+
| Debian GNU/Linux 12          | PEND               |
+------------------------------+--------------------+
| Fedora Linux 42              | PEND               |
+------------------------------+--------------------+
| CentOS Stream 9              | PEND               |
+------------------------------+--------------------+
| Ubuntu 22.04                 | PEND               |
+------------------------------+--------------------+
| Ubuntu 24.04                 | PEND               |
+------------------------------+--------------------+
| CentOS Stream 10             | PEND               |
+------------------------------+--------------------+


Red Hat Enterprise Linux 9.5
	Kernel: 5.4
	Compiler: gcc gcc (GCC) 11.5.0 20240719 (Red Hat 11.5.0-2)

Ubuntu 20.04
	Kernel: 5.15
	Compiler: aarch64-linux-gnu-gcc gcc (Ubuntu 9.4.0-1ubuntu1~20.04.2) 9.4.0

Debian GNU/Linux 12
	Kernel: 5.4
	Compiler: gcc gcc (Debian 12.2.0-14+deb12u1) 12.2.0

Fedora Linux 42
	Kernel: 5.4
	Compiler: gcc gcc (GCC) 15.2.1 20250808 (Red Hat 15.2.1-1)

CentOS Stream 9
	Kernel: 5.4
	Compiler: gcc gcc (GCC) 11.5.0 20240719 (Red Hat 11.5.0-11)

Ubuntu 22.04
	Kernel: 5.4
	Compiler: gcc gcc (Ubuntu 11.4.0-1ubuntu1~22.04) 11.4.0

Ubuntu 24.04
	Kernel: 5.4
	Compiler: gcc gcc (Ubuntu 13.3.0-6ubuntu2~24.04) 13.3.0

CentOS Stream 10
	Kernel: 5.4
	Compiler: gcc gcc (GCC) 14.2.1 20250110 (Red Hat 14.2.1-8)

To view detailed results, visit:
https://lab.dpdk.org/results/dashboard/patchsets/34521/

UNH-IOL DPDK Community Lab

To manage your email subscriptions, visit: 
https://lab.dpdk.org/results/dashboard/preferences/subscriptions/

^ permalink raw reply	[flat|nested] 21+ messages in thread

* |SUCCESS| pw158633-158635 [PATCH] [3/3] bpf: make add/subtract one p
       [not found] <20251110153046.63518-4-marat.khalili@huawei.com>
                   ` (7 preceding siblings ...)
  2025-11-10 16:56 ` |PENDING| " dpdklab
@ 2025-11-10 16:57 ` dpdklab
  2025-11-10 17:01 ` |PENDING| " dpdklab
                   ` (11 subsequent siblings)
  20 siblings, 0 replies; 21+ messages in thread
From: dpdklab @ 2025-11-10 16:57 UTC (permalink / raw)
  To: Test Report; +Cc: dpdk-test-reports

Test-Label: iol-marvell-Functional
Test-Status: SUCCESS
http://dpdk.org/patch/158635

_Functional Testing PASS_

Submitter: Marat Khalili <marat.khalili@huawei.com>
Date: Monday, November 10 2025 15:30:46 
DPDK git baseline: Repo:dpdk
  Branch: master
  CommitID:32387caaa00660ebe35be25f2371edb0069cc80a

158633-158635 --> functional testing pass

Upstream job id: Template-DTS-Pipeline#253883

Test environment and result as below:

Ubuntu 20.04.6
Kernel: 5.4.105
Compiler: gcc 9.4
NIC: Marvell CN106XX 50000 Mbps
Target: arm64-native-linuxapp-gcc

Aggregate Results by Test Suite
+----------------+--------+
|   Test Suite   | Result |
+================+========+
| cmdline        |  PASS  |
+----------------+--------+
| rxtx_callbacks |  PASS  |
+----------------+--------+


To view detailed results, visit:
https://lab.dpdk.org/results/dashboard/patchsets/34521/

UNH-IOL DPDK Community Lab

To manage your email subscriptions, visit: 
https://lab.dpdk.org/results/dashboard/preferences/subscriptions/

^ permalink raw reply	[flat|nested] 21+ messages in thread

* |PENDING| pw158633-158635 [PATCH] [3/3] bpf: make add/subtract one p
       [not found] <20251110153046.63518-4-marat.khalili@huawei.com>
                   ` (8 preceding siblings ...)
  2025-11-10 16:57 ` |SUCCESS| " dpdklab
@ 2025-11-10 17:01 ` dpdklab
  2025-11-10 17:03 ` dpdklab
                   ` (10 subsequent siblings)
  20 siblings, 0 replies; 21+ messages in thread
From: dpdklab @ 2025-11-10 17:01 UTC (permalink / raw)
  To: Test Report; +Cc: dpdk-test-reports

Test-Label: iol-sample-apps-testing
Test-Status: PENDING
http://dpdk.org/patch/158635

_Testing pending_

Submitter: Marat Khalili <marat.khalili@huawei.com>
Date: Monday, November 10 2025 15:30:46 
DPDK git baseline: Repo:dpdk
  Branch: master
  CommitID:32387caaa00660ebe35be25f2371edb0069cc80a

158633-158635 --> testing pending

Upstream job id: Template-DTS-Pipeline#253885

Test environment and result as below:

+--------------+----------------------+----------------------+
| Environment  | dpdk_fips_validation | compressdev_zlib_pmd |
+==============+======================+======================+
| Ubuntu 20.04 | PEND                 | SKIPPED              |
+--------------+----------------------+----------------------+
| Ubuntu 22.04 | SKIPPED              | PASS                 |
+--------------+----------------------+----------------------+


Ubuntu 20.04
	Kernel: 5.15
	Compiler: gcc gcc (Ubuntu 9.4.0-1ubuntu1~20.04.2) 9.4.0

Ubuntu 22.04
	Kernel: 5.15
	Compiler: gcc gcc (Ubuntu 11.4.0-1ubuntu1~22.04.2) 11.4.0

To view detailed results, visit:
https://lab.dpdk.org/results/dashboard/patchsets/34521/

UNH-IOL DPDK Community Lab

To manage your email subscriptions, visit: 
https://lab.dpdk.org/results/dashboard/preferences/subscriptions/

^ permalink raw reply	[flat|nested] 21+ messages in thread

* |PENDING| pw158633-158635 [PATCH] [3/3] bpf: make add/subtract one p
       [not found] <20251110153046.63518-4-marat.khalili@huawei.com>
                   ` (9 preceding siblings ...)
  2025-11-10 17:01 ` |PENDING| " dpdklab
@ 2025-11-10 17:03 ` dpdklab
  2025-11-10 17:13 ` |SUCCESS| " dpdklab
                   ` (9 subsequent siblings)
  20 siblings, 0 replies; 21+ messages in thread
From: dpdklab @ 2025-11-10 17:03 UTC (permalink / raw)
  To: Test Report; +Cc: dpdk-test-reports

Test-Label: iol-unit-arm64-testing
Test-Status: PENDING
http://dpdk.org/patch/158635

_Testing pending_

Submitter: Marat Khalili <marat.khalili@huawei.com>
Date: Monday, November 10 2025 15:30:46 
DPDK git baseline: Repo:dpdk
  Branch: master
  CommitID:32387caaa00660ebe35be25f2371edb0069cc80a

158633-158635 --> testing pending

Upstream job id: Generic-Unit-Test-DPDK#390608

Test environment and result as below:

+------------------------------+--------------+---------------------------+------------------------------+----------------+
|         Environment          | lpm_autotest | cryptodev_sw_zuc_autotest | cryptodev_sw_snow3g_autotest | dpdk_unit_test |
+==============================+==============+===========================+==============================+================+
| Ubuntu 20.04                 | PASS         | SKIPPED                   | SKIPPED                      | PEND           |
+------------------------------+--------------+---------------------------+------------------------------+----------------+
| Debian 12 (arm)              | SKIPPED      | PEND                      | PEND                         | SKIPPED        |
+------------------------------+--------------+---------------------------+------------------------------+----------------+
| CentOS Stream 10             | SKIPPED      | SKIPPED                   | SKIPPED                      | PEND           |
+------------------------------+--------------+---------------------------+------------------------------+----------------+
| Fedora Linux 42              | SKIPPED      | SKIPPED                   | SKIPPED                      | PEND           |
+------------------------------+--------------+---------------------------+------------------------------+----------------+
| CentOS Stream 9              | SKIPPED      | SKIPPED                   | SKIPPED                      | PEND           |
+------------------------------+--------------+---------------------------+------------------------------+----------------+
| Ubuntu 24.04                 | SKIPPED      | SKIPPED                   | SKIPPED                      | PEND           |
+------------------------------+--------------+---------------------------+------------------------------+----------------+
| Fedora Linux 40              | SKIPPED      | SKIPPED                   | SKIPPED                      | PEND           |
+------------------------------+--------------+---------------------------+------------------------------+----------------+
| Fedora Linux 41              | SKIPPED      | SKIPPED                   | SKIPPED                      | PEND           |
+------------------------------+--------------+---------------------------+------------------------------+----------------+
| Ubuntu 22.04                 | SKIPPED      | SKIPPED                   | SKIPPED                      | PEND           |
+------------------------------+--------------+---------------------------+------------------------------+----------------+
| Red Hat Enterprise Linux 9.5 | SKIPPED      | SKIPPED                   | SKIPPED                      | PEND           |
+------------------------------+--------------+---------------------------+------------------------------+----------------+
| Debian GNU/Linux 12          | SKIPPED      | SKIPPED                   | SKIPPED                      | PEND           |
+------------------------------+--------------+---------------------------+------------------------------+----------------+


Ubuntu 20.04
	Kernel: 5.4
	Compiler: gcc gcc (Ubuntu 9.4.0-1ubuntu1~20.04.2) 9.4.0

Debian 12 (arm)
	Kernel: Depends on container host
	Compiler: gcc (Debian 12.2.0-14) 12.2.0

CentOS Stream 10
	Kernel: 5.4
	Compiler: gcc gcc (GCC) 14.2.1 20250110 (Red Hat 14.2.1-8)

Fedora Linux 42
	Kernel: 5.4
	Compiler: gcc gcc (GCC) 15.2.1 20250808 (Red Hat 15.2.1-1)

CentOS Stream 9
	Kernel: 5.4
	Compiler: gcc gcc (GCC) 11.5.0 20240719 (Red Hat 11.5.0-11)

Ubuntu 24.04
	Kernel: 5.4
	Compiler: gcc gcc (Ubuntu 13.3.0-6ubuntu2~24.04) 13.3.0

Fedora Linux 40
	Kernel: 5.4
	Compiler: gcc gcc (GCC) 14.2.1 20240912 (Red Hat 14.2.1-3)

Fedora Linux 41
	Kernel: 5.4
	Compiler: gcc gcc (GCC) 14.3.1 20250523 (Red Hat 14.3.1-1)

Ubuntu 22.04
	Kernel: 5.15
	Compiler: gcc gcc (Ubuntu 11.4.0-1ubuntu1~22.04.2) 11.4.0

Red Hat Enterprise Linux 9.5
	Kernel: 5.4
	Compiler: gcc gcc (GCC) 11.5.0 20240719 (Red Hat 11.5.0-2)

Debian GNU/Linux 12
	Kernel: 5.4
	Compiler: gcc gcc (Debian 12.2.0-14+deb12u1) 12.2.0

To view detailed results, visit:
https://lab.dpdk.org/results/dashboard/patchsets/34521/

UNH-IOL DPDK Community Lab

To manage your email subscriptions, visit: 
https://lab.dpdk.org/results/dashboard/preferences/subscriptions/

^ permalink raw reply	[flat|nested] 21+ messages in thread

* |SUCCESS| pw158633-158635 [PATCH] [3/3] bpf: make add/subtract one p
       [not found] <20251110153046.63518-4-marat.khalili@huawei.com>
                   ` (10 preceding siblings ...)
  2025-11-10 17:03 ` dpdklab
@ 2025-11-10 17:13 ` dpdklab
  2025-11-10 17:14 ` dpdklab
                   ` (8 subsequent siblings)
  20 siblings, 0 replies; 21+ messages in thread
From: dpdklab @ 2025-11-10 17:13 UTC (permalink / raw)
  To: Test Report, Ali Alnubani; +Cc: dpdk-test-reports

Test-Label: iol-mellanox-Performance
Test-Status: SUCCESS
http://dpdk.org/patch/158635

_Performance Testing PASS_

Submitter: Marat Khalili <marat.khalili@huawei.com>
Date: Monday, November 10 2025 15:30:46 
DPDK git baseline: Repo:dpdk
  Branch: master
  CommitID:32387caaa00660ebe35be25f2371edb0069cc80a

158633-158635 --> performance testing pass

Upstream job id: Template-DTS-Pipeline#253873

Test environment and result as below:

Ubuntu 24.04
Kernel: 6.8
Compiler: gcc gcc (Ubuntu 13.3.0-6ubuntu2~24.04) 13.3.0
NIC: Mellanox ConnectX-6 Lx 25000 Mbps
Fail/Total: 0/6

Detail performance results: 
+------------+---------+----------+-------------+------------------------------+
| frame_size | txd/rxd | num_cpus | num_threads |  throughput difference from  |
|            |         |          |             |           expected           |
+============+=========+==========+=============+==============================+
| 64         | 1024    | 1        | 1           | -0.0%                        |
+------------+---------+----------+-------------+------------------------------+
| 128        | 1024    | 1        | 1           | 0.0%                         |
+------------+---------+----------+-------------+------------------------------+
| 256        | 1024    | 1        | 1           | 0.0%                         |
+------------+---------+----------+-------------+------------------------------+
| 512        | 1024    | 1        | 1           | -0.1%                        |
+------------+---------+----------+-------------+------------------------------+
| 1024       | 1024    | 1        | 1           | -0.0%                        |
+------------+---------+----------+-------------+------------------------------+
| 1518       | 1024    | 1        | 1           | 0.1%                         |
+------------+---------+----------+-------------+------------------------------+

Ubuntu 24.04
Kernel: 6.8
Compiler: gcc gcc (Ubuntu 13.3.0-6ubuntu2~24.04) 13.3.0
NIC: NVIDIA Mellanox ConnectX-7 100000 Mbps
Fail/Total: 0/6

Detail performance results: 
+------------+---------+----------+-------------+------------------------------+
| frame_size | txd/rxd | num_cpus | num_threads |  throughput difference from  |
|            |         |          |             |           expected           |
+============+=========+==========+=============+==============================+
| 64         | 1024    | 1        | 1           | -1.1%                        |
+------------+---------+----------+-------------+------------------------------+
| 128        | 1024    | 1        | 1           | -0.6%                        |
+------------+---------+----------+-------------+------------------------------+
| 256        | 1024    | 1        | 1           | 0.6%                         |
+------------+---------+----------+-------------+------------------------------+
| 512        | 1024    | 1        | 1           | -0.0%                        |
+------------+---------+----------+-------------+------------------------------+
| 1024       | 1024    | 1        | 1           | 0.0%                         |
+------------+---------+----------+-------------+------------------------------+
| 1518       | 1024    | 1        | 1           | -0.0%                        |
+------------+---------+----------+-------------+------------------------------+

To view detailed results, visit:
https://lab.dpdk.org/results/dashboard/patchsets/34521/

UNH-IOL DPDK Community Lab

To manage your email subscriptions, visit: 
https://lab.dpdk.org/results/dashboard/preferences/subscriptions/

^ permalink raw reply	[flat|nested] 21+ messages in thread

* |SUCCESS| pw158633-158635 [PATCH] [3/3] bpf: make add/subtract one p
       [not found] <20251110153046.63518-4-marat.khalili@huawei.com>
                   ` (11 preceding siblings ...)
  2025-11-10 17:13 ` |SUCCESS| " dpdklab
@ 2025-11-10 17:14 ` dpdklab
  2025-11-10 17:15 ` dpdklab
                   ` (7 subsequent siblings)
  20 siblings, 0 replies; 21+ messages in thread
From: dpdklab @ 2025-11-10 17:14 UTC (permalink / raw)
  To: Test Report; +Cc: dpdk-test-reports

Test-Label: iol-broadcom-Performance
Test-Status: SUCCESS
http://dpdk.org/patch/158635

_Performance Testing PASS_

Submitter: Marat Khalili <marat.khalili@huawei.com>
Date: Monday, November 10 2025 15:30:46 
DPDK git baseline: Repo:dpdk
  Branch: master
  CommitID:32387caaa00660ebe35be25f2371edb0069cc80a

158633-158635 --> performance testing pass

Upstream job id: Template-DTS-Pipeline#253878

Test environment and result as below:

Ubuntu 22.04
Kernel: 5.15
Compiler: gcc gcc (Ubuntu 11.4.0-1ubuntu1~22.04.2) 11.4.0
NIC: Arm Broadcom Inc. brcm_57414 25000 Mbps
Fail/Total: 0/2

Detail performance results: 
+------------+---------+----------+-------------+------------------------------+
| frame_size | txd/rxd | num_cpus | num_threads |  throughput difference from  |
|            |         |          |             |           expected           |
+============+=========+==========+=============+==============================+
| 64         | 512     | 1        | 1           | -0.7%                        |
+------------+---------+----------+-------------+------------------------------+
| 64         | 2048    | 1        | 1           | -0.4%                        |
+------------+---------+----------+-------------+------------------------------+

Ubuntu 22.04
Kernel: 5.15
Compiler: gcc gcc (Ubuntu 11.4.0-1ubuntu1~22.04) 11.4.0
NIC: Broadcom Inc. and subsidiaries BCM57414 NetXtreme-E 10Gb/25Gb RDMA Ethernet Controller 16d7 25 Mbps
Fail/Total: 0/3

Detail performance results: 
+------------+---------+----------+-------------+------------------------------+
| frame_size | txd/rxd | num_cpus | num_threads |  throughput difference from  |
|            |         |          |             |           expected           |
+============+=========+==========+=============+==============================+
| 64         | 128     | 1        | 1           | -0.7%                        |
+------------+---------+----------+-------------+------------------------------+
| 64         | 512     | 1        | 1           | -0.6%                        |
+------------+---------+----------+-------------+------------------------------+
| 64         | 2048    | 1        | 1           | 0.1%                         |
+------------+---------+----------+-------------+------------------------------+

To view detailed results, visit:
https://lab.dpdk.org/results/dashboard/patchsets/34521/

UNH-IOL DPDK Community Lab

To manage your email subscriptions, visit: 
https://lab.dpdk.org/results/dashboard/preferences/subscriptions/

^ permalink raw reply	[flat|nested] 21+ messages in thread

* |SUCCESS| pw158633-158635 [PATCH] [3/3] bpf: make add/subtract one p
       [not found] <20251110153046.63518-4-marat.khalili@huawei.com>
                   ` (12 preceding siblings ...)
  2025-11-10 17:14 ` dpdklab
@ 2025-11-10 17:15 ` dpdklab
  2025-11-10 17:27 ` dpdklab
                   ` (6 subsequent siblings)
  20 siblings, 0 replies; 21+ messages in thread
From: dpdklab @ 2025-11-10 17:15 UTC (permalink / raw)
  To: Test Report; +Cc: dpdk-test-reports

Test-Label: iol-intel-Functional
Test-Status: SUCCESS
http://dpdk.org/patch/158635

_Functional Testing PASS_

Submitter: Marat Khalili <marat.khalili@huawei.com>
Date: Monday, November 10 2025 15:30:46 
DPDK git baseline: Repo:dpdk
  Branch: master
  CommitID:32387caaa00660ebe35be25f2371edb0069cc80a

158633-158635 --> functional testing pass

Upstream job id: Template-DTS-Pipeline#253880

Test environment and result as below:

Ubuntu 20.04
Kernel: 5.4
Compiler: gcc gcc (Ubuntu 9.4.0-1ubuntu1~20.04.1) 9.4.0
NIC: Intel Corporation Ethernet Converged Network Adapter XL710-QDA2 40000 Mbps

Aggregate Results by Test Suite
+-----------------------------+--------+
|         Test Suite          | Result |
+=============================+========+
| unit_tests_mbuf             |  PASS  |
+-----------------------------+--------+
| vhost_virtio_user_interrupt |  PASS  |
+-----------------------------+--------+
| virtio_smoke                |  PASS  |
+-----------------------------+--------+


To view detailed results, visit:
https://lab.dpdk.org/results/dashboard/patchsets/34521/

UNH-IOL DPDK Community Lab

To manage your email subscriptions, visit: 
https://lab.dpdk.org/results/dashboard/preferences/subscriptions/

^ permalink raw reply	[flat|nested] 21+ messages in thread

* |SUCCESS| pw158633-158635 [PATCH] [3/3] bpf: make add/subtract one p
       [not found] <20251110153046.63518-4-marat.khalili@huawei.com>
                   ` (13 preceding siblings ...)
  2025-11-10 17:15 ` dpdklab
@ 2025-11-10 17:27 ` dpdklab
  2025-11-10 17:30 ` dpdklab
                   ` (5 subsequent siblings)
  20 siblings, 0 replies; 21+ messages in thread
From: dpdklab @ 2025-11-10 17:27 UTC (permalink / raw)
  To: Test Report; +Cc: dpdk-test-reports

Test-Label: iol-compile-amd64-testing
Test-Status: SUCCESS
http://dpdk.org/patch/158635

_Testing PASS_

Submitter: Marat Khalili <marat.khalili@huawei.com>
Date: Monday, November 10 2025 15:30:46 
DPDK git baseline: Repo:dpdk
  Branch: master
  CommitID:32387caaa00660ebe35be25f2371edb0069cc80a

158633-158635 --> testing pass

Upstream job id: Generic-DPDK-Compile-Meson#442607

Test environment and result as below:

+-------------------------------+--------------------+-------------------------+------------------+-------------------+----------------------+
|          Environment          | dpdk_meson_compile | dpdk_llvm_clang_compile | dpdk_compile_ovs | dpdk_msvc_compile | dpdk_mingw64_compile |
+===============================+====================+=========================+==================+===================+======================+
| Debian GNU/Linux 12           | PASS               | SKIPPED                 | SKIPPED          | SKIPPED           | SKIPPED              |
+-------------------------------+--------------------+-------------------------+------------------+-------------------+----------------------+
| CentOS Stream 9               | PASS               | SKIPPED                 | SKIPPED          | SKIPPED           | SKIPPED              |
+-------------------------------+--------------------+-------------------------+------------------+-------------------+----------------------+
| Ubuntu 20.04                  | PASS               | SKIPPED                 | SKIPPED          | SKIPPED           | SKIPPED              |
+-------------------------------+--------------------+-------------------------+------------------+-------------------+----------------------+
| Fedora Linux 42               | PASS               | SKIPPED                 | PASS             | SKIPPED           | SKIPPED              |
+-------------------------------+--------------------+-------------------------+------------------+-------------------+----------------------+
| FreeBSD 14.2                  | PASS               | SKIPPED                 | SKIPPED          | SKIPPED           | SKIPPED              |
+-------------------------------+--------------------+-------------------------+------------------+-------------------+----------------------+
| CentOS Stream 10              | PASS               | SKIPPED                 | SKIPPED          | SKIPPED           | SKIPPED              |
+-------------------------------+--------------------+-------------------------+------------------+-------------------+----------------------+
| openSUSE Leap 15.6            | PASS               | SKIPPED                 | SKIPPED          | SKIPPED           | SKIPPED              |
+-------------------------------+--------------------+-------------------------+------------------+-------------------+----------------------+
| Red Hat Enterprise Linux 8.10 | PASS               | SKIPPED                 | SKIPPED          | SKIPPED           | SKIPPED              |
+-------------------------------+--------------------+-------------------------+------------------+-------------------+----------------------+
| Ubuntu 22.04                  | PASS               | SKIPPED                 | SKIPPED          | SKIPPED           | SKIPPED              |
+-------------------------------+--------------------+-------------------------+------------------+-------------------+----------------------+
| Ubuntu 24.04                  | PASS               | SKIPPED                 | PASS             | SKIPPED           | SKIPPED              |
+-------------------------------+--------------------+-------------------------+------------------+-------------------+----------------------+
| Red Hat Enterprise Linux 9.5  | PASS               | SKIPPED                 | SKIPPED          | SKIPPED           | SKIPPED              |
+-------------------------------+--------------------+-------------------------+------------------+-------------------+----------------------+
| Alpine Linux 3.22.0           | PASS               | SKIPPED                 | SKIPPED          | SKIPPED           | SKIPPED              |
+-------------------------------+--------------------+-------------------------+------------------+-------------------+----------------------+
| Windows Server 2022           | SKIPPED            | PASS                    | SKIPPED          | PASS              | PASS                 |
+-------------------------------+--------------------+-------------------------+------------------+-------------------+----------------------+


Debian GNU/Linux 12
	Kernel: 5.15
	Compiler: gcc gcc (Debian 12.2.0-14+deb12u1) 12.2.0

CentOS Stream 9
	Kernel: 5.15
	Compiler: gcc gcc (GCC) 11.5.0 20240719 (Red Hat 11.5.0-11)

Ubuntu 20.04
	Kernel: 4.19
	Compiler: gcc gcc (Ubuntu 9.4.0-1ubuntu1~20.04.2) 9.4.0

Fedora Linux 42
	Kernel: 5.15
	Compiler: clang gcc (GCC) 15.2.1 20250808 (Red Hat 15.2.1-1)

FreeBSD 14.2
	Kernel: 14.2-RELEASE
	Compiler: clang 18.1.6

CentOS Stream 10
	Kernel: 5.15
	Compiler: gcc gcc (GCC) 14.2.1 20250110 (Red Hat 14.2.1-8)

openSUSE Leap 15.6
	Kernel: 5.15
	Compiler: gcc gcc (SUSE Linux) 7.5.0

Red Hat Enterprise Linux 8.10
	Kernel: 5.15
	Compiler: gcc gcc (GCC) 8.5.0 20210514 (Red Hat 8.5.0-22)

Ubuntu 22.04
	Kernel: 5.15
	Compiler: gcc gcc (Ubuntu 11.4.0-1ubuntu1~22.04) 11.4.0

Ubuntu 24.04
	Kernel: 5.15
	Compiler: gcc gcc (Ubuntu 13.3.0-6ubuntu2~24.04) 13.3.0

Red Hat Enterprise Linux 9.5
	Kernel: 5.15
	Compiler: gcc gcc (GCC) 11.5.0 20240719 (Red Hat 11.5.0-2)

Alpine Linux 3.22.0
	Kernel: 5.15
	Compiler: gcc gcc (Alpine 14.2.0) 14.2.0

Windows Server 2022
	Kernel: 10.0.20348.2031
	Compiler: clang 15.0.7, gcc 14.1.0 (MinGW), and MSVC VS 19.39.33521

To view detailed results, visit:
https://lab.dpdk.org/results/dashboard/patchsets/34521/

UNH-IOL DPDK Community Lab

To manage your email subscriptions, visit: 
https://lab.dpdk.org/results/dashboard/preferences/subscriptions/

^ permalink raw reply	[flat|nested] 21+ messages in thread

* |SUCCESS| pw158633-158635 [PATCH] [3/3] bpf: make add/subtract one p
       [not found] <20251110153046.63518-4-marat.khalili@huawei.com>
                   ` (14 preceding siblings ...)
  2025-11-10 17:27 ` dpdklab
@ 2025-11-10 17:30 ` dpdklab
  2025-11-10 17:32 ` dpdklab
                   ` (4 subsequent siblings)
  20 siblings, 0 replies; 21+ messages in thread
From: dpdklab @ 2025-11-10 17:30 UTC (permalink / raw)
  To: Test Report; +Cc: dpdk-test-reports

Test-Label: iol-sample-apps-testing
Test-Status: SUCCESS
http://dpdk.org/patch/158635

_Testing PASS_

Submitter: Marat Khalili <marat.khalili@huawei.com>
Date: Monday, November 10 2025 15:30:46 
DPDK git baseline: Repo:dpdk
  Branch: master
  CommitID:32387caaa00660ebe35be25f2371edb0069cc80a

158633-158635 --> testing pass

Upstream job id: ACVP-FIPS-testing#11746

Test environment and result as below:

+--------------+----------------------+----------------------+
| Environment  | dpdk_fips_validation | compressdev_zlib_pmd |
+==============+======================+======================+
| Ubuntu 20.04 | PASS                 | SKIPPED              |
+--------------+----------------------+----------------------+
| Ubuntu 22.04 | SKIPPED              | PASS                 |
+--------------+----------------------+----------------------+


Ubuntu 20.04
	Kernel: 5.15
	Compiler: gcc gcc (Ubuntu 9.4.0-1ubuntu1~20.04.2) 9.4.0

Ubuntu 22.04
	Kernel: 5.15
	Compiler: gcc gcc (Ubuntu 11.4.0-1ubuntu1~22.04.2) 11.4.0

To view detailed results, visit:
https://lab.dpdk.org/results/dashboard/patchsets/34521/

UNH-IOL DPDK Community Lab

To manage your email subscriptions, visit: 
https://lab.dpdk.org/results/dashboard/preferences/subscriptions/

^ permalink raw reply	[flat|nested] 21+ messages in thread

* |SUCCESS| pw158633-158635 [PATCH] [3/3] bpf: make add/subtract one p
       [not found] <20251110153046.63518-4-marat.khalili@huawei.com>
                   ` (15 preceding siblings ...)
  2025-11-10 17:30 ` dpdklab
@ 2025-11-10 17:32 ` dpdklab
  2025-11-10 17:32 ` dpdklab
                   ` (3 subsequent siblings)
  20 siblings, 0 replies; 21+ messages in thread
From: dpdklab @ 2025-11-10 17:32 UTC (permalink / raw)
  To: Test Report; +Cc: dpdk-test-reports

Test-Label: iol-unit-amd64-testing
Test-Status: SUCCESS
http://dpdk.org/patch/158635

_Testing PASS_

Submitter: Marat Khalili <marat.khalili@huawei.com>
Date: Monday, November 10 2025 15:30:46 
DPDK git baseline: Repo:dpdk
  Branch: master
  CommitID:32387caaa00660ebe35be25f2371edb0069cc80a

158633-158635 --> testing pass

Upstream job id: Generic-VM-Unit-Test-DPDK#32432

Test environment and result as below:

+-------------------------------+----------------+
|          Environment          | dpdk_unit_test |
+===============================+================+
| Fedora Linux 41               | PASS           |
+-------------------------------+----------------+
| CentOS Stream 10              | PASS           |
+-------------------------------+----------------+
| Fedora Linux 42               | PASS           |
+-------------------------------+----------------+
| Red Hat Enterprise Linux 8.10 | PASS           |
+-------------------------------+----------------+
| Fedora Linux 40               | PASS           |
+-------------------------------+----------------+
| Ubuntu 24.04                  | PASS           |
+-------------------------------+----------------+
| Ubuntu 20.04                  | PASS           |
+-------------------------------+----------------+
| Ubuntu 22.04                  | PASS           |
+-------------------------------+----------------+
| Red Hat Enterprise Linux 9.5  | PASS           |
+-------------------------------+----------------+
| Debian GNU/Linux 12           | PASS           |
+-------------------------------+----------------+
| CentOS Stream 9               | PASS           |
+-------------------------------+----------------+
| Windows Server 2022           | PASS           |
+-------------------------------+----------------+


Fedora Linux 41
	Kernel: 5.15
	Compiler: gcc gcc (GCC) 14.3.1 20250523 (Red Hat 14.3.1-1)

CentOS Stream 10
	Kernel: 5.15
	Compiler: gcc gcc (GCC) 14.2.1 20250110 (Red Hat 14.2.1-8)

Fedora Linux 42
	Kernel: 5.15
	Compiler: clang gcc (GCC) 15.2.1 20250808 (Red Hat 15.2.1-1)

Red Hat Enterprise Linux 8.10
	Kernel: 5.15
	Compiler: gcc gcc (GCC) 8.5.0 20210514 (Red Hat 8.5.0-22)

Fedora Linux 40
	Kernel: 5.15
	Compiler: clang gcc (GCC) 14.2.1 20240912 (Red Hat 14.2.1-3)

Ubuntu 24.04
	Kernel: 5.15
	Compiler: gcc gcc (Ubuntu 13.3.0-6ubuntu2~24.04) 13.3.0

Ubuntu 20.04
	Kernel: 5.15
	Compiler: gcc gcc (Ubuntu 9.4.0-1ubuntu1~20.04.2) 9.4.0

Ubuntu 22.04
	Kernel: 5.15
	Compiler: gcc gcc (Ubuntu 11.4.0-1ubuntu1~22.04) 11.4.0

Red Hat Enterprise Linux 9.5
	Kernel: 5.15
	Compiler: gcc gcc (GCC) 11.5.0 20240719 (Red Hat 11.5.0-2)

Debian GNU/Linux 12
	Kernel: 5.15
	Compiler: gcc gcc (Debian 12.2.0-14+deb12u1) 12.2.0

CentOS Stream 9
	Kernel: 5.15
	Compiler: gcc gcc (GCC) 11.5.0 20240719 (Red Hat 11.5.0-11)

Windows Server 2022
	Kernel: 10.0.20348.2031
	Compiler: clang 15.0.7, gcc 14.1.0 (MinGW), and MSVC VS 19.39.33521

To view detailed results, visit:
https://lab.dpdk.org/results/dashboard/patchsets/34521/

UNH-IOL DPDK Community Lab

To manage your email subscriptions, visit: 
https://lab.dpdk.org/results/dashboard/preferences/subscriptions/

^ permalink raw reply	[flat|nested] 21+ messages in thread

* |SUCCESS| pw158633-158635 [PATCH] [3/3] bpf: make add/subtract one p
       [not found] <20251110153046.63518-4-marat.khalili@huawei.com>
                   ` (16 preceding siblings ...)
  2025-11-10 17:32 ` dpdklab
@ 2025-11-10 17:32 ` dpdklab
  2025-11-10 17:37 ` dpdklab
                   ` (2 subsequent siblings)
  20 siblings, 0 replies; 21+ messages in thread
From: dpdklab @ 2025-11-10 17:32 UTC (permalink / raw)
  To: Test Report; +Cc: dpdk-test-reports

Test-Label: iol-sample-apps-testing
Test-Status: SUCCESS
http://dpdk.org/patch/158635

_Testing PASS_

Submitter: Marat Khalili <marat.khalili@huawei.com>
Date: Monday, November 10 2025 15:30:46 
DPDK git baseline: Repo:dpdk
  Branch: master
  CommitID:32387caaa00660ebe35be25f2371edb0069cc80a

158633-158635 --> testing pass

Upstream job id: Template-DTS-Pipeline#253884

Test environment and result as below:

+--------------+----------------------+----------------------+
| Environment  | dpdk_fips_validation | compressdev_zlib_pmd |
+==============+======================+======================+
| Ubuntu 20.04 | PASS                 | SKIPPED              |
+--------------+----------------------+----------------------+
| Ubuntu 22.04 | SKIPPED              | PASS                 |
+--------------+----------------------+----------------------+


Ubuntu 20.04
	Kernel: 5.15
	Compiler: gcc gcc (Ubuntu 9.4.0-1ubuntu1~20.04.2) 9.4.0

Ubuntu 22.04
	Kernel: 5.15
	Compiler: gcc gcc (Ubuntu 11.4.0-1ubuntu1~22.04.2) 11.4.0

To view detailed results, visit:
https://lab.dpdk.org/results/dashboard/patchsets/34521/

UNH-IOL DPDK Community Lab

To manage your email subscriptions, visit: 
https://lab.dpdk.org/results/dashboard/preferences/subscriptions/

^ permalink raw reply	[flat|nested] 21+ messages in thread

* |SUCCESS| pw158633-158635 [PATCH] [3/3] bpf: make add/subtract one p
       [not found] <20251110153046.63518-4-marat.khalili@huawei.com>
                   ` (17 preceding siblings ...)
  2025-11-10 17:32 ` dpdklab
@ 2025-11-10 17:37 ` dpdklab
  2025-11-10 18:07 ` |FAILURE| " dpdklab
  2025-11-10 19:41 ` dpdklab
  20 siblings, 0 replies; 21+ messages in thread
From: dpdklab @ 2025-11-10 17:37 UTC (permalink / raw)
  To: Test Report; +Cc: dpdk-test-reports

Test-Label: iol-intel-Functional
Test-Status: SUCCESS
http://dpdk.org/patch/158635

_Functional Testing PASS_

Submitter: Marat Khalili <marat.khalili@huawei.com>
Date: Monday, November 10 2025 15:30:46 
DPDK git baseline: Repo:dpdk
  Branch: master
  CommitID:32387caaa00660ebe35be25f2371edb0069cc80a

158633-158635 --> functional testing pass

Upstream job id: Template-DTS-Pipeline#253882

Test environment and result as below:

Ubuntu 20.04
Kernel: 5.4
Compiler: gcc gcc (Ubuntu 9.4.0-1ubuntu1~20.04.1) 9.4.0
NIC: Intel Corporation Ethernet Converged Network Adapter XL710-QDA2 40000 Mbps

Aggregate Results by Test Suite
+-----------------------------+--------+
|         Test Suite          | Result |
+=============================+========+
| unit_tests_mbuf             |  PASS  |
+-----------------------------+--------+
| vhost_virtio_user_interrupt |  PASS  |
+-----------------------------+--------+
| virtio_smoke                |  PASS  |
+-----------------------------+--------+


Ubuntu 22.04
Kernel: 5.15
Compiler: gcc gcc (Ubuntu 11.4.0-1ubuntu1~22.04.2) 11.4.0
NIC: Intel Corporation QAT 8970 0 Mbps

Aggregate Results by Test Suite
+----------------------------+--------+
|         Test Suite         | Result |
+============================+========+
| crypto_perf_cryptodev_perf |  PASS  |
+----------------------------+--------+


To view detailed results, visit:
https://lab.dpdk.org/results/dashboard/patchsets/34521/

UNH-IOL DPDK Community Lab

To manage your email subscriptions, visit: 
https://lab.dpdk.org/results/dashboard/preferences/subscriptions/

^ permalink raw reply	[flat|nested] 21+ messages in thread

* |FAILURE| pw158633-158635 [PATCH] [3/3] bpf: make add/subtract one p
       [not found] <20251110153046.63518-4-marat.khalili@huawei.com>
                   ` (18 preceding siblings ...)
  2025-11-10 17:37 ` dpdklab
@ 2025-11-10 18:07 ` dpdklab
  2025-11-10 19:41 ` dpdklab
  20 siblings, 0 replies; 21+ messages in thread
From: dpdklab @ 2025-11-10 18:07 UTC (permalink / raw)
  To: Test Report; +Cc: dpdk-test-reports, Marat Khalili

Test-Label: iol-unit-arm64-testing
Test-Status: FAILURE
http://dpdk.org/patch/158635

_Testing issues_

Submitter: Marat Khalili <marat.khalili@huawei.com>
Date: Monday, November 10 2025 15:30:46 
DPDK git baseline: Repo:dpdk
  Branch: master
  CommitID:32387caaa00660ebe35be25f2371edb0069cc80a

158633-158635 --> testing issues

Upstream job id: Generic-Unit-Test-DPDK#390626

Test environment and result as below:

+------------------------------+--------------+---------------------------+------------------------------+----------------+
|         Environment          | lpm_autotest | cryptodev_sw_zuc_autotest | cryptodev_sw_snow3g_autotest | dpdk_unit_test |
+==============================+==============+===========================+==============================+================+
| Ubuntu 20.04                 | PASS         | SKIPPED                   | SKIPPED                      | PEND           |
+------------------------------+--------------+---------------------------+------------------------------+----------------+
| Debian 12 (arm)              | SKIPPED      | PASS                      | PASS                         | SKIPPED        |
+------------------------------+--------------+---------------------------+------------------------------+----------------+
| CentOS Stream 10             | SKIPPED      | SKIPPED                   | SKIPPED                      | PASS           |
+------------------------------+--------------+---------------------------+------------------------------+----------------+
| Fedora Linux 42              | SKIPPED      | SKIPPED                   | SKIPPED                      | PEND           |
+------------------------------+--------------+---------------------------+------------------------------+----------------+
| CentOS Stream 9              | SKIPPED      | SKIPPED                   | SKIPPED                      | PASS           |
+------------------------------+--------------+---------------------------+------------------------------+----------------+
| Ubuntu 24.04                 | SKIPPED      | SKIPPED                   | SKIPPED                      | PEND           |
+------------------------------+--------------+---------------------------+------------------------------+----------------+
| Fedora Linux 40              | SKIPPED      | SKIPPED                   | SKIPPED                      | PEND           |
+------------------------------+--------------+---------------------------+------------------------------+----------------+
| Fedora Linux 41              | SKIPPED      | SKIPPED                   | SKIPPED                      | PEND           |
+------------------------------+--------------+---------------------------+------------------------------+----------------+
| Ubuntu 22.04                 | SKIPPED      | SKIPPED                   | SKIPPED                      | PEND           |
+------------------------------+--------------+---------------------------+------------------------------+----------------+
| Red Hat Enterprise Linux 9.5 | SKIPPED      | SKIPPED                   | SKIPPED                      | PEND           |
+------------------------------+--------------+---------------------------+------------------------------+----------------+
| Debian GNU/Linux 12          | SKIPPED      | SKIPPED                   | SKIPPED                      | PEND           |
+------------------------------+--------------+---------------------------+------------------------------+----------------+


Ubuntu 20.04
	Kernel: 5.4
	Compiler: gcc gcc (Ubuntu 9.4.0-1ubuntu1~20.04.2) 9.4.0

Debian 12 (arm)
	Kernel: Depends on container host
	Compiler: gcc (Debian 12.2.0-14) 12.2.0

CentOS Stream 10
	Kernel: 5.4
	Compiler: gcc gcc (GCC) 14.2.1 20250110 (Red Hat 14.2.1-8)

Fedora Linux 42
	Kernel: 5.4
	Compiler: gcc gcc (GCC) 15.2.1 20250808 (Red Hat 15.2.1-1)

CentOS Stream 9
	Kernel: 5.4
	Compiler: gcc gcc (GCC) 11.5.0 20240719 (Red Hat 11.5.0-11)

Ubuntu 24.04
	Kernel: 5.4
	Compiler: gcc gcc (Ubuntu 13.3.0-6ubuntu2~24.04) 13.3.0

Fedora Linux 40
	Kernel: 5.4
	Compiler: gcc gcc (GCC) 14.2.1 20240912 (Red Hat 14.2.1-3)

Fedora Linux 41
	Kernel: 5.4
	Compiler: gcc gcc (GCC) 14.3.1 20250523 (Red Hat 14.3.1-1)

Ubuntu 22.04
	Kernel: 5.15
	Compiler: gcc gcc (Ubuntu 11.4.0-1ubuntu1~22.04.2) 11.4.0

Red Hat Enterprise Linux 9.5
	Kernel: 5.4
	Compiler: gcc gcc (GCC) 11.5.0 20240719 (Red Hat 11.5.0-2)

Debian GNU/Linux 12
	Kernel: 5.4
	Compiler: gcc gcc (Debian 12.2.0-14+deb12u1) 12.2.0

To view detailed results, visit:
https://lab.dpdk.org/results/dashboard/patchsets/34521/

UNH-IOL DPDK Community Lab

To manage your email subscriptions, visit: 
https://lab.dpdk.org/results/dashboard/preferences/subscriptions/

^ permalink raw reply	[flat|nested] 21+ messages in thread

* |FAILURE| pw158633-158635 [PATCH] [3/3] bpf: make add/subtract one p
       [not found] <20251110153046.63518-4-marat.khalili@huawei.com>
                   ` (19 preceding siblings ...)
  2025-11-10 18:07 ` |FAILURE| " dpdklab
@ 2025-11-10 19:41 ` dpdklab
  20 siblings, 0 replies; 21+ messages in thread
From: dpdklab @ 2025-11-10 19:41 UTC (permalink / raw)
  To: Test Report; +Cc: dpdk-test-reports, Marat Khalili

Test-Label: iol-unit-arm64-testing
Test-Status: FAILURE
http://dpdk.org/patch/158635

_Testing issues_

Submitter: Marat Khalili <marat.khalili@huawei.com>
Date: Monday, November 10 2025 15:30:46 
DPDK git baseline: Repo:dpdk
  Branch: master
  CommitID:32387caaa00660ebe35be25f2371edb0069cc80a

158633-158635 --> testing issues

Upstream job id: Generic-Unit-Test-DPDK#390620

Test environment and result as below:

+------------------------------+--------------+---------------------------+------------------------------+----------------+
|         Environment          | lpm_autotest | cryptodev_sw_zuc_autotest | cryptodev_sw_snow3g_autotest | dpdk_unit_test |
+==============================+==============+===========================+==============================+================+
| Ubuntu 20.04                 | PASS         | SKIPPED                   | SKIPPED                      | PASS           |
+------------------------------+--------------+---------------------------+------------------------------+----------------+
| Debian 12 (arm)              | SKIPPED      | PASS                      | PASS                         | SKIPPED        |
+------------------------------+--------------+---------------------------+------------------------------+----------------+
| CentOS Stream 10             | SKIPPED      | SKIPPED                   | SKIPPED                      | PASS           |
+------------------------------+--------------+---------------------------+------------------------------+----------------+
| Fedora Linux 42              | SKIPPED      | SKIPPED                   | SKIPPED                      | PASS           |
+------------------------------+--------------+---------------------------+------------------------------+----------------+
| CentOS Stream 9              | SKIPPED      | SKIPPED                   | SKIPPED                      | PASS           |
+------------------------------+--------------+---------------------------+------------------------------+----------------+
| Ubuntu 24.04                 | SKIPPED      | SKIPPED                   | SKIPPED                      | PASS           |
+------------------------------+--------------+---------------------------+------------------------------+----------------+
| Fedora Linux 40              | SKIPPED      | SKIPPED                   | SKIPPED                      | PASS           |
+------------------------------+--------------+---------------------------+------------------------------+----------------+
| Fedora Linux 41              | SKIPPED      | SKIPPED                   | SKIPPED                      | PASS           |
+------------------------------+--------------+---------------------------+------------------------------+----------------+
| Ubuntu 22.04                 | SKIPPED      | SKIPPED                   | SKIPPED                      | PASS           |
+------------------------------+--------------+---------------------------+------------------------------+----------------+
| Red Hat Enterprise Linux 9.5 | SKIPPED      | SKIPPED                   | SKIPPED                      | PASS           |
+------------------------------+--------------+---------------------------+------------------------------+----------------+
| Debian GNU/Linux 12          | SKIPPED      | SKIPPED                   | SKIPPED                      | PASS           |
+------------------------------+--------------+---------------------------+------------------------------+----------------+


Ubuntu 20.04
	Kernel: 5.4
	Compiler: gcc gcc (Ubuntu 9.4.0-1ubuntu1~20.04.2) 9.4.0

Debian 12 (arm)
	Kernel: Depends on container host
	Compiler: gcc (Debian 12.2.0-14) 12.2.0

CentOS Stream 10
	Kernel: 5.4
	Compiler: gcc gcc (GCC) 14.2.1 20250110 (Red Hat 14.2.1-8)

Fedora Linux 42
	Kernel: 5.4
	Compiler: gcc gcc (GCC) 15.2.1 20250808 (Red Hat 15.2.1-1)

CentOS Stream 9
	Kernel: 5.4
	Compiler: gcc gcc (GCC) 11.5.0 20240719 (Red Hat 11.5.0-11)

Ubuntu 24.04
	Kernel: 5.4
	Compiler: gcc gcc (Ubuntu 13.3.0-6ubuntu2~24.04) 13.3.0

Fedora Linux 40
	Kernel: 5.4
	Compiler: gcc gcc (GCC) 14.2.1 20240912 (Red Hat 14.2.1-3)

Fedora Linux 41
	Kernel: 5.4
	Compiler: gcc gcc (GCC) 14.3.1 20250523 (Red Hat 14.3.1-1)

Ubuntu 22.04
	Kernel: 5.15
	Compiler: gcc gcc (Ubuntu 11.4.0-1ubuntu1~22.04.2) 11.4.0

Red Hat Enterprise Linux 9.5
	Kernel: 5.4
	Compiler: gcc gcc (GCC) 11.5.0 20240719 (Red Hat 11.5.0-2)

Debian GNU/Linux 12
	Kernel: 5.4
	Compiler: gcc gcc (Debian 12.2.0-14+deb12u1) 12.2.0

To view detailed results, visit:
https://lab.dpdk.org/results/dashboard/patchsets/34521/

UNH-IOL DPDK Community Lab

To manage your email subscriptions, visit: 
https://lab.dpdk.org/results/dashboard/preferences/subscriptions/

^ permalink raw reply	[flat|nested] 21+ messages in thread

end of thread, other threads:[~2025-11-10 19:41 UTC | newest]

Thread overview: 21+ messages (download: mbox.gz / follow: Atom feed)
-- links below jump to the message on this page --
     [not found] <20251110153046.63518-4-marat.khalili@huawei.com>
2025-11-10 14:57 ` |SUCCESS| pw158633-158635 [PATCH 3/3] bpf: make add/subtract one program validate qemudev
2025-11-10 15:02 ` qemudev
2025-11-10 15:31 ` |SUCCESS| pw158635 " checkpatch
2025-11-10 16:47 ` 0-day Robot
2025-11-10 16:47 ` 0-day Robot
2025-11-10 16:50 ` |PENDING| pw158633-158635 [PATCH] [3/3] bpf: make add/subtract one p dpdklab
2025-11-10 16:53 ` |SUCCESS| " dpdklab
2025-11-10 16:56 ` |PENDING| " dpdklab
2025-11-10 16:57 ` |SUCCESS| " dpdklab
2025-11-10 17:01 ` |PENDING| " dpdklab
2025-11-10 17:03 ` dpdklab
2025-11-10 17:13 ` |SUCCESS| " dpdklab
2025-11-10 17:14 ` dpdklab
2025-11-10 17:15 ` dpdklab
2025-11-10 17:27 ` dpdklab
2025-11-10 17:30 ` dpdklab
2025-11-10 17:32 ` dpdklab
2025-11-10 17:32 ` dpdklab
2025-11-10 17:37 ` dpdklab
2025-11-10 18:07 ` |FAILURE| " dpdklab
2025-11-10 19:41 ` dpdklab

This is a public inbox, see mirroring instructions
for how to clone and mirror all data and code used for this inbox;
as well as URLs for NNTP newsgroup(s).