From mboxrd@z Thu Jan 1 00:00:00 1970 Return-Path: Received: from mails.dpdk.org (mails.dpdk.org [217.70.189.124]) by inbox.dpdk.org (Postfix) with ESMTP id 8225948AD0 for ; Mon, 10 Nov 2025 19:07:50 +0100 (CET) Received: from mails.dpdk.org (localhost [127.0.0.1]) by mails.dpdk.org (Postfix) with ESMTP id 58BD740264; Mon, 10 Nov 2025 19:07:50 +0100 (CET) Received: from mail-qv1-f99.google.com (mail-qv1-f99.google.com [209.85.219.99]) by mails.dpdk.org (Postfix) with ESMTP id 0551840264 for ; Mon, 10 Nov 2025 19:07:49 +0100 (CET) Received: by mail-qv1-f99.google.com with SMTP id 6a1803df08f44-882451b353fso11895846d6.1 for ; Mon, 10 Nov 2025 10:07:48 -0800 (PST) DKIM-Signature: v=1; a=rsa-sha256; c=relaxed/relaxed; d=iol.unh.edu; s=unh-iol; t=1762798068; x=1763402868; darn=dpdk.org; h=references:in-reply-to:cc:to:from:subject:message-id:date:from:to :cc:subject:date:message-id:reply-to; bh=1l1x7b+RFSzuCA5N7qbbj0oSm+B5Ck45PaamQl2Us6g=; b=XvcnpocEUYAAwMmixkQYZwGbKZIe4phO3+dio7B0ANB4Z0GixuXgIoxUKbTRAAw2hY zEX7rZ/H75J8wpFr+yz+g6FiWFkjaXWtTw9u/QkuGQCMS7Z6plYcfhRZKxr0eP92dD8s Pp8WJXBQbW/yOR3U2icByE1N1O6ZTW5wbbBlc= X-Google-DKIM-Signature: v=1; a=rsa-sha256; c=relaxed/relaxed; d=1e100.net; s=20230601; t=1762798068; x=1763402868; h=references:in-reply-to:cc:to:from:subject:message-id:date:x-gm-gg :x-gm-message-state:from:to:cc:subject:date:message-id:reply-to; bh=1l1x7b+RFSzuCA5N7qbbj0oSm+B5Ck45PaamQl2Us6g=; b=DYsqbgHPyLUi898R6XFePxsXwShe9fKX6jBKKBrSEbm+6r7GJZRKTAfg8Zug4Clezf AfKSmuQauZNcUa6t1G3BowywFBVqrtqlFbXCPbx82gml9Su/AXR6J5p1YrFleCal27EO cP2xQTBzOTTrVg4Hjx1a2UJ0tTnGrTLRqqE7Zzaydha45PCiOU89bkgnR+68FNldBiRc AOEN94Lq7OmJmw+K+U9y5Yr3XaopmEudtcnyTiXnnT4DWsOHZTIWqqKd9dQynVfSAfHD 66KKNhS+xugjeekJaG+7gUYHa/rf+Okoir3AI2hXXQi7RxFFXUdlv2pkaBMqVR0BRWhA hkTw== X-Gm-Message-State: AOJu0YxfwWXgZvQA8DTHqeH/ajxPxPlpnHbQBoG/yl/8w0h9af5hDyIM m1ihbrF4kJ/C0dsaURxvoEuO/cxbdRZPcsZOgpL8BVJy7qeXSeyycIpCM4mCiPkFwM01qpykciB 5jEO+DAj4hCfhYVxnRRm9bV7UT+khnJRH1hdakwQ3FJfdizibcV2GY7lCuiNp X-Gm-Gg: ASbGncvaC/vcrq0JJg71ZbpYrD0MuJ0Jn6tEHt85/M+79MCYUNdDE/5ATpZ0NXW8W9z 4bVQW1AGO0Yjkwve6GS4vB8QZHa+bNeZIrl9wjWE/gc17KI8AQ8vmj4YAphzqUNHyjb6BXqirvh Jelr4qHEaNUz7UMtGo07E79BhcWZkrU6cH00Tvvu/3QMdX7aij2lLrnPLyslkCJBBiKzt69029X /obVsuelUxlfzZRUvGqct5PB2iRXblm2kZqtfSXzXdhkPQeFlY9SIns/fyR2K3WLrqlRHnxEGd8 prvoqjhsnTuuJK3Jka82T1PCBPc7B4zA9HGyT1u8hZtupwSofTKDysRt/StoX9OxAu8qfw4vO5E NVkjnaU/F X-Google-Smtp-Source: AGHT+IEg47JhEFsMBLESoAimPYq7GwZpGduBryOMLHfnRlkQbwBmIRrHzcaN30DnWHqApcQM+zAAhW0zOnRU X-Received: by 2002:ad4:5c81:0:b0:880:4219:62c0 with SMTP id 6a1803df08f44-88238678d58mr132135466d6.34.1762798068301; Mon, 10 Nov 2025 10:07:48 -0800 (PST) Received: from postal.iol.unh.edu (postal.iol.unh.edu. [2606:4100:3880:1234::84]) by smtp-relay.gmail.com with ESMTPS id 6a1803df08f44-8823896af40sm9140396d6.2.2025.11.10.10.07.48 (version=TLS1_2 cipher=ECDHE-ECDSA-AES128-GCM-SHA256 bits=128/128); Mon, 10 Nov 2025 10:07:48 -0800 (PST) X-Relaying-Domain: iol.unh.edu Date: Mon, 10 Nov 2025 10:07:48 -0800 (PST) Message-ID: <691229f4.050a0220.2e98d0.e66aSMTPIN_ADDED_MISSING@mx.google.com> Received: from [172.21.0.2] (unknown [172.18.0.240]) by postal.iol.unh.edu (Postfix) with ESMTP id 0992B6050A61; Mon, 10 Nov 2025 13:07:48 -0500 (EST) Subject: |FAILURE| pw158633-158635 [PATCH] [3/3] bpf: make add/subtract one p From: dpdklab@iol.unh.edu To: Test Report Cc: dpdk-test-reports@iol.unh.edu, Marat Khalili In-Reply-To: <20251110153046.63518-4-marat.khalili@huawei.com> References: <20251110153046.63518-4-marat.khalili@huawei.com> Content-Type: text/plain X-BeenThere: test-report@dpdk.org X-Mailman-Version: 2.1.29 Precedence: list List-Id: automatic DPDK test reports List-Unsubscribe: , List-Archive: List-Post: List-Help: List-Subscribe: , Errors-To: test-report-bounces@dpdk.org Test-Label: iol-unit-arm64-testing Test-Status: FAILURE http://dpdk.org/patch/158635 _Testing issues_ Submitter: Marat Khalili Date: Monday, November 10 2025 15:30:46 DPDK git baseline: Repo:dpdk Branch: master CommitID:32387caaa00660ebe35be25f2371edb0069cc80a 158633-158635 --> testing issues Upstream job id: Generic-Unit-Test-DPDK#390626 Test environment and result as below: +------------------------------+--------------+---------------------------+------------------------------+----------------+ | Environment | lpm_autotest | cryptodev_sw_zuc_autotest | cryptodev_sw_snow3g_autotest | dpdk_unit_test | +==============================+==============+===========================+==============================+================+ | Ubuntu 20.04 | PASS | SKIPPED | SKIPPED | PEND | +------------------------------+--------------+---------------------------+------------------------------+----------------+ | Debian 12 (arm) | SKIPPED | PASS | PASS | SKIPPED | +------------------------------+--------------+---------------------------+------------------------------+----------------+ | CentOS Stream 10 | SKIPPED | SKIPPED | SKIPPED | PASS | +------------------------------+--------------+---------------------------+------------------------------+----------------+ | Fedora Linux 42 | SKIPPED | SKIPPED | SKIPPED | PEND | +------------------------------+--------------+---------------------------+------------------------------+----------------+ | CentOS Stream 9 | SKIPPED | SKIPPED | SKIPPED | PASS | +------------------------------+--------------+---------------------------+------------------------------+----------------+ | Ubuntu 24.04 | SKIPPED | SKIPPED | SKIPPED | PEND | +------------------------------+--------------+---------------------------+------------------------------+----------------+ | Fedora Linux 40 | SKIPPED | SKIPPED | SKIPPED | PEND | +------------------------------+--------------+---------------------------+------------------------------+----------------+ | Fedora Linux 41 | SKIPPED | SKIPPED | SKIPPED | PEND | +------------------------------+--------------+---------------------------+------------------------------+----------------+ | Ubuntu 22.04 | SKIPPED | SKIPPED | SKIPPED | PEND | +------------------------------+--------------+---------------------------+------------------------------+----------------+ | Red Hat Enterprise Linux 9.5 | SKIPPED | SKIPPED | SKIPPED | PEND | +------------------------------+--------------+---------------------------+------------------------------+----------------+ | Debian GNU/Linux 12 | SKIPPED | SKIPPED | SKIPPED | PEND | +------------------------------+--------------+---------------------------+------------------------------+----------------+ Ubuntu 20.04 Kernel: 5.4 Compiler: gcc gcc (Ubuntu 9.4.0-1ubuntu1~20.04.2) 9.4.0 Debian 12 (arm) Kernel: Depends on container host Compiler: gcc (Debian 12.2.0-14) 12.2.0 CentOS Stream 10 Kernel: 5.4 Compiler: gcc gcc (GCC) 14.2.1 20250110 (Red Hat 14.2.1-8) Fedora Linux 42 Kernel: 5.4 Compiler: gcc gcc (GCC) 15.2.1 20250808 (Red Hat 15.2.1-1) CentOS Stream 9 Kernel: 5.4 Compiler: gcc gcc (GCC) 11.5.0 20240719 (Red Hat 11.5.0-11) Ubuntu 24.04 Kernel: 5.4 Compiler: gcc gcc (Ubuntu 13.3.0-6ubuntu2~24.04) 13.3.0 Fedora Linux 40 Kernel: 5.4 Compiler: gcc gcc (GCC) 14.2.1 20240912 (Red Hat 14.2.1-3) Fedora Linux 41 Kernel: 5.4 Compiler: gcc gcc (GCC) 14.3.1 20250523 (Red Hat 14.3.1-1) Ubuntu 22.04 Kernel: 5.15 Compiler: gcc gcc (Ubuntu 11.4.0-1ubuntu1~22.04.2) 11.4.0 Red Hat Enterprise Linux 9.5 Kernel: 5.4 Compiler: gcc gcc (GCC) 11.5.0 20240719 (Red Hat 11.5.0-2) Debian GNU/Linux 12 Kernel: 5.4 Compiler: gcc gcc (Debian 12.2.0-14+deb12u1) 12.2.0 To view detailed results, visit: https://lab.dpdk.org/results/dashboard/patchsets/34521/ UNH-IOL DPDK Community Lab To manage your email subscriptions, visit: https://lab.dpdk.org/results/dashboard/preferences/subscriptions/