automatic DPDK test reports
 help / color / mirror / Atom feed
From: dpdklab@iol.unh.edu
To: Test Report <test-report@dpdk.org>
Cc: dpdk-test-reports@iol.unh.edu
Subject: |SUCCESS| pw158633-158635 [PATCH] [3/3] bpf: make add/subtract one p
Date: Mon, 10 Nov 2025 12:32:09 -0800 (PST)	[thread overview]
Message-ID: <69124bc9.170a0220.66fca.aff8SMTPIN_ADDED_MISSING@mx.google.com> (raw)
In-Reply-To: <20251110153046.63518-4-marat.khalili@huawei.com>

Test-Label: iol-compile-arm64-testing
Test-Status: SUCCESS
http://dpdk.org/patch/158635

_Testing PASS_

Submitter: Marat Khalili <marat.khalili@huawei.com>
Date: Monday, November 10 2025 15:30:46 
DPDK git baseline: Repo:dpdk
  Branch: master
  CommitID:32387caaa00660ebe35be25f2371edb0069cc80a

158633-158635 --> testing pass

Upstream job id: Generic-DPDK-Compile-Meson#442623

Test environment and result as below:

+------------------------------+--------------------+
|         Environment          | dpdk_meson_compile |
+==============================+====================+
| Red Hat Enterprise Linux 9.5 | PASS               |
+------------------------------+--------------------+
| Ubuntu 20.04                 | PASS               |
+------------------------------+--------------------+
| Debian GNU/Linux 12          | PASS               |
+------------------------------+--------------------+
| Fedora Linux 42              | PASS               |
+------------------------------+--------------------+
| CentOS Stream 9              | PASS               |
+------------------------------+--------------------+
| Ubuntu 22.04                 | PASS               |
+------------------------------+--------------------+
| Ubuntu 24.04                 | PASS               |
+------------------------------+--------------------+
| CentOS Stream 10             | PASS               |
+------------------------------+--------------------+


Red Hat Enterprise Linux 9.5
	Kernel: 5.4
	Compiler: gcc gcc (GCC) 11.5.0 20240719 (Red Hat 11.5.0-2)

Ubuntu 20.04
	Kernel: 5.15
	Compiler: aarch64-linux-gnu-gcc gcc (Ubuntu 9.4.0-1ubuntu1~20.04.2) 9.4.0

Debian GNU/Linux 12
	Kernel: 5.4
	Compiler: gcc gcc (Debian 12.2.0-14+deb12u1) 12.2.0

Fedora Linux 42
	Kernel: 5.4
	Compiler: gcc gcc (GCC) 15.2.1 20250808 (Red Hat 15.2.1-1)

CentOS Stream 9
	Kernel: 5.4
	Compiler: gcc gcc (GCC) 11.5.0 20240719 (Red Hat 11.5.0-11)

Ubuntu 22.04
	Kernel: 5.4
	Compiler: gcc gcc (Ubuntu 11.4.0-1ubuntu1~22.04) 11.4.0

Ubuntu 24.04
	Kernel: 5.4
	Compiler: gcc gcc (Ubuntu 13.3.0-6ubuntu2~24.04) 13.3.0

CentOS Stream 10
	Kernel: 5.4
	Compiler: gcc gcc (GCC) 14.2.1 20250110 (Red Hat 14.2.1-8)

To view detailed results, visit:
https://lab.dpdk.org/results/dashboard/patchsets/34521/

UNH-IOL DPDK Community Lab

To manage your email subscriptions, visit: 
https://lab.dpdk.org/results/dashboard/preferences/subscriptions/

      parent reply	other threads:[~2025-11-10 20:32 UTC|newest]

Thread overview: 22+ messages / expand[flat|nested]  mbox.gz  Atom feed  top
     [not found] <20251110153046.63518-4-marat.khalili@huawei.com>
2025-11-10 14:57 ` |SUCCESS| pw158633-158635 [PATCH 3/3] bpf: make add/subtract one program validate qemudev
2025-11-10 15:02 ` qemudev
2025-11-10 15:31 ` |SUCCESS| pw158635 " checkpatch
2025-11-10 16:47 ` 0-day Robot
2025-11-10 16:47 ` 0-day Robot
2025-11-10 16:50 ` |PENDING| pw158633-158635 [PATCH] [3/3] bpf: make add/subtract one p dpdklab
2025-11-10 16:53 ` |SUCCESS| " dpdklab
2025-11-10 16:56 ` |PENDING| " dpdklab
2025-11-10 16:57 ` |SUCCESS| " dpdklab
2025-11-10 17:01 ` |PENDING| " dpdklab
2025-11-10 17:03 ` dpdklab
2025-11-10 17:13 ` |SUCCESS| " dpdklab
2025-11-10 17:14 ` dpdklab
2025-11-10 17:15 ` dpdklab
2025-11-10 17:27 ` dpdklab
2025-11-10 17:30 ` dpdklab
2025-11-10 17:32 ` dpdklab
2025-11-10 17:32 ` dpdklab
2025-11-10 17:37 ` dpdklab
2025-11-10 18:07 ` |FAILURE| " dpdklab
2025-11-10 19:41 ` dpdklab
2025-11-10 20:32 ` dpdklab [this message]

Reply instructions:

You may reply publicly to this message via plain-text email
using any one of the following methods:

* Save the following mbox file, import it into your mail client,
  and reply-to-all from there: mbox

  Avoid top-posting and favor interleaved quoting:
  https://en.wikipedia.org/wiki/Posting_style#Interleaved_style

* Reply using the --to, --cc, and --in-reply-to
  switches of git-send-email(1):

  git send-email \
    --in-reply-to=69124bc9.170a0220.66fca.aff8SMTPIN_ADDED_MISSING@mx.google.com \
    --to=dpdklab@iol.unh.edu \
    --cc=dpdk-test-reports@iol.unh.edu \
    --cc=test-report@dpdk.org \
    /path/to/YOUR_REPLY

  https://kernel.org/pub/software/scm/git/docs/git-send-email.html

* If your mail client supports setting the In-Reply-To header
  via mailto: links, try the mailto: link
Be sure your reply has a Subject: header at the top and a blank line before the message body.
This is a public inbox, see mirroring instructions
for how to clone and mirror all data and code used for this inbox;
as well as URLs for NNTP newsgroup(s).