From mboxrd@z Thu Jan 1 00:00:00 1970 Return-Path: Received: from mails.dpdk.org (mails.dpdk.org [217.70.189.124]) by inbox.dpdk.org (Postfix) with ESMTP id 7580248AD6 for ; Tue, 11 Nov 2025 07:30:05 +0100 (CET) Received: from mails.dpdk.org (localhost [127.0.0.1]) by mails.dpdk.org (Postfix) with ESMTP id 53D254026A; Tue, 11 Nov 2025 07:30:05 +0100 (CET) Received: from mail-yx1-f98.google.com (mail-yx1-f98.google.com [74.125.224.98]) by mails.dpdk.org (Postfix) with ESMTP id 9D4C64026A for ; Tue, 11 Nov 2025 07:30:04 +0100 (CET) Received: by mail-yx1-f98.google.com with SMTP id 956f58d0204a3-63f95dc176fso3527404d50.1 for ; Mon, 10 Nov 2025 22:30:04 -0800 (PST) DKIM-Signature: v=1; a=rsa-sha256; c=relaxed/relaxed; d=iol.unh.edu; s=unh-iol; t=1762842604; x=1763447404; darn=dpdk.org; h=cc:to:from:subject:message-id:date:from:to:cc:subject:date :message-id:reply-to; bh=wuMz9YFflURRDv1KmCJX+fq/Oxswytu6RcupImPsqAA=; b=JmS9WasksECQEklh25WzTdc5G3L+qKSX5hqH2+c1FGJxS8xljssyMxAp8gu/V67hZZ mUE0JD1pK6tdIAj9VstC1kaWckfbfL91Iz0OBlZE694diLwqFLBx3AJnrn+KetwSGxYn FIaQHWcTGEjoJ3a2UtMxtzhrL7UK2fmhMvDAg= X-Google-DKIM-Signature: v=1; a=rsa-sha256; c=relaxed/relaxed; d=1e100.net; s=20230601; t=1762842604; x=1763447404; h=cc:to:from:subject:message-id:date:x-gm-gg:x-gm-message-state:from :to:cc:subject:date:message-id:reply-to; bh=wuMz9YFflURRDv1KmCJX+fq/Oxswytu6RcupImPsqAA=; b=sR1HSSQfT+a+5iqDbBRNsam44WzxiOK3llrk1VhU/04Wd70lfECDKi3rtvqnZhbt3U UeLIc+28PRIGUa1wLYas/2sR5NY9qteBVO/YYFE76HVjkXubFwQNhMZV6McmceXceHdz f984nBOfcRy75MuwRHwGVbdVU7Wd9jqyxiJwTF9KZlTp8SJWm7aJwdHLyatFAMcaBxsF UUVLdfekg1NKJ+YgHMLQm9R6iGcFcMpO9wbb04/w1dgyhsa/2/k3TO6PkT0yKjfFoVzH W00Bm/aTeztsPyEeUefX3D5SkFFh+0vdhddSgi7/kkIYF1trGuswLjOULTgIAMhDaJ3P SpMQ== X-Gm-Message-State: AOJu0YxTW87LNPKixJtj/g4n9NW81slXGwnKAKCtEFdtyksbzA3I4DUq 6GkblpJzGLfC6c2YgqkJeoDkLdQrZAejhb+DImhxmBo6tfii5R8JDkGqFA8uJCpPrOwoqN/UXOz iNC7ninpD1G8nuk4l/1+tithi6jvKEjFBjMaesS5xMBT4MYtXjebf X-Gm-Gg: ASbGncuulJpNeB8sD6vxlE47E5m0YQ/dNJeEeoJpPL7vAP1xct2tHXNSOV92xNDxdH/ Eg7McuQQeOEB/3lL+rI7IkhQxSj3ILy6hCpxPM4kbgc5GMnAlRqQQSwChrR14JjTDSXJJGcFT62 yiukMBYaaYwJcFSzOiqzOJS04XfgYXI8QdMpMI2Pf52K1XtawOOI8PQzF4zsvBkMhf3bWaAb85m Sh7Hlg87HXmQ+0ZuWKGY8YRjl1G2ONHVIe2PNcEj6WcYnROJdX4gDR7A9BgRTSxzIKDNAURakYH VtCPqv3nEBjIa/uZiGJ6uXfyAJYgtkY9/15zMeMFhV01bBZgCR+qQfFHC+jvBzC5KDYY8p62MsZ Qa8yrV98o X-Google-Smtp-Source: AGHT+IFWEbGUuNuFd6EQOsVgbgDOp5bTqDqgoguzsghyJ4S9wDgCz5Qd9seW4sAJTkDq5odiciEejqOENYd8 X-Received: by 2002:a05:690e:1507:b0:63e:1de6:c3c1 with SMTP id 956f58d0204a3-640d45c2348mr8818674d50.45.1762842603942; Mon, 10 Nov 2025 22:30:03 -0800 (PST) Received: from postal.iol.unh.edu (postal.iol.unh.edu. [2606:4100:3880:1234::84]) by smtp-relay.gmail.com with ESMTPS id 00721157ae682-787d696a4d0sm3912627b3.18.2025.11.10.22.30.03 (version=TLS1_2 cipher=ECDHE-ECDSA-AES128-GCM-SHA256 bits=128/128); Mon, 10 Nov 2025 22:30:03 -0800 (PST) X-Relaying-Domain: iol.unh.edu Date: Mon, 10 Nov 2025 22:30:03 -0800 (PST) Message-ID: <6912d7eb.050a0220.32d9d5.38f8SMTPIN_ADDED_MISSING@mx.google.com> Received: from [172.21.0.2] (unknown [172.18.0.240]) by postal.iol.unh.edu (Postfix) with ESMTP id 8C17E6051830; Tue, 11 Nov 2025 01:30:03 -0500 (EST) Subject: |FAILURE| [GIT MASTER] 62f583c49bf67dd4d6733ece14e55fe6839e66d1 From: dpdklab@iol.unh.edu To: Test Report Cc: dpdk-test-reports@iol.unh.edu, Xueming Li , Christian Ehrhardt , Kevin Traynor , Luca Boccassi Content-Type: text/plain X-BeenThere: test-report@dpdk.org X-Mailman-Version: 2.1.29 Precedence: list List-Id: automatic DPDK test reports List-Unsubscribe: , List-Archive: List-Post: List-Help: List-Subscribe: , Errors-To: test-report-bounces@dpdk.org _Testing issues_ Branch: tags/v23.11 62f583c49bf67dd4d6733ece14e55fe6839e66d1 --> testing issues Upstream job id: Generic-Unit-Test-DPDK#390859 Test environment and result as below: +-------------------------------+----------------+ | Environment | dpdk_unit_test | +===============================+================+ | CentOS Stream 10 | PASS | +-------------------------------+----------------+ | Fedora Linux 40 | PEND | +-------------------------------+----------------+ | CentOS Stream 9 | PASS | +-------------------------------+----------------+ | Debian GNU/Linux 12 | PASS | +-------------------------------+----------------+ | Ubuntu 20.04 | PASS | +-------------------------------+----------------+ | Fedora Linux 42 | PEND | +-------------------------------+----------------+ | Red Hat Enterprise Linux 9.5 | PASS | +-------------------------------+----------------+ | Fedora Linux 41 | PEND | +-------------------------------+----------------+ | Red Hat Enterprise Linux 8.10 | PEND | +-------------------------------+----------------+ | Ubuntu 22.04 | PEND | +-------------------------------+----------------+ | Ubuntu 24.04 | PEND | +-------------------------------+----------------+ CentOS Stream 10 Kernel: 5.15 Compiler: gcc gcc (GCC) 14.2.1 20250110 (Red Hat 14.2.1-8) Fedora Linux 40 Kernel: 5.15 Compiler: clang gcc (GCC) 14.2.1 20240912 (Red Hat 14.2.1-3) CentOS Stream 9 Kernel: 5.15 Compiler: gcc gcc (GCC) 11.5.0 20240719 (Red Hat 11.5.0-11) Debian GNU/Linux 12 Kernel: 5.15 Compiler: gcc gcc (Debian 12.2.0-14+deb12u1) 12.2.0 Ubuntu 20.04 Kernel: 5.15 Compiler: gcc gcc (Ubuntu 9.4.0-1ubuntu1~20.04.2) 9.4.0 Fedora Linux 42 Kernel: 5.15 Compiler: gcc gcc (GCC) 15.2.1 20250808 (Red Hat 15.2.1-1) Red Hat Enterprise Linux 9.5 Kernel: 5.15 Compiler: gcc gcc (GCC) 11.5.0 20240719 (Red Hat 11.5.0-2) Fedora Linux 41 Kernel: 5.15 Compiler: gcc gcc (GCC) 14.3.1 20250523 (Red Hat 14.3.1-1) Red Hat Enterprise Linux 8.10 Kernel: 5.15 Compiler: gcc gcc (GCC) 8.5.0 20210514 (Red Hat 8.5.0-22) Ubuntu 22.04 Kernel: 5.15 Compiler: gcc gcc (Ubuntu 11.4.0-1ubuntu1~22.04) 11.4.0 Ubuntu 24.04 Kernel: 5.15 Compiler: gcc gcc (Ubuntu 13.3.0-6ubuntu2~24.04) 13.3.0 To view detailed results, visit: https://lab.dpdk.org/results/dashboard/tarballs/35532/ UNH-IOL DPDK Community Lab To manage your email subscriptions, visit: https://lab.dpdk.org/results/dashboard/preferences/subscriptions/