From mboxrd@z Thu Jan 1 00:00:00 1970 Return-Path: Received: from mails.dpdk.org (mails.dpdk.org [217.70.189.124]) by inbox.dpdk.org (Postfix) with ESMTP id 6822F48AD6 for ; Tue, 11 Nov 2025 07:30:11 +0100 (CET) Received: from mails.dpdk.org (localhost [127.0.0.1]) by mails.dpdk.org (Postfix) with ESMTP id 62CAB4026A; Tue, 11 Nov 2025 07:30:11 +0100 (CET) Received: from mail-il1-f227.google.com (mail-il1-f227.google.com [209.85.166.227]) by mails.dpdk.org (Postfix) with ESMTP id 5D4024026A for ; Tue, 11 Nov 2025 07:30:10 +0100 (CET) Received: by mail-il1-f227.google.com with SMTP id e9e14a558f8ab-43380a6fe8cso17127915ab.0 for ; Mon, 10 Nov 2025 22:30:10 -0800 (PST) DKIM-Signature: v=1; a=rsa-sha256; c=relaxed/relaxed; d=iol.unh.edu; s=unh-iol; t=1762842609; x=1763447409; darn=dpdk.org; h=cc:to:from:subject:message-id:date:from:to:cc:subject:date :message-id:reply-to; bh=OwvXgOTf9J2+8zT32J/I8i85XER0pE0ylKwate8OuOM=; b=F6MCPMhInGdUDuAfFrnjXkd+lWJx07DZXgYPJdazGBvxZcoe4Z6HidfKY8yIY09xzL 0lEhkEZcZjuDnCi9BVLHrj12eT5j4HNg9VmyK2LxHEZ6XA5Bb5GRv03ALGuDML2KV1En YmXGS2tVDQHfxWORtKKBSQsZERg5K2GCwFnT0= X-Google-DKIM-Signature: v=1; a=rsa-sha256; c=relaxed/relaxed; d=1e100.net; s=20230601; t=1762842609; x=1763447409; h=cc:to:from:subject:message-id:date:x-gm-gg:x-gm-message-state:from :to:cc:subject:date:message-id:reply-to; bh=OwvXgOTf9J2+8zT32J/I8i85XER0pE0ylKwate8OuOM=; b=llVMR40uE7uzNpAxr3CxOI/mBerOXGs5VlN8VaTEpzD4uGr0RUyg8Mz2VIKSV0fb5I 3nmDjuneH4cHI64AV6m3TrCZ6L9qo64N4yNn2i/vRCyeriWTdI4aX6O3QbWtNIR3VUqA 7oy3ZYLDrVwiyiayTaTlhTNrorZ9iDwVa1BMjVXQLBNop3eULLTzutA7+yWH1giWKWtT ut06Ul8/JppldRumMt9kxyor2cYUcagn/fiIk6aNom4plJeJ8Lgip8DueZTDnecGPmL2 r2BZs80KkBVzjOdtNpo5UHW7Tk6pkjdJSiTQJj5saLce6rvEcc6H1QJi5uWt5tJxlVRd 1BjQ== X-Gm-Message-State: AOJu0YwJs0tl0iJp3/7KrKR3BhA1OHA/2OyI/GvMdQwHZ67wVS7QuW4H jswS/plNlGllnCq8HN7DwzBmeTTShGpLxN1i9ydRTbpN+ss7QqfSj0D2a7c3wakA3P9x8BU9nBg 6udxobB+cXDZZLj8+1N9/X5CcRK31Zj4XTwWp X-Gm-Gg: ASbGncuGN2MFoBIlTLQrve8kDLJtrkqomHQVRD1zFCMUy3DclYhnzt5rghNCcAa+UsD jEnAYBQEHZJfhKqiYDcURUdtxtvUTxhnXYlUJRZr9da0FYGIKlU8SBfj3Ge+T900qwMD9K+nfTM 0jaI89s9BdXyaHobkabg7RIncR0NsL0C772X+pyQb88uS2TyW5wWmAITNMdWPlIQMwych5L1GBk 0VuP2lLdN1ecs7XSKN9/L1jFAl1nN3A7JV0hRijnsVkyXaPZOMNRbrd4IAeom1KBn9TPr/sRR6W vfMtk7mVnAd1LMuWSHImIvkuRZpRLFt0R+Dm0U3AKrLXtwOPGFxFO98Fw3iQnCzYU8eRCwW+BVe XeUEJyNqSUrkXV/SsFYGPuVOs4azXh5Y= X-Google-Smtp-Source: AGHT+IFDurZRw+K3ifl7qWrKX+ZV4pYr6Dn5zBzr2egr5g94nriQ09Hz5fscXgvF4+/DW8yHeOGcTA4yxFuy X-Received: by 2002:a05:6e02:12c9:b0:433:74ec:e77b with SMTP id e9e14a558f8ab-43374ecea17mr140517735ab.4.1762842609687; Mon, 10 Nov 2025 22:30:09 -0800 (PST) Received: from postal.iol.unh.edu (postal.iol.unh.edu. [132.177.123.84]) by smtp-relay.gmail.com with ESMTPS id e9e14a558f8ab-4334f4c683esm13416555ab.31.2025.11.10.22.30.09 (version=TLS1_2 cipher=ECDHE-ECDSA-AES128-GCM-SHA256 bits=128/128); Mon, 10 Nov 2025 22:30:09 -0800 (PST) X-Relaying-Domain: iol.unh.edu Date: Mon, 10 Nov 2025 22:30:09 -0800 (PST) Message-ID: <6912d7f1.050a0220.23ec6b.5180SMTPIN_ADDED_MISSING@mx.google.com> Received: from [172.21.0.3] (unknown [172.18.0.240]) by postal.iol.unh.edu (Postfix) with ESMTP id 3BA386051830; Tue, 11 Nov 2025 01:30:09 -0500 (EST) Subject: |FAILURE| [GIT MASTER] 62f583c49bf67dd4d6733ece14e55fe6839e66d1 From: dpdklab@iol.unh.edu To: Test Report Cc: dpdk-test-reports@iol.unh.edu, Xueming Li , Christian Ehrhardt , Kevin Traynor , Luca Boccassi Content-Type: text/plain X-BeenThere: test-report@dpdk.org X-Mailman-Version: 2.1.29 Precedence: list List-Id: automatic DPDK test reports List-Unsubscribe: , List-Archive: List-Post: List-Help: List-Subscribe: , Errors-To: test-report-bounces@dpdk.org _Testing issues_ Branch: tags/v23.11 62f583c49bf67dd4d6733ece14e55fe6839e66d1 --> testing issues Upstream job id: Generic-Unit-Test-DPDK#390852 Test environment and result as below: +-------------------------------+----------------+ | Environment | dpdk_unit_test | +===============================+================+ | CentOS Stream 10 | PASS | +-------------------------------+----------------+ | Fedora Linux 40 | PEND | +-------------------------------+----------------+ | CentOS Stream 9 | PASS | +-------------------------------+----------------+ | Debian GNU/Linux 12 | PASS | +-------------------------------+----------------+ | Ubuntu 20.04 | PASS | +-------------------------------+----------------+ | Fedora Linux 42 | PEND | +-------------------------------+----------------+ | Red Hat Enterprise Linux 9.5 | PASS | +-------------------------------+----------------+ | Fedora Linux 41 | PEND | +-------------------------------+----------------+ | Red Hat Enterprise Linux 8.10 | PEND | +-------------------------------+----------------+ | Ubuntu 22.04 | PEND | +-------------------------------+----------------+ | Ubuntu 24.04 | PEND | +-------------------------------+----------------+ CentOS Stream 10 Kernel: 5.15 Compiler: gcc gcc (GCC) 14.2.1 20250110 (Red Hat 14.2.1-8) Fedora Linux 40 Kernel: 5.15 Compiler: clang gcc (GCC) 14.2.1 20240912 (Red Hat 14.2.1-3) CentOS Stream 9 Kernel: 5.15 Compiler: gcc gcc (GCC) 11.5.0 20240719 (Red Hat 11.5.0-11) Debian GNU/Linux 12 Kernel: 5.15 Compiler: gcc gcc (Debian 12.2.0-14+deb12u1) 12.2.0 Ubuntu 20.04 Kernel: 5.15 Compiler: gcc gcc (Ubuntu 9.4.0-1ubuntu1~20.04.2) 9.4.0 Fedora Linux 42 Kernel: 5.15 Compiler: gcc gcc (GCC) 15.2.1 20250808 (Red Hat 15.2.1-1) Red Hat Enterprise Linux 9.5 Kernel: 5.15 Compiler: gcc gcc (GCC) 11.5.0 20240719 (Red Hat 11.5.0-2) Fedora Linux 41 Kernel: 5.15 Compiler: gcc gcc (GCC) 14.3.1 20250523 (Red Hat 14.3.1-1) Red Hat Enterprise Linux 8.10 Kernel: 5.15 Compiler: gcc gcc (GCC) 8.5.0 20210514 (Red Hat 8.5.0-22) Ubuntu 22.04 Kernel: 5.15 Compiler: gcc gcc (Ubuntu 11.4.0-1ubuntu1~22.04) 11.4.0 Ubuntu 24.04 Kernel: 5.15 Compiler: gcc gcc (Ubuntu 13.3.0-6ubuntu2~24.04) 13.3.0 To view detailed results, visit: https://lab.dpdk.org/results/dashboard/tarballs/35532/ UNH-IOL DPDK Community Lab To manage your email subscriptions, visit: https://lab.dpdk.org/results/dashboard/preferences/subscriptions/