From mboxrd@z Thu Jan 1 00:00:00 1970 Return-Path: Received: from mails.dpdk.org (mails.dpdk.org [217.70.189.124]) by inbox.dpdk.org (Postfix) with ESMTP id 8213448AD6 for ; Tue, 11 Nov 2025 07:40:23 +0100 (CET) Received: from mails.dpdk.org (localhost [127.0.0.1]) by mails.dpdk.org (Postfix) with ESMTP id 7B5014026A; Tue, 11 Nov 2025 07:40:23 +0100 (CET) Received: from mail-pl1-f226.google.com (mail-pl1-f226.google.com [209.85.214.226]) by mails.dpdk.org (Postfix) with ESMTP id 0CEF94026A for ; Tue, 11 Nov 2025 07:40:22 +0100 (CET) Received: by mail-pl1-f226.google.com with SMTP id d9443c01a7336-29555b384acso36000485ad.1 for ; Mon, 10 Nov 2025 22:40:21 -0800 (PST) DKIM-Signature: v=1; a=rsa-sha256; c=relaxed/relaxed; d=iol.unh.edu; s=unh-iol; t=1762843221; x=1763448021; darn=dpdk.org; h=cc:to:from:subject:message-id:date:from:to:cc:subject:date :message-id:reply-to; bh=29J7ESDtdDt7VBwUxd+7uD6njEO+E+pgBpunDb/qTUM=; b=e0enZ2gk8khuEPK/pvlfyPi9Pwin9CbFxQ8pFH5TxKRIYLQf5kVun6RepC6F3KTZda Jex9JrQnKJ6FGwFcaIjNEtij6/42aO2Nz7KnZ4qoOtWalpcBzrJJ5UFw1KtcTGMQe/xW vdVoY5HzN/MDet6rFeX+Dl8AkKzY2yJh6L7iY= X-Google-DKIM-Signature: v=1; a=rsa-sha256; c=relaxed/relaxed; d=1e100.net; s=20230601; t=1762843221; x=1763448021; h=cc:to:from:subject:message-id:date:x-gm-gg:x-gm-message-state:from :to:cc:subject:date:message-id:reply-to; bh=29J7ESDtdDt7VBwUxd+7uD6njEO+E+pgBpunDb/qTUM=; b=Tk8/gC7rrAqPafpy0VpyoZsbLoXtnSqaS2L4R86HmhRtSwQsgKlu2P1tj05Afggs5u cN8f3Ayw6Ows8P3DiNqNV2GPBjYHZF6/Edt0LRNacp7PiB1CoAwcb5UpJxNjo+QcLCAh /6DEFJS0TwO8c5pR+cfhVzhERLPhN2uwa23INzvsSW/LKULKl0L7W/586HW37+3y0cTC lsQ1AW43mqJDFhQBl9qV3LermMKErC8ckOeuPhLQD0OqWwyZ08o+6TrOlADcj9apkAYS aomvkuIa+3PpeG/UUad07EKG/htbpjKKZRyZUM5WbLRTVcH4plS7Haop5xHiINVIqF9K ljqw== X-Gm-Message-State: AOJu0YwTB79bZROtMDDjFA83nLLEWfpFrAXpVvUpsiv/+PgYw8WS3hUu Uu8JNaX2i+5nkCeqrurZ4Wym88d8tVh6qM6uZdd0TeprECJbdjY78P10u4ETfDkjtfLtRNT3RbV 9Q4booCMRkpYdVSEb72Gq0VI8hbnWF7XB+P4d X-Gm-Gg: ASbGncveJKnVgo7jQjXajPGOsaySW6UiyBcOfjJHKGMDMQSENGZ7QJCcqyXPRk+J+eq EsEt4S6GTuCtHii8e9OKx9vo+ythVyMELvK1q8QdwN6SFxxwfoZsPFMUSH3VSOp8s+2RLlEfaA/ bk2mgU/HS3MyRZjT6b94WKaHJxSvWKVY0W6d0ebzkjrPcLfCtL2HJCiZu52pEfhpV+rDyrjspAx XeF39m+/3iMDLUcF9I6VxfH0rcr/tg6JkAa8liXYNBML4N76cFyBT8CZzDdOH6/UHa9v0M0BI5Z 1gG0u9m4PSwO7dcC1q4qrmR3/zzfCTpxjeZWeHzHofOB45UZ9PgZMCilimOKHzU+6IjDXbCLsJs LJuypmrGGtgKZ0mwjiztFJMNB1qBjcts= X-Google-Smtp-Source: AGHT+IFz7+MXsonBJPnq6UN9KiSt3uzWAVZGcFysTwfXtVrJVkUuUUiM6ifYxDf12P10ufoDX2LRiEU2pS+u X-Received: by 2002:a17:903:41d2:b0:295:105:c87d with SMTP id d9443c01a7336-297e56d6167mr150088035ad.32.1762843221079; Mon, 10 Nov 2025 22:40:21 -0800 (PST) Received: from postal.iol.unh.edu (postal.iol.unh.edu. [132.177.123.84]) by smtp-relay.gmail.com with ESMTPS id d9443c01a7336-298034b5992sm7806095ad.1.2025.11.10.22.40.20 (version=TLS1_2 cipher=ECDHE-ECDSA-AES128-GCM-SHA256 bits=128/128); Mon, 10 Nov 2025 22:40:21 -0800 (PST) X-Relaying-Domain: iol.unh.edu Date: Mon, 10 Nov 2025 22:40:21 -0800 (PST) Message-ID: <6912da55.170a0220.be533.83dfSMTPIN_ADDED_MISSING@mx.google.com> Received: from [172.21.0.3] (unknown [172.18.0.240]) by postal.iol.unh.edu (Postfix) with ESMTP id 7E06D6051830; Tue, 11 Nov 2025 01:40:20 -0500 (EST) Subject: |FAILURE| [GIT MASTER] 62f583c49bf67dd4d6733ece14e55fe6839e66d1 From: dpdklab@iol.unh.edu To: Test Report Cc: dpdk-test-reports@iol.unh.edu, Xueming Li , Christian Ehrhardt , Kevin Traynor , Luca Boccassi Content-Type: text/plain X-BeenThere: test-report@dpdk.org X-Mailman-Version: 2.1.29 Precedence: list List-Id: automatic DPDK test reports List-Unsubscribe: , List-Archive: List-Post: List-Help: List-Subscribe: , Errors-To: test-report-bounces@dpdk.org _Testing issues_ Branch: tags/v23.11 62f583c49bf67dd4d6733ece14e55fe6839e66d1 --> testing issues Upstream job id: Generic-DPDK-Compile-Meson#442826 Test environment and result as below: +-------------------------------+--------------------+------------------+ | Environment | dpdk_meson_compile | dpdk_compile_ovs | +===============================+====================+==================+ | Ubuntu 20.04 | PASS | SKIPPED | +-------------------------------+--------------------+------------------+ | CentOS Stream 10 | PASS | SKIPPED | +-------------------------------+--------------------+------------------+ | openSUSE Leap 15.6 | PASS | SKIPPED | +-------------------------------+--------------------+------------------+ | Debian GNU/Linux 12 | PASS | SKIPPED | +-------------------------------+--------------------+------------------+ | CentOS Stream 9 | PASS | SKIPPED | +-------------------------------+--------------------+------------------+ | Fedora Linux 42 | FAIL | WARN | +-------------------------------+--------------------+------------------+ | Red Hat Enterprise Linux 8.10 | PASS | SKIPPED | +-------------------------------+--------------------+------------------+ | Ubuntu 24.04 | PASS | PASS | +-------------------------------+--------------------+------------------+ | Red Hat Enterprise Linux 9.5 | PASS | SKIPPED | +-------------------------------+--------------------+------------------+ | Ubuntu 22.04 | PASS | SKIPPED | +-------------------------------+--------------------+------------------+ | Alpine Linux 3.22.0 | PASS | SKIPPED | +-------------------------------+--------------------+------------------+ | FreeBSD 14.2 | PASS | SKIPPED | +-------------------------------+--------------------+------------------+ ==== 20 line log output for Fedora Linux 42 (dpdk_compile_ovs): ==== --- Failed to get log output --- ==== End log output ==== Ubuntu 20.04 Kernel: 5.15 Compiler: gcc gcc (Ubuntu 9.4.0-1ubuntu1~20.04.2) 9.4.0 CentOS Stream 10 Kernel: 5.15 Compiler: gcc gcc (GCC) 14.2.1 20250110 (Red Hat 14.2.1-8) openSUSE Leap 15.6 Kernel: 5.15 Compiler: gcc gcc (SUSE Linux) 7.5.0 Debian GNU/Linux 12 Kernel: 5.15 Compiler: gcc gcc (Debian 12.2.0-14+deb12u1) 12.2.0 CentOS Stream 9 Kernel: 5.15 Compiler: gcc gcc (GCC) 11.5.0 20240719 (Red Hat 11.5.0-11) Fedora Linux 42 Kernel: 5.15 Compiler: clang gcc (GCC) 15.2.1 20250808 (Red Hat 15.2.1-1) Red Hat Enterprise Linux 8.10 Kernel: 5.15 Compiler: gcc gcc (GCC) 8.5.0 20210514 (Red Hat 8.5.0-22) Ubuntu 24.04 Kernel: 5.15 Compiler: gcc gcc (Ubuntu 13.3.0-6ubuntu2~24.04) 13.3.0 Red Hat Enterprise Linux 9.5 Kernel: 5.15 Compiler: gcc gcc (GCC) 11.5.0 20240719 (Red Hat 11.5.0-2) Ubuntu 22.04 Kernel: 5.15 Compiler: gcc gcc (Ubuntu 11.4.0-1ubuntu1~22.04) 11.4.0 Alpine Linux 3.22.0 Kernel: 5.15 Compiler: gcc gcc (Alpine 14.2.0) 14.2.0 FreeBSD 14.2 Kernel: 14.2-RELEASE Compiler: clang 18.1.6 To view detailed results, visit: https://lab.dpdk.org/results/dashboard/tarballs/35532/ UNH-IOL DPDK Community Lab To manage your email subscriptions, visit: https://lab.dpdk.org/results/dashboard/preferences/subscriptions/