From mboxrd@z Thu Jan 1 00:00:00 1970 Return-Path: Received: from mails.dpdk.org (mails.dpdk.org [217.70.189.124]) by inbox.dpdk.org (Postfix) with ESMTP id F105848AD6 for ; Tue, 11 Nov 2025 07:54:38 +0100 (CET) Received: from mails.dpdk.org (localhost [127.0.0.1]) by mails.dpdk.org (Postfix) with ESMTP id EBE364026A; Tue, 11 Nov 2025 07:54:38 +0100 (CET) Received: from mail-oa1-f97.google.com (mail-oa1-f97.google.com [209.85.160.97]) by mails.dpdk.org (Postfix) with ESMTP id B23054026A for ; Tue, 11 Nov 2025 07:54:37 +0100 (CET) Received: by mail-oa1-f97.google.com with SMTP id 586e51a60fabf-3c9859913d0so2188802fac.0 for ; Mon, 10 Nov 2025 22:54:37 -0800 (PST) DKIM-Signature: v=1; a=rsa-sha256; c=relaxed/relaxed; d=iol.unh.edu; s=unh-iol; t=1762844077; x=1763448877; darn=dpdk.org; h=cc:to:from:subject:message-id:date:from:to:cc:subject:date :message-id:reply-to; bh=EkxZJkjP2mtebdxC2ltZaswY9TAOXK9KllyUpJ4C53s=; b=LrOMP7RZypFFJSAhFWP7RH6LWrs4M+rMbGQbJjmx0BboSP0zXogHCZJu3AJBjNjJ4G YU3p9jwoaiKMA9fEPLhd3n7EOElWVqi3w7fjRifM/Zj5CNIS5dp803TErliz0puh7Y8h OWztfl9m5tvGyGuuxYe65lrFXib9Boe4IbvOM= X-Google-DKIM-Signature: v=1; a=rsa-sha256; c=relaxed/relaxed; d=1e100.net; s=20230601; t=1762844077; x=1763448877; h=cc:to:from:subject:message-id:date:x-gm-gg:x-gm-message-state:from :to:cc:subject:date:message-id:reply-to; bh=EkxZJkjP2mtebdxC2ltZaswY9TAOXK9KllyUpJ4C53s=; b=RYTRDHTnpRfnjtTK0eWNJIQD4aAhzks8iR0wBEiOokYfC/5l6fWP3pEZPWCsHp2dFa KNHg0NgQ5BYhRU0xwjkseyLl3A7tR6Vi2UySHKbS5wK5SVxSvbEKTcH+MS94YjYtSNzc uQ0QGYzLpK2X4HOaeGPCw8/XTFJ5SUEnfHZGPFQgt/jW0WJEQQnam3oot4FiQW4UfODW SgNXJczJ/rH+E/czbV8BHiwfgVcd2FCr09eHH+OQj8RpTA/JXUps7xT75E+Y3NZ9YwgG TJjLfniVS+WhMj3ZD82AJG9OBxQkPhSBrCq/5ZNdpeAuxVe2JJfEbtsy/3qHWHaCqSMQ 5lFg== X-Gm-Message-State: AOJu0YxvcXwcTmGfNVKSBPOnXzcQXynso2jP/mpt8h0MlWnJJL1CHUXh Z+lB48ndPhP737IZdOTfbTQiD7LMwcIZ7IeaC8GrmlWN89YLLEGoXvP6+cuMtaj/b8hkrVpkLec gkIlSOh8IyS8PcjfRsWcz084SuPBbldijzl9x X-Gm-Gg: ASbGncuExnkCZB0Q0p05DNAnskOX3v8K0hMOQzVhbcALmdm+65jFW4QsWXS9dO062wz K4xMs4+M1bt53kWm5A4FrpxhIbFApjCA52f4furHL9c7Mefc1yOtC1EFCieGdT9PPSaaBVPpn/a v52G0FXoIx9fVVFcTiUWjXebF/QqkzaO209yRNXQJ8t+OF9H3jKmNeETgdET/3NFAG8I0wW4Y9u u75B1PlLFl0UVg29pBvjY/kXqgTUGMtanQ8o0cQ/eNMYfNoiWFBMnGguNuaSKtpY3/BwRkC1EOf U3kUongOyivush2F3BuG/qIF7PwyVxsf6HrAPnei4rc48XnBNbG5DZnggXwmRuZenhBvIFaSKH1 dAEaj38TQ6tvhzSPj30bPswrtWuhWBvM= X-Google-Smtp-Source: AGHT+IE/JzrvXOGSbXcZAw42ze994GNqMu+xyjq0HbHSV/xSZgnipur+UvufHmmfYTIxw4PaTbih9/tTzOb3 X-Received: by 2002:a05:6870:b405:b0:3d2:7800:cc15 with SMTP id 586e51a60fabf-3e7c27d4efamr6134126fac.26.1762844076840; Mon, 10 Nov 2025 22:54:36 -0800 (PST) Received: from postal.iol.unh.edu (postal.iol.unh.edu. [132.177.123.84]) by smtp-relay.gmail.com with ESMTPS id 586e51a60fabf-3e41f27d255sm990933fac.15.2025.11.10.22.54.36 (version=TLS1_2 cipher=ECDHE-ECDSA-AES128-GCM-SHA256 bits=128/128); Mon, 10 Nov 2025 22:54:36 -0800 (PST) X-Relaying-Domain: iol.unh.edu Date: Mon, 10 Nov 2025 22:54:36 -0800 (PST) Message-ID: <6912ddac.050a0220.2247bb.34a3SMTPIN_ADDED_MISSING@mx.google.com> Received: from [172.21.0.3] (unknown [172.18.0.240]) by postal.iol.unh.edu (Postfix) with ESMTP id D7E106051830; Tue, 11 Nov 2025 01:54:34 -0500 (EST) Subject: |FAILURE| [GIT MASTER] 62f583c49bf67dd4d6733ece14e55fe6839e66d1 From: dpdklab@iol.unh.edu To: Test Report Cc: dpdk-test-reports@iol.unh.edu, Xueming Li , Christian Ehrhardt , Kevin Traynor , Luca Boccassi Content-Type: text/plain X-BeenThere: test-report@dpdk.org X-Mailman-Version: 2.1.29 Precedence: list List-Id: automatic DPDK test reports List-Unsubscribe: , List-Archive: List-Post: List-Help: List-Subscribe: , Errors-To: test-report-bounces@dpdk.org _Testing issues_ Branch: tags/v23.11 62f583c49bf67dd4d6733ece14e55fe6839e66d1 --> testing issues Upstream job id: Generic-Unit-Test-DPDK#390853 Test environment and result as below: +------------------------------+------------------------------+--------------+---------------------------+----------------+ | Environment | cryptodev_sw_snow3g_autotest | lpm_autotest | cryptodev_sw_zuc_autotest | dpdk_unit_test | +==============================+==============================+==============+===========================+================+ | Debian 12 (arm) | PASS | SKIPPED | PASS | SKIPPED | +------------------------------+------------------------------+--------------+---------------------------+----------------+ | Ubuntu 20.04 | SKIPPED | PASS | SKIPPED | PEND | +------------------------------+------------------------------+--------------+---------------------------+----------------+ | Debian GNU/Linux 12 | SKIPPED | SKIPPED | SKIPPED | PASS | +------------------------------+------------------------------+--------------+---------------------------+----------------+ | CentOS Stream 10 | SKIPPED | SKIPPED | SKIPPED | PASS | +------------------------------+------------------------------+--------------+---------------------------+----------------+ | CentOS Stream 9 | SKIPPED | SKIPPED | SKIPPED | PASS | +------------------------------+------------------------------+--------------+---------------------------+----------------+ | Fedora Linux 40 | SKIPPED | SKIPPED | SKIPPED | PASS | +------------------------------+------------------------------+--------------+---------------------------+----------------+ | Fedora Linux 41 | SKIPPED | SKIPPED | SKIPPED | PEND | +------------------------------+------------------------------+--------------+---------------------------+----------------+ | Red Hat Enterprise Linux 9.5 | SKIPPED | SKIPPED | SKIPPED | PASS | +------------------------------+------------------------------+--------------+---------------------------+----------------+ | Fedora Linux 42 | SKIPPED | SKIPPED | SKIPPED | PEND | +------------------------------+------------------------------+--------------+---------------------------+----------------+ | Ubuntu 22.04 | SKIPPED | SKIPPED | SKIPPED | PASS | +------------------------------+------------------------------+--------------+---------------------------+----------------+ | Ubuntu 24.04 | SKIPPED | SKIPPED | SKIPPED | PEND | +------------------------------+------------------------------+--------------+---------------------------+----------------+ Debian 12 (arm) Kernel: Depends on container host Compiler: gcc (Debian 12.2.0-14) 12.2.0 Ubuntu 20.04 Kernel: 5.4 Compiler: gcc gcc (Ubuntu 9.4.0-1ubuntu1~20.04.2) 9.4.0 Debian GNU/Linux 12 Kernel: 5.4 Compiler: gcc gcc (Debian 12.2.0-14+deb12u1) 12.2.0 CentOS Stream 10 Kernel: 5.4 Compiler: gcc gcc (GCC) 14.2.1 20250110 (Red Hat 14.2.1-8) CentOS Stream 9 Kernel: 5.4 Compiler: gcc gcc (GCC) 11.5.0 20240719 (Red Hat 11.5.0-11) Fedora Linux 40 Kernel: 5.4 Compiler: clang gcc (GCC) 14.2.1 20240912 (Red Hat 14.2.1-3) Fedora Linux 41 Kernel: 5.4 Compiler: gcc gcc (GCC) 14.3.1 20250523 (Red Hat 14.3.1-1) Red Hat Enterprise Linux 9.5 Kernel: 5.4 Compiler: gcc gcc (GCC) 11.5.0 20240719 (Red Hat 11.5.0-2) Fedora Linux 42 Kernel: 5.4 Compiler: gcc gcc (GCC) 15.2.1 20250808 (Red Hat 15.2.1-1) Ubuntu 22.04 Kernel: 5.4 Compiler: gcc gcc (Ubuntu 11.4.0-1ubuntu1~22.04) 11.4.0 Ubuntu 24.04 Kernel: 5.4 Compiler: gcc gcc (Ubuntu 13.3.0-6ubuntu2~24.04) 13.3.0 To view detailed results, visit: https://lab.dpdk.org/results/dashboard/tarballs/35532/ UNH-IOL DPDK Community Lab To manage your email subscriptions, visit: https://lab.dpdk.org/results/dashboard/preferences/subscriptions/