From mboxrd@z Thu Jan 1 00:00:00 1970 Return-Path: Received: from mails.dpdk.org (mails.dpdk.org [217.70.189.124]) by inbox.dpdk.org (Postfix) with ESMTP id 24DF948AD8 for ; Tue, 11 Nov 2025 09:09:25 +0100 (CET) Received: from mails.dpdk.org (localhost [127.0.0.1]) by mails.dpdk.org (Postfix) with ESMTP id 035C54026A; Tue, 11 Nov 2025 09:09:25 +0100 (CET) Received: from mail-pg1-f225.google.com (mail-pg1-f225.google.com [209.85.215.225]) by mails.dpdk.org (Postfix) with ESMTP id 490E14026A for ; Tue, 11 Nov 2025 09:09:23 +0100 (CET) Received: by mail-pg1-f225.google.com with SMTP id 41be03b00d2f7-b98983bae8eso2103605a12.0 for ; Tue, 11 Nov 2025 00:09:23 -0800 (PST) DKIM-Signature: v=1; a=rsa-sha256; c=relaxed/relaxed; d=iol.unh.edu; s=unh-iol; t=1762848562; x=1763453362; darn=dpdk.org; h=cc:to:from:subject:message-id:date:from:to:cc:subject:date :message-id:reply-to; bh=P3z0WwiG9MlIPUSsWjWm4MJnHd8H1NQKkSUG459g07U=; b=LveAWLWWBvZXxP36VkkmAA5o1Ipu5GO7HlaIi/nH7I2tscTnlgNFtwNHYkc6Mf006b GAXk1qV8fbWVVzDHWymCXptcESO8oa+24G6Sn1Ly7/dKlQEjcNJIxLYgzOy18UMPU1vH TDdzPI0xFsSix2fGF/KoaKSXNVC4D3gxkGV44= X-Google-DKIM-Signature: v=1; a=rsa-sha256; c=relaxed/relaxed; d=1e100.net; s=20230601; t=1762848562; x=1763453362; h=cc:to:from:subject:message-id:date:x-gm-gg:x-gm-message-state:from :to:cc:subject:date:message-id:reply-to; bh=P3z0WwiG9MlIPUSsWjWm4MJnHd8H1NQKkSUG459g07U=; b=QJIjnYShhU4XrkoNSR1IWS0pnnjroH7MQhOegL+O1pn9EEeDvRujM/YWcllLCm4jLM +QWl1MdbyDiqNeO/eQnWCTS73ZH4XACR5RqanVpixCZ49Bp+2gGWcPCI/ylHKZuikRM8 6ZNTewwXnH0IgXUDyopSU9fwUJdQioec/rpOg/jnu0T9H3DV5Q8ax29DivkoKLI4urKT dERpCUBgk64vy5cQJQLdito5ISEMD8LHVNuVcIvTK8dN9BwRZhVZFeBgp6kg2FxyWQ93 oJoRFMiasEuu9f0EQ+EGssyTG6xaKglOJ+duHS8HmUl4xLwDUISwzzs/MeueSnGxorro FM3w== X-Gm-Message-State: AOJu0YyViwJ6ZD5tNJEWxsD0HrtIPuSUQ4Ajf9Ss4SDe7s66bytnQv/B LslGqcB/f2PrnVf0b/tUUiS7Y0N7p39tYwrGIwncYUxk60oN5pZun+ReM7io2GzuAm0p7l9acO8 vNCCIXSioyHzX1u0cPU96AJ3omCrnt2D1X2oC X-Gm-Gg: ASbGncsb552VG52ULNGNt4Fa2xRHc+AWc2do1BxpkjMhom69w4YAQewgnWfv0dCWgaR UFoaDNyy7hEnuDY/P0JP4Hw697Lu8IZEUeYB4UQhvsrtng5dI36GMnkdlmQGHwp6oS2rokGX1zN m5hyH6KlMbw28dKvMYn4leGHq71Q1aegbs5FnZMQy4Or+OfoS1H1gLaTtpUZ6uo3rv0SeoqfBuy Lj4ZA4d39h/4FbRGNYtGrpyUHE07w+lUAOD8ow9qwsRtMDQ6dUyraAlMG/R+iCG+R2tO5NiXL0C b6YfTt2U98uPLypKEjH0jnWy8eBPemkSzBZdiko7LOriI09kUKtKv/x4ESfwb3Ko8NVTjb10WC9 xXMe8yzIPJtyzYKBH7AA/z7KeOOfJtOs= X-Google-Smtp-Source: AGHT+IEzf0ezS0NbR8UUFyKsJGQeaCXcbCVT2BThHtn6o5H2VscxIGK74gtbvYHK+i5sU73/zJdwSgkkWlrv X-Received: by 2002:a17:902:dace:b0:297:e59c:63cc with SMTP id d9443c01a7336-297e59c644dmr152441355ad.35.1762848562168; Tue, 11 Nov 2025 00:09:22 -0800 (PST) Received: from postal.iol.unh.edu (postal.iol.unh.edu. [132.177.123.84]) by smtp-relay.gmail.com with ESMTPS id 98e67ed59e1d1-341d059439dsm1763752a91.4.2025.11.11.00.09.22 (version=TLS1_2 cipher=ECDHE-ECDSA-AES128-GCM-SHA256 bits=128/128); Tue, 11 Nov 2025 00:09:22 -0800 (PST) X-Relaying-Domain: iol.unh.edu Date: Tue, 11 Nov 2025 00:09:22 -0800 (PST) Message-ID: <6912ef32.170a0220.36e910.a71dSMTPIN_ADDED_MISSING@mx.google.com> Received: from [172.21.0.3] (unknown [172.18.0.240]) by postal.iol.unh.edu (Postfix) with ESMTP id 6BB246051830; Tue, 11 Nov 2025 03:09:21 -0500 (EST) Subject: |FAILURE| [GIT MASTER] 62f583c49bf67dd4d6733ece14e55fe6839e66d1 From: dpdklab@iol.unh.edu To: Test Report Cc: dpdk-test-reports@iol.unh.edu, Xueming Li , Christian Ehrhardt , Kevin Traynor , Luca Boccassi Content-Type: text/plain X-BeenThere: test-report@dpdk.org X-Mailman-Version: 2.1.29 Precedence: list List-Id: automatic DPDK test reports List-Unsubscribe: , List-Archive: List-Post: List-Help: List-Subscribe: , Errors-To: test-report-bounces@dpdk.org _Testing issues_ Branch: tags/v23.11 62f583c49bf67dd4d6733ece14e55fe6839e66d1 --> testing issues Upstream job id: Generic-DPDK-Compile-Meson#442832 Test environment and result as below: +------------------------------+--------------------+ | Environment | dpdk_meson_compile | +==============================+====================+ | CentOS Stream 9 | PASS | +------------------------------+--------------------+ | Ubuntu 20.04 | PASS | +------------------------------+--------------------+ | Debian GNU/Linux 12 | PASS | +------------------------------+--------------------+ | Red Hat Enterprise Linux 9.5 | PASS | +------------------------------+--------------------+ | Fedora Linux 42 | FAIL | +------------------------------+--------------------+ | Ubuntu 24.04 | PASS | +------------------------------+--------------------+ | Ubuntu 22.04 | PASS | +------------------------------+--------------------+ | CentOS Stream 10 | PASS | +------------------------------+--------------------+ ==== 20 line log output for Fedora Linux 42 (dpdk_meson_compile): ==== [683/3112] Compiling C object 'drivers/a715181@@tmp_rte_net_dpaa2@sta/net_dpaa2_dpaa2_tm.c.o'. [684/3112] Compiling C object 'drivers/a715181@@tmp_rte_net_dpaa2@sta/net_dpaa2_dpaa2_mux.c.o'. [685/3112] Compiling C object 'drivers/a715181@@tmp_rte_net_dpaa2@sta/net_dpaa2_dpaa2_ethdev.c.o'. [686/3112] Compiling C object 'drivers/a715181@@tmp_rte_net_dpaa2@sta/net_dpaa2_dpaa2_flow.c.o'. FAILED: [code=1] drivers/a715181@@tmp_rte_net_dpaa2@sta/net_dpaa2_dpaa2_flow.c.o ccache cc -Idrivers/a715181@@tmp_rte_net_dpaa2@sta -Idrivers -I../drivers -Idrivers/net/dpaa2 -I../drivers/net/dpaa2 -I../drivers/net/dpaa2/base -I../drivers/net/dpaa2/mc -Ilib/ethdev -I../lib/ethdev -I. -I../ -Iconfig -I../config -Ilib/eal/include -I../lib/eal/include -Ilib/eal/linux/include -I../lib/eal/linux/include -Ilib/eal/arm/include -I../lib/eal/arm/include -Ilib/eal/common -I../lib/eal/common -Ilib/eal -I../lib/eal -Ilib/kvargs -I../lib/kvargs -Ilib/log -I../lib/log -Ilib/telemetry/../metrics -I../lib/telemetry/../metrics -Ilib/telemetry -I../lib/telemetry -Ilib/net -I../lib/net -Ilib/mbuf -I../lib/mbuf -Ilib/mempool -I../lib/mempool -Ilib/ring -I../lib/ring -Ilib/meter -I../lib/meter -Idrivers/bus/pci -I../drivers/bus/pci -I../drivers/bus/pci/linux -Ilib/pci -I../lib/pci -Idrivers/bus/vdev -I../drivers/bus/vdev -Idrivers/mempool/dpaa2 -I../drivers/mempool/dpaa2 -Idrivers/bus/fslmc -I../drivers/bus/fslmc -I../drivers/bus/fslmc/mc -I../drivers/bus/fslmc/qbman/include -I../dri vers/bus/fslmc/portal -Idrivers/common/dpaax -I../drivers/common/dpaax -I../drivers/common/dpaax/caamflib -Ilib/eventdev -I../lib/eventdev -Ilib/hash -I../lib/hash -Ilib/rcu -I../lib/rcu -Ilib/timer -I../lib/timer -Ilib/cryptodev -I../lib/cryptodev -Ilib/dmadev -I../lib/dmadev -fdiagnostics-color=always -pipe -D_FILE_OFFSET_BITS=64 -Wall -Winvalid-pch -Wextra -Werror -std=c11 -O3 -include rte_config.h -Wcast-qual -Wdeprecated -Wformat -Wformat-nonliteral -Wformat-security -Wmissing-declarations -Wmissing-prototypes -Wnested-externs -Wold-style-definition -Wpointer-arith -Wsign-compare -Wstrict-prototypes -Wundef -Wwrite-strings -Wno-address-of-packed-member -Wno-packed-not-aligned -Wno-missing-field-initializers -fzero-init-padding-bits=all -Wno-zero-length-bounds -D_GNU_SOURCE -fPIC -march=armv8.1-a+crc+crypto -mcpu=thunderx2t99 -DALLOW_EXPERIMENTAL_API -DALLOW_INTERNAL_API -Wno-format-truncation -DRTE_LOG_DEFAULT_LOGTYPE=pmd.net.dpaa2 -MD -MQ 'drivers/a715181@@tmp_rte_net_dpaa2@st a/net_dpaa2_dpaa2_flow.c.o' -MF 'drivers/a715181@@tmp_rte_net_dpaa2@sta/net_dpaa2_dpaa2_flow.c.o.d' -o 'drivers/a715181@@tmp_rte_net_dpaa2@sta/net_dpaa2_dpaa2_flow.c.o' -c ../drivers/net/dpaa2/dpaa2_flow.c ../drivers/net/dpaa2/dpaa2_flow.c:103:36: error: initializer-string for array of 'unsigned char' truncates NUL terminator but destination lacks 'nonstring' attribute (7 chars into 6 available) [-Werror=unterminated-string-initialization] 103 | .hdr.dst_addr.addr_bytes = "\xff\xff\xff\xff\xff\xff", | ^~~~~~~~~~~~~~~~~~~~~~~~~~ ../drivers/net/dpaa2/dpaa2_flow.c:104:36: error: initializer-string for array of 'unsigned char' truncates NUL terminator but destination lacks 'nonstring' attribute (7 chars into 6 available) [-Werror=unterminated-string-initialization] 104 | .hdr.src_addr.addr_bytes = "\xff\xff\xff\xff\xff\xff", | ^~~~~~~~~~~~~~~~~~~~~~~~~~ ../drivers/net/dpaa2/dpaa2_flow.c:121:25: error: initializer-string for array of 'unsigned char' truncates NUL terminator but destination lacks 'nonstring' attribute (17 chars into 16 available) [-Werror=unterminated-string-initialization] 121 | "\xff\xff\xff\xff\xff\xff\xff\xff" | ^~~~~~~~~~~~~~~~~~~~~~~~~~~~~~~~~~ ../drivers/net/dpaa2/dpaa2_flow.c:124:25: error: initializer-string for array of 'unsigned char' truncates NUL terminator but destination lacks 'nonstring' attribute (17 chars into 16 available) [-Werror=unterminated-string-initialization] 124 | "\xff\xff\xff\xff\xff\xff\xff\xff" | ^~~~~~~~~~~~~~~~~~~~~~~~~~~~~~~~~~ cc1: all warnings being treated as errors ninja: build stopped: subcommand failed. ==== End log output ==== CentOS Stream 9 Kernel: 5.4 Compiler: gcc gcc (GCC) 11.5.0 20240719 (Red Hat 11.5.0-11) Ubuntu 20.04 Kernel: 5.4 Compiler: gcc gcc (Ubuntu 9.4.0-1ubuntu1~20.04.2) 9.4.0 Debian GNU/Linux 12 Kernel: 5.4 Compiler: gcc gcc (Debian 12.2.0-14+deb12u1) 12.2.0 Red Hat Enterprise Linux 9.5 Kernel: 5.4 Compiler: gcc gcc (GCC) 11.5.0 20240719 (Red Hat 11.5.0-2) Fedora Linux 42 Kernel: 5.4 Compiler: clang gcc (GCC) 15.2.1 20250808 (Red Hat 15.2.1-1) Ubuntu 24.04 Kernel: 5.4 Compiler: gcc gcc (Ubuntu 13.3.0-6ubuntu2~24.04) 13.3.0 Ubuntu 22.04 Kernel: 5.4 Compiler: gcc gcc (Ubuntu 11.4.0-1ubuntu1~22.04) 11.4.0 CentOS Stream 10 Kernel: 5.4 Compiler: gcc gcc (GCC) 14.2.1 20250110 (Red Hat 14.2.1-8) To view detailed results, visit: https://lab.dpdk.org/results/dashboard/tarballs/35532/ UNH-IOL DPDK Community Lab To manage your email subscriptions, visit: https://lab.dpdk.org/results/dashboard/preferences/subscriptions/