From: dpdklab@iol.unh.edu
To: Test Report <test-report@dpdk.org>
Cc: dpdk-test-reports@iol.unh.edu,
Stephen Hemminger <stephen@networkplumber.org>
Subject: |FAILURE| pw158677-158683 [PATCH] [v2,7/7] test: re-enable format-tr
Date: Tue, 11 Nov 2025 15:23:36 -0800 (PST) [thread overview]
Message-ID: <6913c578.050a0220.201126.f2d1SMTPIN_ADDED_MISSING@mx.google.com> (raw)
In-Reply-To: <20251111221857.443752-8-stephen@networkplumber.org>
Test-Label: iol-compile-amd64-testing
Test-Status: FAILURE
http://dpdk.org/patch/158683
_Testing issues_
Submitter: Stephen Hemminger <stephen@networkplumber.org>
Date: Tuesday, November 11 2025 22:17:24
DPDK git baseline: Repo:dpdk
Branch: master
CommitID:be0112878b4fc3a1b918370ed2fe615c52039d77
158677-158683 --> testing issues
Upstream job id: Generic-VM-DPDK-Compile-Meson#39664
Test environment and result as below:
+--------------+--------------------+
| Environment | dpdk_meson_compile |
+==============+====================+
| Ubuntu 20.04 | FAIL |
+--------------+--------------------+
| FreeBSD 14.2 | PEND |
+--------------+--------------------+
==== 20 line log output for Ubuntu 20.04 (dpdk_meson_compile): ====
[3405/3604] Compiling C object app/dpdk-test.p/test_test_cmdline.c.o
[3406/3604] Compiling C object app/dpdk-test.p/test_sample_packet_forward.c.o
[3407/3604] Linking target app/dpdk-test-regex
[3408/3604] Compiling C object app/dpdk-test.p/test_packet_burst_generator.c.o
[3409/3604] Compiling C object app/dpdk-test.p/test_test_cmdline_cirbuf.c.o
[3410/3604] Compiling C object app/dpdk-test.p/test_test_acl.c.o
[3411/3604] Compiling C object app/dpdk-test.p/test_test_bitmap.c.o
[3412/3604] Compiling C object app/dpdk-test.p/test_test_bitratestats.c.o
[3413/3604] Linking target app/dpdk-testpmd
[3414/3604] Compiling C object app/dpdk-test.p/test_test_bitops.c.o
[3415/3604] Compiling C object app/dpdk-test.p/test_test_argparse.c.o
[3416/3604] Compiling C object app/dpdk-test.p/test_test_bpf.c.o
[3417/3604] Compiling C object app/dpdk-test.p/test_test_cksum_perf.c.o
[3418/3604] Linking target app/dpdk-test-security-perf
[3419/3604] Compiling C object app/dpdk-test.p/test_test_cmdline_etheraddr.c.o
[3420/3604] Compiling C object app/dpdk-test.p/test_test_cmdline_ipaddr.c.o
[3421/3604] Compiling C object app/dpdk-test.p/test_test_cksum.c.o
[3422/3604] Compiling C object app/dpdk-test.p/test_test_bitset.c.o
[3423/3604] Generating rte_common_cnxk.sym_chk with a custom command (wrapped by meson to capture output)
ninja: build stopped: subcommand failed.
==== End log output ====
Ubuntu 20.04
Kernel: 4.19
Compiler: gcc gcc (Ubuntu 9.4.0-1ubuntu1~20.04.2) 9.4.0
FreeBSD 14.2
Kernel: 14.2-RELEASE
Compiler: clang 18.1.6
To view detailed results, visit:
https://lab.dpdk.org/results/dashboard/patchsets/34541/
UNH-IOL DPDK Community Lab
To manage your email subscriptions, visit:
https://lab.dpdk.org/results/dashboard/preferences/subscriptions/
next prev parent reply other threads:[~2025-11-11 23:23 UTC|newest]
Thread overview: 17+ messages / expand[flat|nested] mbox.gz Atom feed top
[not found] <20251111221857.443752-8-stephen@networkplumber.org>
2025-11-11 21:45 ` |SUCCESS| pw158677-158683 [PATCH v2 7/7] test: re-enable format-truncation warnings qemudev
2025-11-11 21:50 ` |FAILURE| " qemudev
2025-11-11 22:20 ` |SUCCESS| pw158683 " checkpatch
2025-11-11 23:04 ` |FAILURE| " 0-day Robot
2025-11-11 23:23 ` dpdklab [this message]
2025-11-11 23:26 ` |SUCCESS| pw158677-158683 [PATCH] [v2,7/7] test: re-enable format-tr dpdklab
2025-11-11 23:28 ` |FAILURE| " dpdklab
2025-11-11 23:31 ` |SUCCESS| " dpdklab
2025-11-11 23:36 ` |PENDING| " dpdklab
2025-11-11 23:39 ` |FAILURE| " dpdklab
2025-11-11 23:43 ` |WARNING| " dpdklab
2025-11-11 23:49 ` |SUCCESS| " dpdklab
2025-11-11 23:54 ` |PENDING| " dpdklab
2025-11-12 0:08 ` |FAILURE| " dpdklab
2025-11-12 0:13 ` |SUCCESS| " dpdklab
2025-11-12 0:20 ` dpdklab
2025-11-12 0:22 ` |WARNING| " dpdklab
Reply instructions:
You may reply publicly to this message via plain-text email
using any one of the following methods:
* Save the following mbox file, import it into your mail client,
and reply-to-all from there: mbox
Avoid top-posting and favor interleaved quoting:
https://en.wikipedia.org/wiki/Posting_style#Interleaved_style
* Reply using the --to, --cc, and --in-reply-to
switches of git-send-email(1):
git send-email \
--in-reply-to=6913c578.050a0220.201126.f2d1SMTPIN_ADDED_MISSING@mx.google.com \
--to=dpdklab@iol.unh.edu \
--cc=dpdk-test-reports@iol.unh.edu \
--cc=stephen@networkplumber.org \
--cc=test-report@dpdk.org \
/path/to/YOUR_REPLY
https://kernel.org/pub/software/scm/git/docs/git-send-email.html
* If your mail client supports setting the In-Reply-To header
via mailto: links, try the mailto: link
Be sure your reply has a Subject: header at the top and a blank line
before the message body.
This is a public inbox, see mirroring instructions
for how to clone and mirror all data and code used for this inbox;
as well as URLs for NNTP newsgroup(s).