automatic DPDK test reports
 help / color / mirror / Atom feed
From: dpdklab@iol.unh.edu
To: Test Report <test-report@dpdk.org>
Cc: dpdk-test-reports@iol.unh.edu,
	Stephen Hemminger <stephen@networkplumber.org>
Subject: |FAILURE| pw158677-158683 [PATCH] [v2,7/7] test: re-enable format-tr
Date: Tue, 11 Nov 2025 15:28:36 -0800 (PST)	[thread overview]
Message-ID: <6913c6a4.050a0220.3a7e8a.34eaSMTPIN_ADDED_MISSING@mx.google.com> (raw)
In-Reply-To: <20251111221857.443752-8-stephen@networkplumber.org>

Test-Label: iol-compile-amd64-testing
Test-Status: FAILURE
http://dpdk.org/patch/158683

_Testing issues_

Submitter: Stephen Hemminger <stephen@networkplumber.org>
Date: Tuesday, November 11 2025 22:17:24 
DPDK git baseline: Repo:dpdk
  Branch: master
  CommitID:be0112878b4fc3a1b918370ed2fe615c52039d77

158677-158683 --> testing issues

Upstream job id: Generic-VM-DPDK-Compile-Meson#39665

Test environment and result as below:

+--------------+--------------------+
| Environment  | dpdk_meson_compile |
+==============+====================+
| Ubuntu 20.04 | FAIL               |
+--------------+--------------------+
| FreeBSD 14.2 | FAIL               |
+--------------+--------------------+

==== 20 line log output for FreeBSD 14.2 (dpdk_meson_compile): ====
[1982/2125] Compiling C object app/dpdk-test.p/test_test_cryptodev_asym.c.o
[1983/2125] Compiling C object app/dpdk-test.p/test_test_distributor_perf.c.o
[1984/2125] Compiling C object app/dpdk-test.p/test_test_eal_fs.c.o
[1985/2125] Compiling C object app/dpdk-test.p/test_test_dmadev_api.c.o
[1986/2125] Compiling C object app/dpdk-test.p/test_test_eal_flags.c.o
FAILED: app/dpdk-test.p/test_test_eal_flags.c.o
cc -Iapp/dpdk-test.p -Iapp -I../app -Ilib/cmdline -I../lib/cmdline -Ilib/eal/common -I../lib/eal/common -I. -I.. -Iconfig -I../config -Ilib/eal/include -I../lib/eal/include -Ilib/eal/freebsd/include -I../lib/eal/freebsd/include -Ilib/eal/x86/include -I../lib/eal/x86/include -Ilib/eal -I../lib/eal -Ilib/kvargs -I../lib/kvargs -Ilib/log -I../lib/log -Ilib/metrics -I../lib/metrics -Ilib/telemetry -I../lib/telemetry -Ilib/argparse -I../lib/argparse -Ilib/net -I../lib/net -Ilib/mbuf -I../lib/mbuf -Ilib/mempool -I../lib/mempool -Ilib/ring -I../lib/ring -Idrivers/net/ring -I../drivers/net/ring -Ilib/ethdev -I../lib/ethdev -Ilib/meter -I../lib/meter -Idrivers/bus/pci -I../drivers/bus/pci -I../drivers/bus/pci/bsd -Ilib/pci -I../lib/pci -Idrivers/bus/vdev -I../drivers/bus/vdev -Ilib/acl -I../lib/acl -Ilib/hash -I../lib/hash -Ilib/rcu -I../lib/rcu -Ilib/bitratestats -I../lib/bitratestats -Ilib/bpf -I../lib/bpf -Ilib/cfgfile -I../lib/cfgfile -Ilib/compressdev -I../lib/compressdev -Ilib/cryptodev
  -I../lib/cryptodev -Ilib/security -I../lib/security -Ilib/dispatcher -I../lib/dispatcher -Ilib/eventdev -I../lib/eventdev -Ilib/timer -I../lib/timer -Ilib/dmadev -I../lib/dmadev -Ilib/distributor -I../lib/distributor -Ilib/efd -I../lib/efd -Ilib/fib -I../lib/fib -Ilib/rib -I../lib/rib -Ilib/table -I../lib/table -Ilib/port -I../lib/port -Ilib/sched -I../lib/sched -Ilib/ip_frag -I../lib/ip_frag -Ilib/lpm -I../lib/lpm -Ilib/graph -I../lib/graph -Ilib/pcapng -I../lib/pcapng -Ilib/ipsec -I../lib/ipsec -Ilib/latencystats -I../lib/latencystats -Idrivers/net/bonding -I../drivers/net/bonding -Ilib/member -I../lib/member -Ilib/pdcp -I../lib/pdcp -Ilib/reorder -I../lib/reorder -Ilib/pdump -I../lib/pdump -Ilib/ptr_compress -I../lib/ptr_compress -Ilib/rawdev -I../lib/rawdev -Idrivers/raw/skeleton -I../drivers/raw/skeleton -Ilib/stack -I../lib/stack -Ilib/pipeline -I../lib/pipeline -Idrivers/crypto/scheduler -I../drivers/crypto/scheduler -Iapp/test/test_cfgfiles -I/usr/local/include -Xclang -fco
 lor-diagnostics -pipe -D_FILE_OFFSET_BITS=64 -Wall -Winvalid-pch -Wextra -Werror -std=c11 -O3 -include rte_config.h -Wvla -Wcast-qual -Wcomma -Wdeprecated -Wformat -Wformat-nonliteral -Wformat-security -Wmissing-declarations -Wmissing-prototypes -Wnested-externs -Wold-style-definition -Wpointer-arith -Wsign-compare -Wstrict-prototypes -Wundef -Wwrite-strings -Wno-missing-field-initializers -D_GNU_SOURCE -D__BSD_VISIBLE -march=native -mrtm -DALLOW_EXPERIMENTAL_API -Wno-vla -fno-strict-aliasing -DALLOW_INTERNAL_API -MD -MQ app/dpdk-test.p/test_test_eal_flags.c.o -MF app/dpdk-test.p/test_test_eal_flags.c.o.d -o app/dpdk-test.p/test_test_eal_flags.c.o -c ../app/test/test_eal_flags.c
../app/test/test_eal_flags.c:323:15: error: use of undeclared identifier 'len'
323 |         RTE_SET_USED(len);
|                      ^
../app/test/test_eal_flags.c:319:38: error: unused parameter 'size' [-Werror,-Wunused-parameter]
319 | get_file_prefix(char *prefix, size_t size)
|                                      ^
2 errors generated.
[1987/2125] Compiling C object app/dpdk-test.p/test_test_distributor.c.o
[1988/2125] Compiling C object app/dpdk-test.p/test_test_efd.c.o
[1989/2125] Compiling C object app/dpdk-test.p/test_test_dmadev.c.o
[1990/2125] Compiling C object app/dpdk-test.p/test_test_efd_perf.c.o
[1991/2125] Compiling C object app/dpdk-test.p/test_test_cryptodev.c.o
ninja: build stopped: subcommand failed.
==== End log output ====

Ubuntu 20.04
	Kernel: 4.19
	Compiler: gcc gcc (Ubuntu 9.4.0-1ubuntu1~20.04.2) 9.4.0

FreeBSD 14.2
	Kernel: 14.2-RELEASE
	Compiler: clang 18.1.6

To view detailed results, visit:
https://lab.dpdk.org/results/dashboard/patchsets/34541/

UNH-IOL DPDK Community Lab

To manage your email subscriptions, visit: 
https://lab.dpdk.org/results/dashboard/preferences/subscriptions/

  parent reply	other threads:[~2025-11-11 23:28 UTC|newest]

Thread overview: 17+ messages / expand[flat|nested]  mbox.gz  Atom feed  top
     [not found] <20251111221857.443752-8-stephen@networkplumber.org>
2025-11-11 21:45 ` |SUCCESS| pw158677-158683 [PATCH v2 7/7] test: re-enable format-truncation warnings qemudev
2025-11-11 21:50 ` |FAILURE| " qemudev
2025-11-11 22:20 ` |SUCCESS| pw158683 " checkpatch
2025-11-11 23:04 ` |FAILURE| " 0-day Robot
2025-11-11 23:23 ` |FAILURE| pw158677-158683 [PATCH] [v2,7/7] test: re-enable format-tr dpdklab
2025-11-11 23:26 ` |SUCCESS| " dpdklab
2025-11-11 23:28 ` dpdklab [this message]
2025-11-11 23:31 ` dpdklab
2025-11-11 23:36 ` |PENDING| " dpdklab
2025-11-11 23:39 ` |FAILURE| " dpdklab
2025-11-11 23:43 ` |WARNING| " dpdklab
2025-11-11 23:49 ` |SUCCESS| " dpdklab
2025-11-11 23:54 ` |PENDING| " dpdklab
2025-11-12  0:08 ` |FAILURE| " dpdklab
2025-11-12  0:13 ` |SUCCESS| " dpdklab
2025-11-12  0:20 ` dpdklab
2025-11-12  0:22 ` |WARNING| " dpdklab

Reply instructions:

You may reply publicly to this message via plain-text email
using any one of the following methods:

* Save the following mbox file, import it into your mail client,
  and reply-to-all from there: mbox

  Avoid top-posting and favor interleaved quoting:
  https://en.wikipedia.org/wiki/Posting_style#Interleaved_style

* Reply using the --to, --cc, and --in-reply-to
  switches of git-send-email(1):

  git send-email \
    --in-reply-to=6913c6a4.050a0220.3a7e8a.34eaSMTPIN_ADDED_MISSING@mx.google.com \
    --to=dpdklab@iol.unh.edu \
    --cc=dpdk-test-reports@iol.unh.edu \
    --cc=stephen@networkplumber.org \
    --cc=test-report@dpdk.org \
    /path/to/YOUR_REPLY

  https://kernel.org/pub/software/scm/git/docs/git-send-email.html

* If your mail client supports setting the In-Reply-To header
  via mailto: links, try the mailto: link
Be sure your reply has a Subject: header at the top and a blank line before the message body.
This is a public inbox, see mirroring instructions
for how to clone and mirror all data and code used for this inbox;
as well as URLs for NNTP newsgroup(s).