automatic DPDK test reports
 help / color / mirror / Atom feed
From: dpdklab@iol.unh.edu
To: Test Report <test-report@dpdk.org>
Cc: dpdk-test-reports@iol.unh.edu
Subject: |PENDING| pw158677-158683 [PATCH] [v2,7/7] test: re-enable format-tr
Date: Tue, 11 Nov 2025 15:36:33 -0800 (PST)	[thread overview]
Message-ID: <6913c881.050a0220.23ae2c.51b6SMTPIN_ADDED_MISSING@mx.google.com> (raw)
In-Reply-To: <20251111221857.443752-8-stephen@networkplumber.org>

Test-Label: iol-sample-apps-testing
Test-Status: PENDING
http://dpdk.org/patch/158683

_Testing pending_

Submitter: Stephen Hemminger <stephen@networkplumber.org>
Date: Tuesday, November 11 2025 22:17:24 
DPDK git baseline: Repo:dpdk
  Branch: master
  CommitID:be0112878b4fc3a1b918370ed2fe615c52039d77

158677-158683 --> testing pending

Upstream job id: Template-DTS-Pipeline#254180

Test environment and result as below:

+--------------+----------------------+----------------------+
| Environment  | dpdk_fips_validation | compressdev_zlib_pmd |
+==============+======================+======================+
| Ubuntu 20.04 | PEND                 | SKIPPED              |
+--------------+----------------------+----------------------+
| Ubuntu 22.04 | SKIPPED              | PASS                 |
+--------------+----------------------+----------------------+


Ubuntu 20.04
	Kernel: 5.15
	Compiler: gcc gcc (Ubuntu 9.4.0-1ubuntu1~20.04.2) 9.4.0

Ubuntu 22.04
	Kernel: 5.15
	Compiler: gcc gcc (Ubuntu 11.4.0-1ubuntu1~22.04.2) 11.4.0

To view detailed results, visit:
https://lab.dpdk.org/results/dashboard/patchsets/34541/

UNH-IOL DPDK Community Lab

To manage your email subscriptions, visit: 
https://lab.dpdk.org/results/dashboard/preferences/subscriptions/

  parent reply	other threads:[~2025-11-11 23:36 UTC|newest]

Thread overview: 17+ messages / expand[flat|nested]  mbox.gz  Atom feed  top
     [not found] <20251111221857.443752-8-stephen@networkplumber.org>
2025-11-11 21:45 ` |SUCCESS| pw158677-158683 [PATCH v2 7/7] test: re-enable format-truncation warnings qemudev
2025-11-11 21:50 ` |FAILURE| " qemudev
2025-11-11 22:20 ` |SUCCESS| pw158683 " checkpatch
2025-11-11 23:04 ` |FAILURE| " 0-day Robot
2025-11-11 23:23 ` |FAILURE| pw158677-158683 [PATCH] [v2,7/7] test: re-enable format-tr dpdklab
2025-11-11 23:26 ` |SUCCESS| " dpdklab
2025-11-11 23:28 ` |FAILURE| " dpdklab
2025-11-11 23:31 ` |SUCCESS| " dpdklab
2025-11-11 23:36 ` dpdklab [this message]
2025-11-11 23:39 ` |FAILURE| " dpdklab
2025-11-11 23:43 ` |WARNING| " dpdklab
2025-11-11 23:49 ` |SUCCESS| " dpdklab
2025-11-11 23:54 ` |PENDING| " dpdklab
2025-11-12  0:08 ` |FAILURE| " dpdklab
2025-11-12  0:13 ` |SUCCESS| " dpdklab
2025-11-12  0:20 ` dpdklab
2025-11-12  0:22 ` |WARNING| " dpdklab

Reply instructions:

You may reply publicly to this message via plain-text email
using any one of the following methods:

* Save the following mbox file, import it into your mail client,
  and reply-to-all from there: mbox

  Avoid top-posting and favor interleaved quoting:
  https://en.wikipedia.org/wiki/Posting_style#Interleaved_style

* Reply using the --to, --cc, and --in-reply-to
  switches of git-send-email(1):

  git send-email \
    --in-reply-to=6913c881.050a0220.23ae2c.51b6SMTPIN_ADDED_MISSING@mx.google.com \
    --to=dpdklab@iol.unh.edu \
    --cc=dpdk-test-reports@iol.unh.edu \
    --cc=test-report@dpdk.org \
    /path/to/YOUR_REPLY

  https://kernel.org/pub/software/scm/git/docs/git-send-email.html

* If your mail client supports setting the In-Reply-To header
  via mailto: links, try the mailto: link
Be sure your reply has a Subject: header at the top and a blank line before the message body.
This is a public inbox, see mirroring instructions
for how to clone and mirror all data and code used for this inbox;
as well as URLs for NNTP newsgroup(s).