automatic DPDK test reports
 help / color / mirror / Atom feed
From: dpdklab@iol.unh.edu
To: Test Report <test-report@dpdk.org>
Cc: dpdk-test-reports@iol.unh.edu
Subject: |WARNING| pw158677-158683 [PATCH] [v2,7/7] test: re-enable format-tr
Date: Tue, 11 Nov 2025 16:22:41 -0800 (PST)	[thread overview]
Message-ID: <6913d351.170a0220.287989.6510SMTPIN_ADDED_MISSING@mx.google.com> (raw)
In-Reply-To: <20251111221857.443752-8-stephen@networkplumber.org>

Test-Label: iol-sample-apps-testing
Test-Status: WARNING
http://dpdk.org/patch/158683

_Testing issues_

Submitter: Stephen Hemminger <stephen@networkplumber.org>
Date: Tuesday, November 11 2025 22:17:24 
DPDK git baseline: Repo:dpdk
  Branch: master
  CommitID:be0112878b4fc3a1b918370ed2fe615c52039d77

158677-158683 --> testing issues

Upstream job id: Template-DTS-Pipeline#254179

Test environment and result as below:

+--------------+----------------------+----------------------+
| Environment  | dpdk_fips_validation | compressdev_zlib_pmd |
+==============+======================+======================+
| Ubuntu 20.04 | WARN                 | SKIPPED              |
+--------------+----------------------+----------------------+
| Ubuntu 22.04 | SKIPPED              | PASS                 |
+--------------+----------------------+----------------------+

==== 20 line log output for Ubuntu 20.04 (dpdk_fips_validation): ====
|        ~~~~~~~~~~~~~~~~~~~~~~~~~~~~~~~~~~~~~
cc1: all warnings being treated as errors
[3418/3635] Compiling C object app/dpdk-test.p/test_test_cmdline.c.o
[3419/3635] Compiling C object app/dpdk-test.p/test_test_acl.c.o
[3420/3635] Compiling C object app/dpdk-testpmd.p/test-pmd_config.c.o
[3421/3635] Compiling C object app/dpdk-test.p/test_test_bitratestats.c.o
[3422/3635] Compiling C object app/dpdk-test.p/test_test_cmdline_num.c.o
[3423/3635] Compiling C object app/dpdk-test.p/test_test_bpf.c.o
[3424/3635] Compiling C object app/dpdk-test.p/test_test_cmdline_cirbuf.c.o
[3425/3635] Compiling C object app/dpdk-test.p/test_sample_packet_forward.c.o
[3426/3635] Compiling C object examples/dpdk-fips_validation.p/fips_validation_main.c.o
[3427/3635] Compiling C object app/dpdk-test.p/test_test_cmdline_etheraddr.c.o
[3428/3635] Compiling C object app/dpdk-test.p/test_packet_burst_generator.c.o
[3429/3635] Compiling C object app/dpdk-test.p/test_test_cksum_perf.c.o
[3430/3635] Compiling C object app/dpdk-test.p/test_test_cksum.c.o
[3431/3635] Compiling C object app/dpdk-test.p/test_test_cmdline_ipaddr.c.o
[3432/3635] Compiling C object app/dpdk-test.p/test_test_bitset.c.o
[3433/3635] Compiling C object drivers/libtmp_rte_crypto_cnxk.a.p/crypto_cnxk_cn20k_cryptodev_ops.c.o
[3434/3635] Compiling C object drivers/libtmp_rte_crypto_cnxk.a.p/crypto_cnxk_cn10k_cryptodev_ops.c.o
ninja: build stopped: subcommand failed.
==== End log output ====

Ubuntu 20.04
	Kernel: 5.15
	Compiler: gcc gcc (Ubuntu 9.4.0-1ubuntu1~20.04.2) 9.4.0

Ubuntu 22.04
	Kernel: 5.15
	Compiler: gcc gcc (Ubuntu 11.4.0-1ubuntu1~22.04.2) 11.4.0

To view detailed results, visit:
https://lab.dpdk.org/results/dashboard/patchsets/34541/

UNH-IOL DPDK Community Lab

To manage your email subscriptions, visit: 
https://lab.dpdk.org/results/dashboard/preferences/subscriptions/

      parent reply	other threads:[~2025-11-12  0:22 UTC|newest]

Thread overview: 17+ messages / expand[flat|nested]  mbox.gz  Atom feed  top
     [not found] <20251111221857.443752-8-stephen@networkplumber.org>
2025-11-11 21:45 ` |SUCCESS| pw158677-158683 [PATCH v2 7/7] test: re-enable format-truncation warnings qemudev
2025-11-11 21:50 ` |FAILURE| " qemudev
2025-11-11 22:20 ` |SUCCESS| pw158683 " checkpatch
2025-11-11 23:04 ` |FAILURE| " 0-day Robot
2025-11-11 23:23 ` |FAILURE| pw158677-158683 [PATCH] [v2,7/7] test: re-enable format-tr dpdklab
2025-11-11 23:26 ` |SUCCESS| " dpdklab
2025-11-11 23:28 ` |FAILURE| " dpdklab
2025-11-11 23:31 ` |SUCCESS| " dpdklab
2025-11-11 23:36 ` |PENDING| " dpdklab
2025-11-11 23:39 ` |FAILURE| " dpdklab
2025-11-11 23:43 ` |WARNING| " dpdklab
2025-11-11 23:49 ` |SUCCESS| " dpdklab
2025-11-11 23:54 ` |PENDING| " dpdklab
2025-11-12  0:08 ` |FAILURE| " dpdklab
2025-11-12  0:13 ` |SUCCESS| " dpdklab
2025-11-12  0:20 ` dpdklab
2025-11-12  0:22 ` dpdklab [this message]

Reply instructions:

You may reply publicly to this message via plain-text email
using any one of the following methods:

* Save the following mbox file, import it into your mail client,
  and reply-to-all from there: mbox

  Avoid top-posting and favor interleaved quoting:
  https://en.wikipedia.org/wiki/Posting_style#Interleaved_style

* Reply using the --to, --cc, and --in-reply-to
  switches of git-send-email(1):

  git send-email \
    --in-reply-to=6913d351.170a0220.287989.6510SMTPIN_ADDED_MISSING@mx.google.com \
    --to=dpdklab@iol.unh.edu \
    --cc=dpdk-test-reports@iol.unh.edu \
    --cc=test-report@dpdk.org \
    /path/to/YOUR_REPLY

  https://kernel.org/pub/software/scm/git/docs/git-send-email.html

* If your mail client supports setting the In-Reply-To header
  via mailto: links, try the mailto: link
Be sure your reply has a Subject: header at the top and a blank line before the message body.
This is a public inbox, see mirroring instructions
for how to clone and mirror all data and code used for this inbox;
as well as URLs for NNTP newsgroup(s).