From mboxrd@z Thu Jan 1 00:00:00 1970 Return-Path: Received: from mails.dpdk.org (mails.dpdk.org [217.70.189.124]) by inbox.dpdk.org (Postfix) with ESMTP id 4397548AE8 for ; Wed, 12 Nov 2025 06:19:13 +0100 (CET) Received: from mails.dpdk.org (localhost [127.0.0.1]) by mails.dpdk.org (Postfix) with ESMTP id 31D4B4026A; Wed, 12 Nov 2025 06:19:13 +0100 (CET) Received: from mail-pg1-f228.google.com (mail-pg1-f228.google.com [209.85.215.228]) by mails.dpdk.org (Postfix) with ESMTP id A146D4026A for ; Wed, 12 Nov 2025 06:19:11 +0100 (CET) Received: by mail-pg1-f228.google.com with SMTP id 41be03b00d2f7-b98a619f020so367716a12.2 for ; Tue, 11 Nov 2025 21:19:11 -0800 (PST) DKIM-Signature: v=1; a=rsa-sha256; c=relaxed/relaxed; d=iol.unh.edu; s=unh-iol; t=1762924751; x=1763529551; darn=dpdk.org; h=references:in-reply-to:cc:to:from:subject:message-id:date:from:to :cc:subject:date:message-id:reply-to; bh=rIbcqJuOTqgo72Fsj07otikcgg3TqqrJRcR19FY0rW8=; b=cd6LILiJNELPBZqsIRC/PJ6DPVQxwBoZDW6dSxpq9bI/q4A2vOd8Lg5KEHXsz5jdDz E4J5DX7mWAdU3b6Yix/N6529A8yQAFDCR0aeT+oWyjUNEEdX3bW7gkamyW5syDGeNm5W X6eQrxWCAl3o6oKoD86LnYQeS/Z0jmyLsbQIo= X-Google-DKIM-Signature: v=1; a=rsa-sha256; c=relaxed/relaxed; d=1e100.net; s=20230601; t=1762924751; x=1763529551; h=references:in-reply-to:cc:to:from:subject:message-id:date:x-gm-gg :x-gm-message-state:from:to:cc:subject:date:message-id:reply-to; bh=rIbcqJuOTqgo72Fsj07otikcgg3TqqrJRcR19FY0rW8=; b=pbESJ6xiQi4ScTORXeK2NUZKFoSwxZUjkP2RNlhJbKAm+FVKh+tjRjwye765pmKRsy /IUAJUx2oOf8hExi+HKWVH26CxYp6gSkAuxP+xqZnpAQ16QebUdCepCKhXJDI5x/xGtb 2NEYiOboWnruO4UbMwCpPQrjXsyqX3HTBBb0vAXDwcNOSNva8meXoO/gv0G2r6Y9/e4S jz7Lzh59JMH8MoFtY6acE3nSCVJyxXhaE2NdNxmgEPudm0/WQk8kg/N8wHcrbScaku7d GfPC2kHcK27xjf9hDLb3OsmML5pVTLW43EHs5jRkHL0wNbBLYvnhV0bYeAObjGRCjrKw Ew2A== X-Gm-Message-State: AOJu0YwPVhTcvlSbtYiBc/bDaLByfpqEMWee1dmuVumgG4OZ3LSK9rvC 0bWg/E2PN42PsETZsCxmMLOJngNhz8Hl6XKwGYPp4qscOYhl4cCXCyb0WPAkNXxldLSCgAq0wlp 5U1HWWMw7QOtoVzwPFkgybNZ9xB3Fzph7gw2ImOoXZIlV X-Gm-Gg: ASbGncunD0FIl8k2nRKYrPoEuwMZKq5ZN5SoZlzA0Pw7u73v5F5QqeEd4HCrF+Jxak6 q0Tkh0extZAnfszYN61n/BPoaXYC89Unt5/LqT4Hk7PBwZRf4hn+GYQ/l/VAObJleWJubqd93e8 kIJUjkTsyTUzJuIGPfMDlhpOc/uePD/XadnOowRXxube1WcivubHRO5khQwWquuhpEY8J5y0TRc enOasVNNwzgFtgoEpOQrAt8lvVxXqy1ioy/f1sJlukIL60/bvTKd26qOf94IyEaLvEFeSayriot G+GFzaBmxjjpAVMbEGs9vMjp9Se0+cGLhuT1YAH/9BwX+MkC5QItDsoq+gJ+I69wLARWl7VIcdC X66B8JC07+LhCpcxDknbjFWEcsCC9aa0= X-Google-Smtp-Source: AGHT+IFze8JsYLrrqCVSxVl78ddbp/jkx2vEvpsxu1ms6wvuM3Du1MDmnTiwuCze9ZTRj44ClwpTitgLc2Dl X-Received: by 2002:a17:903:18b:b0:296:4d61:6cdb with SMTP id d9443c01a7336-2984eda429dmr24770955ad.27.1762924750672; Tue, 11 Nov 2025 21:19:10 -0800 (PST) Received: from postal.iol.unh.edu (postal.iol.unh.edu. [132.177.123.84]) by smtp-relay.gmail.com with ESMTPS id d9443c01a7336-2984dd515f7sm1659325ad.57.2025.11.11.21.19.10 (version=TLS1_2 cipher=ECDHE-ECDSA-AES128-GCM-SHA256 bits=128/128); Tue, 11 Nov 2025 21:19:10 -0800 (PST) X-Relaying-Domain: iol.unh.edu Date: Tue, 11 Nov 2025 21:19:10 -0800 (PST) Message-ID: <691418ce.170a0220.a6924.8aebSMTPIN_ADDED_MISSING@mx.google.com> Received: from [172.21.0.2] (unknown [172.18.0.240]) by postal.iol.unh.edu (Postfix) with ESMTP id D1F766051830; Wed, 12 Nov 2025 00:19:09 -0500 (EST) Subject: |FAILURE| pw158677-158683 [PATCH] [v2,7/7] test: re-enable format-tr From: dpdklab@iol.unh.edu To: Test Report Cc: dpdk-test-reports@iol.unh.edu, Stephen Hemminger In-Reply-To: <20251111221857.443752-8-stephen@networkplumber.org> References: <20251111221857.443752-8-stephen@networkplumber.org> Content-Type: text/plain X-BeenThere: test-report@dpdk.org X-Mailman-Version: 2.1.29 Precedence: list List-Id: automatic DPDK test reports List-Unsubscribe: , List-Archive: List-Post: List-Help: List-Subscribe: , Errors-To: test-report-bounces@dpdk.org Test-Label: iol-compile-amd64-testing Test-Status: FAILURE http://dpdk.org/patch/158683 _Testing issues_ Submitter: Stephen Hemminger Date: Tuesday, November 11 2025 22:17:24 DPDK git baseline: Repo:dpdk Branch: master CommitID:be0112878b4fc3a1b918370ed2fe615c52039d77 158677-158683 --> testing issues Upstream job id: Generic-DPDK-Compile-Meson#443163 Test environment and result as below: +---------------------+--------------------+------------------+ | Environment | dpdk_meson_compile | dpdk_compile_ovs | +=====================+====================+==================+ | Ubuntu 20.04 | FAIL | SKIPPED | +---------------------+--------------------+------------------+ | FreeBSD 14.2 | FAIL | SKIPPED | +---------------------+--------------------+------------------+ | CentOS Stream 9 | PASS | SKIPPED | +---------------------+--------------------+------------------+ | CentOS Stream 10 | PEND | SKIPPED | +---------------------+--------------------+------------------+ | Fedora Linux 42 | PEND | PEND | +---------------------+--------------------+------------------+ | Debian GNU/Linux 12 | PEND | SKIPPED | +---------------------+--------------------+------------------+ ==== 20 line log output for FreeBSD 14.2 (dpdk_meson_compile): ==== [1982/2125] Compiling C object app/dpdk-test.p/test_test_cryptodev_asym.c.o [1983/2125] Compiling C object app/dpdk-test.p/test_test_distributor_perf.c.o [1984/2125] Compiling C object app/dpdk-test.p/test_test_eal_fs.c.o [1985/2125] Compiling C object app/dpdk-test.p/test_test_dmadev_api.c.o [1986/2125] Compiling C object app/dpdk-test.p/test_test_eal_flags.c.o FAILED: app/dpdk-test.p/test_test_eal_flags.c.o cc -Iapp/dpdk-test.p -Iapp -I../app -Ilib/cmdline -I../lib/cmdline -Ilib/eal/common -I../lib/eal/common -I. -I.. -Iconfig -I../config -Ilib/eal/include -I../lib/eal/include -Ilib/eal/freebsd/include -I../lib/eal/freebsd/include -Ilib/eal/x86/include -I../lib/eal/x86/include -Ilib/eal -I../lib/eal -Ilib/kvargs -I../lib/kvargs -Ilib/log -I../lib/log -Ilib/metrics -I../lib/metrics -Ilib/telemetry -I../lib/telemetry -Ilib/argparse -I../lib/argparse -Ilib/net -I../lib/net -Ilib/mbuf -I../lib/mbuf -Ilib/mempool -I../lib/mempool -Ilib/ring -I../lib/ring -Idrivers/net/ring -I../drivers/net/ring -Ilib/ethdev -I../lib/ethdev -Ilib/meter -I../lib/meter -Idrivers/bus/pci -I../drivers/bus/pci -I../drivers/bus/pci/bsd -Ilib/pci -I../lib/pci -Idrivers/bus/vdev -I../drivers/bus/vdev -Ilib/acl -I../lib/acl -Ilib/hash -I../lib/hash -Ilib/rcu -I../lib/rcu -Ilib/bitratestats -I../lib/bitratestats -Ilib/bpf -I../lib/bpf -Ilib/cfgfile -I../lib/cfgfile -Ilib/compressdev -I../lib/compressdev -Ilib/cryptodev -I../lib/cryptodev -Ilib/security -I../lib/security -Ilib/dispatcher -I../lib/dispatcher -Ilib/eventdev -I../lib/eventdev -Ilib/timer -I../lib/timer -Ilib/dmadev -I../lib/dmadev -Ilib/distributor -I../lib/distributor -Ilib/efd -I../lib/efd -Ilib/fib -I../lib/fib -Ilib/rib -I../lib/rib -Ilib/table -I../lib/table -Ilib/port -I../lib/port -Ilib/sched -I../lib/sched -Ilib/ip_frag -I../lib/ip_frag -Ilib/lpm -I../lib/lpm -Ilib/graph -I../lib/graph -Ilib/pcapng -I../lib/pcapng -Ilib/ipsec -I../lib/ipsec -Ilib/latencystats -I../lib/latencystats -Idrivers/net/bonding -I../drivers/net/bonding -Ilib/member -I../lib/member -Ilib/pdcp -I../lib/pdcp -Ilib/reorder -I../lib/reorder -Ilib/pdump -I../lib/pdump -Ilib/ptr_compress -I../lib/ptr_compress -Ilib/rawdev -I../lib/rawdev -Idrivers/raw/skeleton -I../drivers/raw/skeleton -Ilib/stack -I../lib/stack -Ilib/pipeline -I../lib/pipeline -Idrivers/crypto/scheduler -I../drivers/crypto/scheduler -Iapp/test/test_cfgfiles -I/usr/local/include -Xclang -fco lor-diagnostics -pipe -D_FILE_OFFSET_BITS=64 -Wall -Winvalid-pch -Wextra -Werror -std=c11 -O3 -include rte_config.h -Wvla -Wcast-qual -Wcomma -Wdeprecated -Wformat -Wformat-nonliteral -Wformat-security -Wmissing-declarations -Wmissing-prototypes -Wnested-externs -Wold-style-definition -Wpointer-arith -Wsign-compare -Wstrict-prototypes -Wundef -Wwrite-strings -Wno-missing-field-initializers -D_GNU_SOURCE -D__BSD_VISIBLE -march=native -mrtm -DALLOW_EXPERIMENTAL_API -Wno-vla -fno-strict-aliasing -DALLOW_INTERNAL_API -MD -MQ app/dpdk-test.p/test_test_eal_flags.c.o -MF app/dpdk-test.p/test_test_eal_flags.c.o.d -o app/dpdk-test.p/test_test_eal_flags.c.o -c ../app/test/test_eal_flags.c ../app/test/test_eal_flags.c:323:15: error: use of undeclared identifier 'len' 323 | RTE_SET_USED(len); | ^ ../app/test/test_eal_flags.c:319:38: error: unused parameter 'size' [-Werror,-Wunused-parameter] 319 | get_file_prefix(char *prefix, size_t size) | ^ 2 errors generated. [1987/2125] Compiling C object app/dpdk-test.p/test_test_distributor.c.o [1988/2125] Compiling C object app/dpdk-test.p/test_test_efd.c.o [1989/2125] Compiling C object app/dpdk-test.p/test_test_dmadev.c.o [1990/2125] Compiling C object app/dpdk-test.p/test_test_efd_perf.c.o [1991/2125] Compiling C object app/dpdk-test.p/test_test_cryptodev.c.o ninja: build stopped: subcommand failed. ==== End log output ==== Ubuntu 20.04 Kernel: 4.19 Compiler: gcc gcc (Ubuntu 9.4.0-1ubuntu1~20.04.2) 9.4.0 FreeBSD 14.2 Kernel: 14.2-RELEASE Compiler: clang 18.1.6 CentOS Stream 9 Kernel: 5.15 Compiler: gcc gcc (GCC) 11.5.0 20240719 (Red Hat 11.5.0-11) CentOS Stream 10 Kernel: 5.15 Compiler: gcc gcc (GCC) 14.2.1 20250110 (Red Hat 14.2.1-8) Fedora Linux 42 Kernel: 5.15 Compiler: clang gcc (GCC) 15.2.1 20250808 (Red Hat 15.2.1-1) Debian GNU/Linux 12 Kernel: 5.15 Compiler: gcc gcc (Debian 12.2.0-14+deb12u1) 12.2.0 To view detailed results, visit: https://lab.dpdk.org/results/dashboard/patchsets/34541/ UNH-IOL DPDK Community Lab To manage your email subscriptions, visit: https://lab.dpdk.org/results/dashboard/preferences/subscriptions/