From mboxrd@z Thu Jan 1 00:00:00 1970 Return-Path: Received: from mails.dpdk.org (mails.dpdk.org [217.70.189.124]) by inbox.dpdk.org (Postfix) with ESMTP id 1A51648AE8 for ; Wed, 12 Nov 2025 07:08:11 +0100 (CET) Received: from mails.dpdk.org (localhost [127.0.0.1]) by mails.dpdk.org (Postfix) with ESMTP id D6F104026A; Wed, 12 Nov 2025 07:08:10 +0100 (CET) Received: from mail-yx1-f99.google.com (mail-yx1-f99.google.com [74.125.224.99]) by mails.dpdk.org (Postfix) with ESMTP id 125434026A for ; Wed, 12 Nov 2025 07:08:10 +0100 (CET) Received: by mail-yx1-f99.google.com with SMTP id 956f58d0204a3-640d8b78608so404785d50.1 for ; Tue, 11 Nov 2025 22:08:09 -0800 (PST) DKIM-Signature: v=1; a=rsa-sha256; c=relaxed/relaxed; d=iol.unh.edu; s=unh-iol; t=1762927689; x=1763532489; darn=dpdk.org; h=references:in-reply-to:cc:to:from:subject:message-id:date:from:to :cc:subject:date:message-id:reply-to; bh=vshT+PEzmpd+wBYKw60KtefS7RKNs0hP10t7zwmUdiE=; b=X2coOAJTJ5ypeRzuFrYW6m48qITabymbE9tBtzApHa6XQpOi/laIBkoMTOiyV2qnm3 JyaqxynsWMDbktHu7MK8XT3hnMdsFFi6YkWJ9CnNmfgF2KB9qgzUVyUKpJNda14Mp4qJ 2carCqVwUL29nsdRAQowx7zNLX2thcFA6OtMA= X-Google-DKIM-Signature: v=1; a=rsa-sha256; c=relaxed/relaxed; d=1e100.net; s=20230601; t=1762927689; x=1763532489; h=references:in-reply-to:cc:to:from:subject:message-id:date:x-gm-gg :x-gm-message-state:from:to:cc:subject:date:message-id:reply-to; bh=vshT+PEzmpd+wBYKw60KtefS7RKNs0hP10t7zwmUdiE=; b=WHk5Ee/i+FpuqXwwIGyxYCLtrVVLeJBcDl3Ogp1LjCocGItt8pqDfr4ulJXuODivQ9 SPDAE4P/62SxUJwx8PEMDw277cdwVLgh6CWlK+qHUfFOsP5RybjVPcD3GWPvaljmLX9q e3HDbr1Bg3xHDIzoV0FldidKg3UqmlPaJdj3o7alQ61zlmIXWDfs75g7NvWPobOt60XW j+WNZqU0fA1H4nIcyBWi3uuFVwq8BuJExjDj6wrUaBz4fADQWsx/MYkVmq0EIV8snZAp tieWKq7dlHWTvMpX/XfuqscTSQcI3g8vZYJzzamSnx4RCmneI6PUCkw/3bPmkfh+XaTc BvUg== X-Gm-Message-State: AOJu0YyzLP0X1s+vgq0I8UoiKlwZMhhZTl4PVHbA71DKse/dHHuYd5sV q1E+9frYZs80GPnDI3I0lrwRns9Cdp+r9qnakdwOYiPBWfGy1I1Ae6BdwpCGF8NtDzCZIKvEzJo LpqF2jwiZyeuKT/umWZpmsj+KquE2HfwZaSG4Dismiw8mFYUZmhNtM/20ZIS8 X-Gm-Gg: ASbGncue46EHo6bxS1k/tU1ZBExYLKPlzhJgjKOSfM15RfVOOW84FuOHi+Py4amqMBp X8QTKCLZ+XdPMqNgC57AduWXyFYVB+kbCyV3qPZA3GROhWEU7+l378+/bst0bSTVyS4Pa2o/mwq SatyExuV0vp8hh1uB30IW4dKtx6uFnt3EAmZWkO8Vk/47v33v+HSlVHKDiID75Z+zwLt9g6Jnoa GXDUW4mfId48u/y9gzQB39i/14ojX8Q+miXObMDN5IlQ8fycAbwjksu3pwnZ3zaI9mAz496pfKv ghTsO6gSw3Q6CuEODst5HhC82g0jzyhzsbN9XWUrzzg5FeuJpv7Txk1KsIJQs091fKgDl80GMyf qRgaYwL7+ X-Google-Smtp-Source: AGHT+IGImFAc2RPT0drkxHE+bi7IC6+/VYJvPXYwyCAZIJctw0qILRA4I3yDd1K7vHJAs2drJxZLvYvfNp6f X-Received: by 2002:a05:690e:2453:b0:63f:948b:fef6 with SMTP id 956f58d0204a3-64101b19a94mr1505631d50.43.1762927689208; Tue, 11 Nov 2025 22:08:09 -0800 (PST) Received: from postal.iol.unh.edu (postal.iol.unh.edu. [2606:4100:3880:1234::84]) by smtp-relay.gmail.com with ESMTPS id 956f58d0204a3-641016cc77asm136534d50.13.2025.11.11.22.08.09 (version=TLS1_2 cipher=ECDHE-ECDSA-AES128-GCM-SHA256 bits=128/128); Tue, 11 Nov 2025 22:08:09 -0800 (PST) X-Relaying-Domain: iol.unh.edu Date: Tue, 11 Nov 2025 22:08:09 -0800 (PST) Message-ID: <69142449.530a0220.79b7b.726fSMTPIN_ADDED_MISSING@mx.google.com> Received: from [172.21.0.2] (unknown [172.18.0.240]) by postal.iol.unh.edu (Postfix) with ESMTP id B2A5B6051830; Wed, 12 Nov 2025 01:08:08 -0500 (EST) Subject: |FAILURE| pw158677-158683 [PATCH] [v2,7/7] test: re-enable format-tr From: dpdklab@iol.unh.edu To: Test Report Cc: dpdk-test-reports@iol.unh.edu, Stephen Hemminger In-Reply-To: <20251111221857.443752-8-stephen@networkplumber.org> References: <20251111221857.443752-8-stephen@networkplumber.org> Content-Type: text/plain X-BeenThere: test-report@dpdk.org X-Mailman-Version: 2.1.29 Precedence: list List-Id: automatic DPDK test reports List-Unsubscribe: , List-Archive: List-Post: List-Help: List-Subscribe: , Errors-To: test-report-bounces@dpdk.org Test-Label: iol-compile-amd64-testing Test-Status: FAILURE http://dpdk.org/patch/158683 _Testing issues_ Submitter: Stephen Hemminger Date: Tuesday, November 11 2025 22:17:24 DPDK git baseline: Repo:dpdk Branch: master CommitID:be0112878b4fc3a1b918370ed2fe615c52039d77 158677-158683 --> testing issues Upstream job id: Generic-DPDK-Compile-Meson#443175 Test environment and result as below: +-------------------------------+--------------------+------------------+ | Environment | dpdk_meson_compile | dpdk_compile_ovs | +===============================+====================+==================+ | Ubuntu 20.04 | FAIL | SKIPPED | +-------------------------------+--------------------+------------------+ | FreeBSD 14.2 | FAIL | SKIPPED | +-------------------------------+--------------------+------------------+ | CentOS Stream 9 | PASS | SKIPPED | +-------------------------------+--------------------+------------------+ | CentOS Stream 10 | PASS | SKIPPED | +-------------------------------+--------------------+------------------+ | Fedora Linux 42 | PASS | PASS | +-------------------------------+--------------------+------------------+ | Debian GNU/Linux 12 | PASS | SKIPPED | +-------------------------------+--------------------+------------------+ | openSUSE Leap 15.6 | PASS | SKIPPED | +-------------------------------+--------------------+------------------+ | Red Hat Enterprise Linux 8.10 | FAIL | SKIPPED | +-------------------------------+--------------------+------------------+ | Red Hat Enterprise Linux 9.5 | PASS | SKIPPED | +-------------------------------+--------------------+------------------+ | Ubuntu 22.04 | PASS | SKIPPED | +-------------------------------+--------------------+------------------+ | Ubuntu 24.04 | FAIL | PASS | +-------------------------------+--------------------+------------------+ | Alpine Linux 3.22.0 | PASS | SKIPPED | +-------------------------------+--------------------+------------------+ ==== 20 line log output for Ubuntu 24.04 (dpdk_meson_compile): ==== | ~~~~~~~~~~~~~~~~~~~~~~~~~~~~~ 56 | __va_arg_pack ()); | ~~~~~~~~~~~~~~~~~ In function 'rte_strlcpy', inlined from 'setup_acl_pipeline.isra' at ../app/test/test_table_acl.c:597:4: ../lib/eal/include/rte_string_fns.h:63:24: error: '%s' directive output may be truncated writing up to 639 bytes into a region of size 128 [-Werror=format-truncation=] 63 | return (size_t)snprintf(dst, size, "%s", src); | ^~~~~~~~~~~~~~~~~~~~~~~~~~~~~~ In function 'snprintf', inlined from 'rte_strlcpy' at ../lib/eal/include/rte_string_fns.h:63:17, inlined from 'setup_acl_pipeline.isra' at ../app/test/test_table_acl.c:597:4: /usr/i686-linux-gnu/include/bits/stdio2.h:54:10: note: '__builtin_snprintf' output between 1 and 640 bytes into a destination of size 128 54 | return __builtin___snprintf_chk (__s, __n, __USE_FORTIFY_LEVEL - 1, | ^~~~~~~~~~~~~~~~~~~~~~~~~~~~~~~~~~~~~~~~~~~~~~~~~~~~~~~~~~~~ 55 | __glibc_objsize (__s), __fmt, | ~~~~~~~~~~~~~~~~~~~~~~~~~~~~~ 56 | __va_arg_pack ()); | ~~~~~~~~~~~~~~~~~ cc1: all warnings being treated as errors ninja: build stopped: subcommand failed. ==== End log output ==== Ubuntu 20.04 Kernel: 4.19 Compiler: gcc gcc (Ubuntu 9.4.0-1ubuntu1~20.04.2) 9.4.0 FreeBSD 14.2 Kernel: 14.2-RELEASE Compiler: clang 18.1.6 CentOS Stream 9 Kernel: 5.15 Compiler: gcc gcc (GCC) 11.5.0 20240719 (Red Hat 11.5.0-11) CentOS Stream 10 Kernel: 5.15 Compiler: gcc gcc (GCC) 14.2.1 20250110 (Red Hat 14.2.1-8) Fedora Linux 42 Kernel: 5.15 Compiler: clang gcc (GCC) 15.2.1 20250808 (Red Hat 15.2.1-1) Debian GNU/Linux 12 Kernel: 5.15 Compiler: gcc gcc (Debian 12.2.0-14+deb12u1) 12.2.0 openSUSE Leap 15.6 Kernel: 5.15 Compiler: gcc gcc (SUSE Linux) 7.5.0 Red Hat Enterprise Linux 8.10 Kernel: 5.15 Compiler: gcc gcc (GCC) 8.5.0 20210514 (Red Hat 8.5.0-22) Red Hat Enterprise Linux 9.5 Kernel: 5.15 Compiler: gcc gcc (GCC) 11.5.0 20240719 (Red Hat 11.5.0-2) Ubuntu 22.04 Kernel: 5.15 Compiler: gcc gcc (Ubuntu 11.4.0-1ubuntu1~22.04) 11.4.0 Ubuntu 24.04 Kernel: 5.15 Compiler: gcc gcc (Ubuntu 13.3.0-6ubuntu2~24.04) 13.3.0 Alpine Linux 3.22.0 Kernel: 5.15 Compiler: gcc gcc (Alpine 14.2.0) 14.2.0 To view detailed results, visit: https://lab.dpdk.org/results/dashboard/patchsets/34541/ UNH-IOL DPDK Community Lab To manage your email subscriptions, visit: https://lab.dpdk.org/results/dashboard/preferences/subscriptions/