automatic DPDK test reports
 help / color / mirror / Atom feed
* |SUCCESS| pw158677-158683 [PATCH v2 7/7] test: re-enable format-truncation warnings
       [not found] <20251111221857.443752-8-stephen@networkplumber.org>
@ 2025-11-11 21:45 ` qemudev
  2025-11-11 21:50 ` |FAILURE| " qemudev
                   ` (21 subsequent siblings)
  22 siblings, 0 replies; 23+ messages in thread
From: qemudev @ 2025-11-11 21:45 UTC (permalink / raw)
  To: test-report

Test-Label: loongarch-compilation
Test-Status: SUCCESS
http://dpdk.org/patch/158683

_Compilation OK_

Submitter: Stephen Hemminger <stephen@networkplumber.org>
Date: Tue, 11 Nov 2025 14:17:18 -0800
DPDK git baseline: Repo:dpdk
  Branch: main
  CommitID: be0112878b4fc3a1b918370ed2fe615c52039d77

158677-158683 --> meson & ninja build successfully

Test environment and result as below:

+---------------------+----------------+
|     Environment     | compilation    |
+---------------------+----------------+
| Loongnix-Server 8.3 | PASS           |
+---------------------+----------------+

Loongnix-Server 8.3
    Kernel: 4.19.190+
    Compiler: gcc 8.3


^ permalink raw reply	[flat|nested] 23+ messages in thread

* |FAILURE| pw158677-158683 [PATCH v2 7/7] test: re-enable format-truncation warnings
       [not found] <20251111221857.443752-8-stephen@networkplumber.org>
  2025-11-11 21:45 ` |SUCCESS| pw158677-158683 [PATCH v2 7/7] test: re-enable format-truncation warnings qemudev
@ 2025-11-11 21:50 ` qemudev
  2025-11-11 22:20 ` |SUCCESS| pw158683 " checkpatch
                   ` (20 subsequent siblings)
  22 siblings, 0 replies; 23+ messages in thread
From: qemudev @ 2025-11-11 21:50 UTC (permalink / raw)
  To: test-report; +Cc: Stephen Hemminger, maobibo

Test-Label: loongarch-unit-testing
Test-Status: FAILURE
http://dpdk.org/patch/158683

_Unit Testing FAIL_

Submitter: Stephen Hemminger <stephen@networkplumber.org>
Date: Tue, 11 Nov 2025 14:17:18 -0800
DPDK git baseline: Repo:dpdk
  Branch: main
  CommitID: be0112878b4fc3a1b918370ed2fe615c52039d77

158677-158683 --> testing fail

Test environment and result as below:

+---------------------+----------------+
|     Environment     | dpdk_unit_test |
+---------------------+----------------+
| Loongnix-Server 8.3 | FAIL           |
+---------------------+----------------+

Loongnix-Server 8.3
    Kernel: 4.19.190+
    Compiler: gcc 8.3


Test result details:
  1/120 DPDK:fast-tests / acl_autotest                            OK              3.22s
  2/120 DPDK:fast-tests / alarm_autotest                          OK              1.55s
  3/120 DPDK:fast-tests / argparse_autotest                       OK              0.54s
  4/120 DPDK:fast-tests / atomic_autotest                         OK              6.96s
  5/120 DPDK:fast-tests / bitcount_autotest                       OK              0.58s
  6/120 DPDK:fast-tests / bitmap_autotest                         OK              0.58s
  7/120 DPDK:fast-tests / bitops_autotest                         OK              2.08s
  8/120 DPDK:fast-tests / bitratestats_autotest                   OK              0.57s
  9/120 DPDK:fast-tests / bitset_autotest                         OK              3.31s
 10/120 DPDK:fast-tests / bpf_autotest                            OK              0.57s
 11/120 DPDK:fast-tests / bpf_convert_autotest                    OK              0.73s
 12/120 DPDK:fast-tests / byteorder_autotest                      OK              0.57s
 13/120 DPDK:fast-tests / cfgfile_autotest                        OK              0.57s
 14/120 DPDK:fast-tests / cksum_autotest                          OK              0.57s
 15/120 DPDK:fast-tests / cmdline_autotest                        OK              0.56s
 16/120 DPDK:fast-tests / common_autotest                         OK              1.47s
 17/120 DPDK:fast-tests / compressdev_autotest                    SKIP            0.08s   exit status 77
 18/120 DPDK:fast-tests / cpuflags_autotest                       OK              0.57s
 19/120 DPDK:fast-tests / crc_autotest                            OK              0.56s
 20/120 DPDK:fast-tests / user_delay_us                           OK              0.56s
 21/120 DPDK:fast-tests / debug_autotest                          OK             21.81s
 22/120 DPDK:fast-tests / devargs_autotest                        OK              0.58s
 23/120 DPDK:fast-tests / dispatcher_autotest                     OK              2.50s
 24/120 DPDK:fast-tests / distributor_autotest                    OK              1.23s
 25/120 DPDK:fast-tests / eal_flags_c_opt_autotest                OK              1.06s
 26/120 DPDK:fast-tests / eal_flags_main_opt_autotest             OK              0.28s
 27/120 DPDK:fast-tests / eal_flags_n_opt_autotest                OK              0.25s
 28/120 DPDK:fast-tests / eal_flags_hpet_autotest                 OK              0.16s
 29/120 DPDK:fast-tests / eal_flags_no_huge_autotest              OK              0.25s
 30/120 DPDK:fast-tests / eal_flags_a_opt_autotest                OK              0.40s
 31/120 DPDK:fast-tests / eal_flags_b_opt_autotest                OK              0.33s
 32/120 DPDK:fast-tests / eal_flags_vdev_opt_autotest             OK              0.24s
 33/120 DPDK:fast-tests / eal_flags_r_opt_autotest                OK              0.25s
 34/120 DPDK:fast-tests / eal_flags_mem_autotest                  OK              0.69s
 35/120 DPDK:fast-tests / eal_flags_file_prefix_autotest          FAIL            0.07s   exit status 255
 36/120 DPDK:fast-tests / eal_flags_misc_autotest                 OK              1.29s
 37/120 DPDK:fast-tests / eal_fs_autotest                         OK              0.55s
 38/120 DPDK:fast-tests / errno_autotest                          OK              0.55s
 39/120 DPDK:fast-tests / ethdev_link_status                      OK              0.55s
 40/120 DPDK:fast-tests / event_eth_tx_adapter_autotest           OK              1.70s
 41/120 DPDK:fast-tests / event_ring_autotest                     OK              0.55s
 42/120 DPDK:fast-tests / eventdev_common_autotest                OK              0.54s
 43/120 DPDK:fast-tests / eventdev_selftest_sw                    OK              7.56s
 44/120 DPDK:fast-tests / fbarray_autotest                        OK              0.55s
 45/120 DPDK:fast-tests / fib_autotest                            OK              1.38s
 46/120 DPDK:fast-tests / fib6_autotest                           OK              1.37s
 47/120 DPDK:fast-tests / func_reentrancy_autotest                OK              2.20s
 48/120 DPDK:fast-tests / graph_autotest                          OK              0.74s
 49/120 DPDK:fast-tests / node_list_dump                          OK              0.74s
 50/120 DPDK:fast-tests / graph_feature_arc_autotest              OK              0.74s
 51/120 DPDK:fast-tests / hash_autotest                           OK              1.35s
 52/120 DPDK:fast-tests / hash_readwrite_func_autotest            OK              0.12s
 53/120 DPDK:fast-tests / interrupt_autotest                      OK              2.04s
 54/120 DPDK:fast-tests / ipfrag_autotest                         OK              0.08s
 55/120 DPDK:fast-tests / ipsec_autotest                          SKIP            0.73s   exit status 77
 56/120 DPDK:fast-tests / kvargs_autotest                         OK              0.73s
 57/120 DPDK:fast-tests / latencystats_autotest                   OK              0.73s
 58/120 DPDK:fast-tests / lcore_var_autotest                      OK              0.88s
 59/120 DPDK:fast-tests / lcores_autotest                         OK              5.53s
 60/120 DPDK:fast-tests / logs_autotest                           OK              0.73s
 61/120 DPDK:fast-tests / lpm_autotest                            OK              2.78s
 62/120 DPDK:fast-tests / lpm6_autotest                           OK              5.94s
 63/120 DPDK:fast-tests / malloc_autotest                         OK             59.56s
 64/120 DPDK:fast-tests / mbuf_autotest                           OK              3.99s
 65/120 DPDK:fast-tests / mcslock_autotest                        OK              3.11s
 66/120 DPDK:fast-tests / member_autotest                         OK              1.89s
 67/120 DPDK:fast-tests / memcpy_autotest                         OK              7.25s
 68/120 DPDK:fast-tests / memory_autotest                         OK              0.10s
 69/120 DPDK:fast-tests / mempool_autotest                        OK              0.44s
 70/120 DPDK:fast-tests / memzone_autotest                        OK              0.32s
 71/120 DPDK:fast-tests / meter_autotest                          OK              0.74s
 72/120 DPDK:fast-tests / metrics_autotest                        OK              0.74s
 73/120 DPDK:fast-tests / multiprocess_autotest                   OK              0.23s
 74/120 DPDK:fast-tests / net_ether_autotest                      OK              1.41s
 75/120 DPDK:fast-tests / net_ipv6_autotest                       OK              0.74s
 76/120 DPDK:fast-tests / pcapng_autotest                         OK              7.68s
 77/120 DPDK:fast-tests / pdcp_autotest                           SKIP            0.08s   exit status 77
 78/120 DPDK:fast-tests / pdump_autotest                          OK              0.86s
 79/120 DPDK:fast-tests / per_lcore_autotest                      OK              0.85s
 80/120 DPDK:fast-tests / pflock_autotest                         OK              1.56s
 81/120 DPDK:fast-tests / pie_autotest                            OK              0.75s
 82/120 DPDK:fast-tests / ring_pmd_autotest                       OK              0.74s
 83/120 DPDK:fast-tests / power_autotest                          OK              0.74s
 84/120 DPDK:fast-tests / power_cpufreq_autotest                  SKIP            0.08s   exit status 77
 85/120 DPDK:fast-tests / power_intel_uncore_autotest             SKIP            0.75s   exit status 77
 86/120 DPDK:fast-tests / power_kvm_vm_autotest                   SKIP            0.08s   exit status 77
 87/120 DPDK:fast-tests / prefetch_autotest                       OK              0.75s
 88/120 DPDK:fast-tests / ptr_compress_autotest                   OK              0.75s
 89/120 DPDK:fast-tests / rawdev_autotest                         OK              0.75s
 90/120 DPDK:fast-tests / rcu_qsbr_autotest                       OK              1.27s
 91/120 DPDK:fast-tests / reorder_autotest                        OK              0.80s
 92/120 DPDK:fast-tests / rib_autotest                            OK              9.41s
 93/120 DPDK:fast-tests / rib6_autotest                           OK              9.39s
 94/120 DPDK:fast-tests / ring_autotest                           OK              0.77s
 95/120 DPDK:fast-tests / rwlock_test1_autotest                   OK              1.52s
 96/120 DPDK:fast-tests / rwlock_rda_autotest                     OK              5.75s
 97/120 DPDK:fast-tests / rwlock_rds_wrm_autotest                 OK              5.75s
 98/120 DPDK:fast-tests / rwlock_rde_wro_autotest                 OK              5.74s
 99/120 DPDK:fast-tests / sched_autotest                          OK              0.75s
100/120 DPDK:fast-tests / security_autotest                       OK              0.08s
101/120 DPDK:fast-tests / seqlock_autotest                        OK              2.75s
102/120 DPDK:fast-tests / service_autotest                        OK              3.47s
103/120 DPDK:fast-tests / soring_autotest                         OK              0.75s
104/120 DPDK:fast-tests / spinlock_autotest                       OK              0.83s
105/120 DPDK:fast-tests / stack_autotest                          OK              0.88s
106/120 DPDK:fast-tests / stack_lf_autotest                       SKIP            0.07s   exit status 77
107/120 DPDK:fast-tests / string_autotest                         OK              0.74s
108/120 DPDK:fast-tests / table_autotest                          OK              8.28s
109/120 DPDK:fast-tests / tailq_autotest                          OK              0.73s
110/120 DPDK:fast-tests / telemetry_data_autotest                 OK              0.74s
111/120 DPDK:fast-tests / telemetry_json_autotest                 OK              0.74s
112/120 DPDK:fast-tests / thash_autotest                          OK              0.75s
113/120 DPDK:fast-tests / threads_autotest                        OK              0.91s
114/120 DPDK:fast-tests / ticketlock_autotest                     OK              0.65s
115/120 DPDK:fast-tests / timer_autotest                          OK              3.96s
116/120 DPDK:fast-tests / trace_autotest                          OK              0.70s
117/120 DPDK:fast-tests / trace_autotest_with_traces              OK              0.71s
118/120 DPDK:fast-tests / vdev_autotest                           OK              0.72s
119/120 DPDK:fast-tests / version_autotest                        OK              0.72s
120/120 DPDK:fast-tests / telemetry_all                           OK             19.93s


Ok:                 112
Expected Fail:      0
Fail:               1
Unexpected Pass:    0
Skipped:            7
Timeout:            0



Test logs for failed test cases:
================================================================================
DPDK:fast-tests / eal_flags_file_prefix_autotest: FAIL
================================================================================
-------------------------------------stdout-------------------------------------
RTE>>eal_flags_file_prefix_autotest
Error - hugepage files for --file-prefix=rte were not created!
Test Failed
RTE>>
-------------------------------------stderr-------------------------------------
EAL: Detected CPU lcores: 32
EAL: Detected NUMA nodes: 8
EAL: Detected static linkage of DPDK
EAL: Multi-process socket /var/run/dpdk/rte/mp_socket
EAL: Selected IOVA mode 'PA'
APP: HPET is not enabled, using TSC as default timer


^ permalink raw reply	[flat|nested] 23+ messages in thread

* |SUCCESS| pw158683 [PATCH v2 7/7] test: re-enable format-truncation warnings
       [not found] <20251111221857.443752-8-stephen@networkplumber.org>
  2025-11-11 21:45 ` |SUCCESS| pw158677-158683 [PATCH v2 7/7] test: re-enable format-truncation warnings qemudev
  2025-11-11 21:50 ` |FAILURE| " qemudev
@ 2025-11-11 22:20 ` checkpatch
  2025-11-11 23:04 ` |FAILURE| " 0-day Robot
                   ` (19 subsequent siblings)
  22 siblings, 0 replies; 23+ messages in thread
From: checkpatch @ 2025-11-11 22:20 UTC (permalink / raw)
  To: test-report

Test-Label: checkpatch
Test-Status: SUCCESS
http://dpdk.org/patch/158683

_coding style OK_



^ permalink raw reply	[flat|nested] 23+ messages in thread

* |FAILURE| pw158683 [PATCH v2 7/7] test: re-enable format-truncation warnings
       [not found] <20251111221857.443752-8-stephen@networkplumber.org>
                   ` (2 preceding siblings ...)
  2025-11-11 22:20 ` |SUCCESS| pw158683 " checkpatch
@ 2025-11-11 23:04 ` 0-day Robot
  2025-11-11 23:23 ` |FAILURE| pw158677-158683 [PATCH] [v2,7/7] test: re-enable format-tr dpdklab
                   ` (18 subsequent siblings)
  22 siblings, 0 replies; 23+ messages in thread
From: 0-day Robot @ 2025-11-11 23:04 UTC (permalink / raw)
  To: test-report; +Cc: stephen, robot

From: robot@bytheb.org

Test-Label: github-robot: build
Test-Status: FAILURE
http://patchwork.dpdk.org/patch/158683/

_github build: failed_
Build URL: https://github.com/ovsrobot/dpdk/actions/runs/19280213481

^ permalink raw reply	[flat|nested] 23+ messages in thread

* |FAILURE| pw158677-158683 [PATCH] [v2,7/7] test: re-enable format-tr
       [not found] <20251111221857.443752-8-stephen@networkplumber.org>
                   ` (3 preceding siblings ...)
  2025-11-11 23:04 ` |FAILURE| " 0-day Robot
@ 2025-11-11 23:23 ` dpdklab
  2025-11-11 23:26 ` |SUCCESS| " dpdklab
                   ` (17 subsequent siblings)
  22 siblings, 0 replies; 23+ messages in thread
From: dpdklab @ 2025-11-11 23:23 UTC (permalink / raw)
  To: Test Report; +Cc: dpdk-test-reports, Stephen Hemminger

Test-Label: iol-compile-amd64-testing
Test-Status: FAILURE
http://dpdk.org/patch/158683

_Testing issues_

Submitter: Stephen Hemminger <stephen@networkplumber.org>
Date: Tuesday, November 11 2025 22:17:24 
DPDK git baseline: Repo:dpdk
  Branch: master
  CommitID:be0112878b4fc3a1b918370ed2fe615c52039d77

158677-158683 --> testing issues

Upstream job id: Generic-VM-DPDK-Compile-Meson#39664

Test environment and result as below:

+--------------+--------------------+
| Environment  | dpdk_meson_compile |
+==============+====================+
| Ubuntu 20.04 | FAIL               |
+--------------+--------------------+
| FreeBSD 14.2 | PEND               |
+--------------+--------------------+

==== 20 line log output for Ubuntu 20.04 (dpdk_meson_compile): ====
[3405/3604] Compiling C object app/dpdk-test.p/test_test_cmdline.c.o
[3406/3604] Compiling C object app/dpdk-test.p/test_sample_packet_forward.c.o
[3407/3604] Linking target app/dpdk-test-regex
[3408/3604] Compiling C object app/dpdk-test.p/test_packet_burst_generator.c.o
[3409/3604] Compiling C object app/dpdk-test.p/test_test_cmdline_cirbuf.c.o
[3410/3604] Compiling C object app/dpdk-test.p/test_test_acl.c.o
[3411/3604] Compiling C object app/dpdk-test.p/test_test_bitmap.c.o
[3412/3604] Compiling C object app/dpdk-test.p/test_test_bitratestats.c.o
[3413/3604] Linking target app/dpdk-testpmd
[3414/3604] Compiling C object app/dpdk-test.p/test_test_bitops.c.o
[3415/3604] Compiling C object app/dpdk-test.p/test_test_argparse.c.o
[3416/3604] Compiling C object app/dpdk-test.p/test_test_bpf.c.o
[3417/3604] Compiling C object app/dpdk-test.p/test_test_cksum_perf.c.o
[3418/3604] Linking target app/dpdk-test-security-perf
[3419/3604] Compiling C object app/dpdk-test.p/test_test_cmdline_etheraddr.c.o
[3420/3604] Compiling C object app/dpdk-test.p/test_test_cmdline_ipaddr.c.o
[3421/3604] Compiling C object app/dpdk-test.p/test_test_cksum.c.o
[3422/3604] Compiling C object app/dpdk-test.p/test_test_bitset.c.o
[3423/3604] Generating rte_common_cnxk.sym_chk with a custom command (wrapped by meson to capture output)
ninja: build stopped: subcommand failed.
==== End log output ====

Ubuntu 20.04
	Kernel: 4.19
	Compiler: gcc gcc (Ubuntu 9.4.0-1ubuntu1~20.04.2) 9.4.0

FreeBSD 14.2
	Kernel: 14.2-RELEASE
	Compiler: clang 18.1.6

To view detailed results, visit:
https://lab.dpdk.org/results/dashboard/patchsets/34541/

UNH-IOL DPDK Community Lab

To manage your email subscriptions, visit: 
https://lab.dpdk.org/results/dashboard/preferences/subscriptions/

^ permalink raw reply	[flat|nested] 23+ messages in thread

* |SUCCESS| pw158677-158683 [PATCH] [v2,7/7] test: re-enable format-tr
       [not found] <20251111221857.443752-8-stephen@networkplumber.org>
                   ` (4 preceding siblings ...)
  2025-11-11 23:23 ` |FAILURE| pw158677-158683 [PATCH] [v2,7/7] test: re-enable format-tr dpdklab
@ 2025-11-11 23:26 ` dpdklab
  2025-11-11 23:28 ` |FAILURE| " dpdklab
                   ` (16 subsequent siblings)
  22 siblings, 0 replies; 23+ messages in thread
From: dpdklab @ 2025-11-11 23:26 UTC (permalink / raw)
  To: Test Report; +Cc: dpdk-test-reports

Test-Label: iol-mellanox-Functional
Test-Status: SUCCESS
http://dpdk.org/patch/158683

_Functional Testing PASS_

Submitter: Stephen Hemminger <stephen@networkplumber.org>
Date: Tuesday, November 11 2025 22:17:24 
DPDK git baseline: Repo:dpdk
  Branch: master
  CommitID:be0112878b4fc3a1b918370ed2fe615c52039d77

158677-158683 --> functional testing pass

Upstream job id: Template-DPDK-DTS-Pipeline#3168

Test environment and result as below:

Ubuntu 24.04
Kernel: 6.8.0-55-generic
Compiler: gcc 13.3.0
NIC: Mellanox ConnectX-5 100000 Mbps

Aggregate Results by Test Suite
+---------------------------------+--------+
|           Test Suite            | Result |
+=================================+========+
| blocklist                       |  PASS  |
+---------------------------------+--------+
| promisc_support                 |  PASS  |
+---------------------------------+--------+
| uni_pkt                         |  PASS  |
+---------------------------------+--------+
| dynamic_config                  |  PASS  |
+---------------------------------+--------+
| hello_world                     |  PASS  |
+---------------------------------+--------+
| l2fwd                           |  PASS  |
+---------------------------------+--------+
| port_restart_config_persistency |  PASS  |
+---------------------------------+--------+
| softnic                         |  PASS  |
+---------------------------------+--------+
| vlan                            |  PASS  |
+---------------------------------+--------+


To view detailed results, visit:
https://lab.dpdk.org/results/dashboard/patchsets/34541/

UNH-IOL DPDK Community Lab

To manage your email subscriptions, visit: 
https://lab.dpdk.org/results/dashboard/preferences/subscriptions/

^ permalink raw reply	[flat|nested] 23+ messages in thread

* |FAILURE| pw158677-158683 [PATCH] [v2,7/7] test: re-enable format-tr
       [not found] <20251111221857.443752-8-stephen@networkplumber.org>
                   ` (5 preceding siblings ...)
  2025-11-11 23:26 ` |SUCCESS| " dpdklab
@ 2025-11-11 23:28 ` dpdklab
  2025-11-11 23:31 ` |SUCCESS| " dpdklab
                   ` (15 subsequent siblings)
  22 siblings, 0 replies; 23+ messages in thread
From: dpdklab @ 2025-11-11 23:28 UTC (permalink / raw)
  To: Test Report; +Cc: dpdk-test-reports, Stephen Hemminger

Test-Label: iol-compile-amd64-testing
Test-Status: FAILURE
http://dpdk.org/patch/158683

_Testing issues_

Submitter: Stephen Hemminger <stephen@networkplumber.org>
Date: Tuesday, November 11 2025 22:17:24 
DPDK git baseline: Repo:dpdk
  Branch: master
  CommitID:be0112878b4fc3a1b918370ed2fe615c52039d77

158677-158683 --> testing issues

Upstream job id: Generic-VM-DPDK-Compile-Meson#39665

Test environment and result as below:

+--------------+--------------------+
| Environment  | dpdk_meson_compile |
+==============+====================+
| Ubuntu 20.04 | FAIL               |
+--------------+--------------------+
| FreeBSD 14.2 | FAIL               |
+--------------+--------------------+

==== 20 line log output for FreeBSD 14.2 (dpdk_meson_compile): ====
[1982/2125] Compiling C object app/dpdk-test.p/test_test_cryptodev_asym.c.o
[1983/2125] Compiling C object app/dpdk-test.p/test_test_distributor_perf.c.o
[1984/2125] Compiling C object app/dpdk-test.p/test_test_eal_fs.c.o
[1985/2125] Compiling C object app/dpdk-test.p/test_test_dmadev_api.c.o
[1986/2125] Compiling C object app/dpdk-test.p/test_test_eal_flags.c.o
FAILED: app/dpdk-test.p/test_test_eal_flags.c.o
cc -Iapp/dpdk-test.p -Iapp -I../app -Ilib/cmdline -I../lib/cmdline -Ilib/eal/common -I../lib/eal/common -I. -I.. -Iconfig -I../config -Ilib/eal/include -I../lib/eal/include -Ilib/eal/freebsd/include -I../lib/eal/freebsd/include -Ilib/eal/x86/include -I../lib/eal/x86/include -Ilib/eal -I../lib/eal -Ilib/kvargs -I../lib/kvargs -Ilib/log -I../lib/log -Ilib/metrics -I../lib/metrics -Ilib/telemetry -I../lib/telemetry -Ilib/argparse -I../lib/argparse -Ilib/net -I../lib/net -Ilib/mbuf -I../lib/mbuf -Ilib/mempool -I../lib/mempool -Ilib/ring -I../lib/ring -Idrivers/net/ring -I../drivers/net/ring -Ilib/ethdev -I../lib/ethdev -Ilib/meter -I../lib/meter -Idrivers/bus/pci -I../drivers/bus/pci -I../drivers/bus/pci/bsd -Ilib/pci -I../lib/pci -Idrivers/bus/vdev -I../drivers/bus/vdev -Ilib/acl -I../lib/acl -Ilib/hash -I../lib/hash -Ilib/rcu -I../lib/rcu -Ilib/bitratestats -I../lib/bitratestats -Ilib/bpf -I../lib/bpf -Ilib/cfgfile -I../lib/cfgfile -Ilib/compressdev -I../lib/compressdev -Ilib/cryptodev
  -I../lib/cryptodev -Ilib/security -I../lib/security -Ilib/dispatcher -I../lib/dispatcher -Ilib/eventdev -I../lib/eventdev -Ilib/timer -I../lib/timer -Ilib/dmadev -I../lib/dmadev -Ilib/distributor -I../lib/distributor -Ilib/efd -I../lib/efd -Ilib/fib -I../lib/fib -Ilib/rib -I../lib/rib -Ilib/table -I../lib/table -Ilib/port -I../lib/port -Ilib/sched -I../lib/sched -Ilib/ip_frag -I../lib/ip_frag -Ilib/lpm -I../lib/lpm -Ilib/graph -I../lib/graph -Ilib/pcapng -I../lib/pcapng -Ilib/ipsec -I../lib/ipsec -Ilib/latencystats -I../lib/latencystats -Idrivers/net/bonding -I../drivers/net/bonding -Ilib/member -I../lib/member -Ilib/pdcp -I../lib/pdcp -Ilib/reorder -I../lib/reorder -Ilib/pdump -I../lib/pdump -Ilib/ptr_compress -I../lib/ptr_compress -Ilib/rawdev -I../lib/rawdev -Idrivers/raw/skeleton -I../drivers/raw/skeleton -Ilib/stack -I../lib/stack -Ilib/pipeline -I../lib/pipeline -Idrivers/crypto/scheduler -I../drivers/crypto/scheduler -Iapp/test/test_cfgfiles -I/usr/local/include -Xclang -fco
 lor-diagnostics -pipe -D_FILE_OFFSET_BITS=64 -Wall -Winvalid-pch -Wextra -Werror -std=c11 -O3 -include rte_config.h -Wvla -Wcast-qual -Wcomma -Wdeprecated -Wformat -Wformat-nonliteral -Wformat-security -Wmissing-declarations -Wmissing-prototypes -Wnested-externs -Wold-style-definition -Wpointer-arith -Wsign-compare -Wstrict-prototypes -Wundef -Wwrite-strings -Wno-missing-field-initializers -D_GNU_SOURCE -D__BSD_VISIBLE -march=native -mrtm -DALLOW_EXPERIMENTAL_API -Wno-vla -fno-strict-aliasing -DALLOW_INTERNAL_API -MD -MQ app/dpdk-test.p/test_test_eal_flags.c.o -MF app/dpdk-test.p/test_test_eal_flags.c.o.d -o app/dpdk-test.p/test_test_eal_flags.c.o -c ../app/test/test_eal_flags.c
../app/test/test_eal_flags.c:323:15: error: use of undeclared identifier 'len'
323 |         RTE_SET_USED(len);
|                      ^
../app/test/test_eal_flags.c:319:38: error: unused parameter 'size' [-Werror,-Wunused-parameter]
319 | get_file_prefix(char *prefix, size_t size)
|                                      ^
2 errors generated.
[1987/2125] Compiling C object app/dpdk-test.p/test_test_distributor.c.o
[1988/2125] Compiling C object app/dpdk-test.p/test_test_efd.c.o
[1989/2125] Compiling C object app/dpdk-test.p/test_test_dmadev.c.o
[1990/2125] Compiling C object app/dpdk-test.p/test_test_efd_perf.c.o
[1991/2125] Compiling C object app/dpdk-test.p/test_test_cryptodev.c.o
ninja: build stopped: subcommand failed.
==== End log output ====

Ubuntu 20.04
	Kernel: 4.19
	Compiler: gcc gcc (Ubuntu 9.4.0-1ubuntu1~20.04.2) 9.4.0

FreeBSD 14.2
	Kernel: 14.2-RELEASE
	Compiler: clang 18.1.6

To view detailed results, visit:
https://lab.dpdk.org/results/dashboard/patchsets/34541/

UNH-IOL DPDK Community Lab

To manage your email subscriptions, visit: 
https://lab.dpdk.org/results/dashboard/preferences/subscriptions/

^ permalink raw reply	[flat|nested] 23+ messages in thread

* |SUCCESS| pw158677-158683 [PATCH] [v2,7/7] test: re-enable format-tr
       [not found] <20251111221857.443752-8-stephen@networkplumber.org>
                   ` (6 preceding siblings ...)
  2025-11-11 23:28 ` |FAILURE| " dpdklab
@ 2025-11-11 23:31 ` dpdklab
  2025-11-11 23:36 ` |PENDING| " dpdklab
                   ` (14 subsequent siblings)
  22 siblings, 0 replies; 23+ messages in thread
From: dpdklab @ 2025-11-11 23:31 UTC (permalink / raw)
  To: Test Report; +Cc: dpdk-test-reports

Test-Label: iol-marvell-Functional
Test-Status: SUCCESS
http://dpdk.org/patch/158683

_Functional Testing PASS_

Submitter: Stephen Hemminger <stephen@networkplumber.org>
Date: Tuesday, November 11 2025 22:17:24 
DPDK git baseline: Repo:dpdk
  Branch: master
  CommitID:be0112878b4fc3a1b918370ed2fe615c52039d77

158677-158683 --> functional testing pass

Upstream job id: Template-DTS-Pipeline#254178

Test environment and result as below:

Ubuntu 20.04.6
Kernel: 5.4.105
Compiler: gcc 9.4
NIC: Marvell CN106XX 50000 Mbps
Target: arm64-native-linuxapp-gcc

Aggregate Results by Test Suite
+----------------+--------+
|   Test Suite   | Result |
+================+========+
| cmdline        |  PASS  |
+----------------+--------+
| rxtx_callbacks |  PASS  |
+----------------+--------+


To view detailed results, visit:
https://lab.dpdk.org/results/dashboard/patchsets/34541/

UNH-IOL DPDK Community Lab

To manage your email subscriptions, visit: 
https://lab.dpdk.org/results/dashboard/preferences/subscriptions/

^ permalink raw reply	[flat|nested] 23+ messages in thread

* |PENDING| pw158677-158683 [PATCH] [v2,7/7] test: re-enable format-tr
       [not found] <20251111221857.443752-8-stephen@networkplumber.org>
                   ` (7 preceding siblings ...)
  2025-11-11 23:31 ` |SUCCESS| " dpdklab
@ 2025-11-11 23:36 ` dpdklab
  2025-11-11 23:39 ` |FAILURE| " dpdklab
                   ` (13 subsequent siblings)
  22 siblings, 0 replies; 23+ messages in thread
From: dpdklab @ 2025-11-11 23:36 UTC (permalink / raw)
  To: Test Report; +Cc: dpdk-test-reports

Test-Label: iol-sample-apps-testing
Test-Status: PENDING
http://dpdk.org/patch/158683

_Testing pending_

Submitter: Stephen Hemminger <stephen@networkplumber.org>
Date: Tuesday, November 11 2025 22:17:24 
DPDK git baseline: Repo:dpdk
  Branch: master
  CommitID:be0112878b4fc3a1b918370ed2fe615c52039d77

158677-158683 --> testing pending

Upstream job id: Template-DTS-Pipeline#254180

Test environment and result as below:

+--------------+----------------------+----------------------+
| Environment  | dpdk_fips_validation | compressdev_zlib_pmd |
+==============+======================+======================+
| Ubuntu 20.04 | PEND                 | SKIPPED              |
+--------------+----------------------+----------------------+
| Ubuntu 22.04 | SKIPPED              | PASS                 |
+--------------+----------------------+----------------------+


Ubuntu 20.04
	Kernel: 5.15
	Compiler: gcc gcc (Ubuntu 9.4.0-1ubuntu1~20.04.2) 9.4.0

Ubuntu 22.04
	Kernel: 5.15
	Compiler: gcc gcc (Ubuntu 11.4.0-1ubuntu1~22.04.2) 11.4.0

To view detailed results, visit:
https://lab.dpdk.org/results/dashboard/patchsets/34541/

UNH-IOL DPDK Community Lab

To manage your email subscriptions, visit: 
https://lab.dpdk.org/results/dashboard/preferences/subscriptions/

^ permalink raw reply	[flat|nested] 23+ messages in thread

* |FAILURE| pw158677-158683 [PATCH] [v2,7/7] test: re-enable format-tr
       [not found] <20251111221857.443752-8-stephen@networkplumber.org>
                   ` (8 preceding siblings ...)
  2025-11-11 23:36 ` |PENDING| " dpdklab
@ 2025-11-11 23:39 ` dpdklab
  2025-11-11 23:43 ` |WARNING| " dpdklab
                   ` (12 subsequent siblings)
  22 siblings, 0 replies; 23+ messages in thread
From: dpdklab @ 2025-11-11 23:39 UTC (permalink / raw)
  To: Test Report; +Cc: dpdk-test-reports, Stephen Hemminger

Test-Label: iol-unit-amd64-testing
Test-Status: FAILURE
http://dpdk.org/patch/158683

_Testing issues_

Submitter: Stephen Hemminger <stephen@networkplumber.org>
Date: Tuesday, November 11 2025 22:17:24 
DPDK git baseline: Repo:dpdk
  Branch: master
  CommitID:be0112878b4fc3a1b918370ed2fe615c52039d77

158677-158683 --> testing issues

Upstream job id: Generic-Unit-Test-DPDK#391253

Test environment and result as below:

+-------------------------------+----------------+
|          Environment          | dpdk_unit_test |
+===============================+================+
| Ubuntu 24.04                  | FAIL           |
+-------------------------------+----------------+
| Red Hat Enterprise Linux 9.5  | PEND           |
+-------------------------------+----------------+
| Red Hat Enterprise Linux 8.10 | PEND           |
+-------------------------------+----------------+
| CentOS Stream 9               | PEND           |
+-------------------------------+----------------+
| Fedora Linux 41               | PEND           |
+-------------------------------+----------------+
| Fedora Linux 42               | PEND           |
+-------------------------------+----------------+
| Debian GNU/Linux 12           | PEND           |
+-------------------------------+----------------+
| CentOS Stream 10              | PEND           |
+-------------------------------+----------------+
| Fedora Linux 40               | PEND           |
+-------------------------------+----------------+
| Ubuntu 22.04                  | PEND           |
+-------------------------------+----------------+
| Ubuntu 20.04                  | PEND           |
+-------------------------------+----------------+

==== Unit test summary for Ubuntu 24.04 (dpdk_unit_test): ====
ninja: Entering directory `/root/workspace/Generic-Unit-Test-DPDK/dpdk/build'
ninja: no work to do.
  1/120 DPDK:fast-tests / acl_autotest                   OK               2.25s
  2/120 DPDK:fast-tests / alarm_autotest                 OK               1.16s
  3/120 DPDK:fast-tests / argparse_autotest              OK               0.16s
  4/120 DPDK:fast-tests / atomic_autotest                OK               0.34s
  5/120 DPDK:fast-tests / bitcount_autotest              OK               0.17s
  6/120 DPDK:fast-tests / bitmap_autotest                OK               0.16s
  7/120 DPDK:fast-tests / bitops_autotest                OK               1.66s
  8/120 DPDK:fast-tests / bitratestats_autotest          OK               0.16s
  9/120 DPDK:fast-tests / bitset_autotest                OK               1.33s
 10/120 DPDK:fast-tests / bpf_autotest                   OK               0.18s
 11/120 DPDK:fast-tests / bpf_convert_autotest           OK               0.17s
 12/120 DPDK:fast-tests / byteorder_autotest             OK               0.16s
 13/120 DPDK:fast-tests / cfgfile_autotest               OK               0.16s
 14/120 DPDK:fast-tests / cksum_autotest                 OK               0.16s
 15/120 DPDK:fast-tests / cmdline_autotest               OK               0.17s
 16/120 DPDK:fast-tests / common_autotest                OK               0.46s
 17/120 DPDK:fast-tests / compressdev_autotest           SKIP             0.14s   exit status 77
 18/120 DPDK:fast-tests / cpuflags_autotest              OK               0.17s
 19/120 DPDK:fast-tests / crc_autotest                   OK               0.17s
 20/120 DPDK:fast-tests / user_delay_us                  OK               0.16s
 21/120 DPDK:fast-tests / debug_autotest                 OK               1.21s
 22/120 DPDK:fast-tests / devargs_autotest               OK               0.16s
 23/120 DPDK:fast-tests / dispatcher_autotest            SKIP             0.14s   exit status 77
 24/120 DPDK:fast-tests / distributor_autotest           OK               0.84s
 25/120 DPDK:fast-tests / eal_flags_c_opt_autotest       OK               0.72s
 26/120 DPDK:fast-tests / eal_flags_main_opt_autotest    OK               0.28s
 27/120 DPDK:fast-tests / eal_flags_n_opt_autotest       OK               0.46s
 28/120 DPDK:fast-tests / eal_flags_hpet_autotest        OK               0.20s
 29/120 DPDK:fast-tests / eal_flags_no_huge_autotest     OK               0.45s
 30/120 DPDK:fast-tests / eal_flags_a_opt_autotest       OK               0.36s
 31/120 DPDK:fast-tests / eal_flags_b_opt_autotest       OK               0.30s
 32/120 DPDK:fast-tests / eal_flags_vdev_opt_autotest    OK               0.55s
 33/120 DPDK:fast-tests / eal_flags_r_opt_autotest       OK               0.25s
 34/120 DPDK:fast-tests / eal_flags_mem_autotest         OK               0.69s
 35/120 DPDK:fast-tests / eal_flags_file_prefix_autotest FAIL             0.14s   (exit status 255 or signal 127 SIGinvalid)
>>> MALLOC_PERTURB_=102 DPDK_TEST=eal_flags_file_prefix_autotest /root/workspace/Generic-Unit-Test-DPDK/dpdk/build/app/dpdk-test

 36/120 DPDK:fast-tests / eal_flags_misc_autotest        OK               1.94s
 37/120 DPDK:fast-tests / eal_fs_autotest                OK               0.17s
 38/120 DPDK:fast-tests / errno_autotest                 OK               0.17s
 39/120 DPDK:fast-tests / ethdev_link_status             OK               0.16s
 40/120 DPDK:fast-tests / event_eth_tx_adapter_autotest  OK               0.45s
 41/120 DPDK:fast-tests / event_ring_autotest            OK               0.17s
 42/120 DPDK:fast-tests / eventdev_common_autotest       OK               0.17s
 43/120 DPDK:fast-tests / eventdev_selftest_sw           OK               0.19s
 44/120 DPDK:fast-tests / fbarray_autotest               OK               0.17s
 45/120 DPDK:fast-tests / fib_autotest                   OK               0.62s
 46/120 DPDK:fast-tests / fib6_autotest                  OK               0.63s
 47/120 DPDK:fast-tests / func_reentrancy_autotest       OK               0.52s
 48/120 DPDK:fast-tests / graph_autotest                 OK               0.17s
 49/120 DPDK:fast-tests / node_list_dump                 OK               0.16s
 50/120 DPDK:fast-tests / graph_feature_arc_autotest     OK               0.16s
 51/120 DPDK:fast-tests / hash_autotest                  OK               0.27s
 52/120 DPDK:fast-tests / hash_readwrite_func_autotest   SKIP             0.14s   exit status 77
 53/120 DPDK:fast-tests / interrupt_autotest             OK               1.20s
 54/120 DPDK:fast-tests / ipfrag_autotest                OK               0.14s
 55/120 DPDK:fast-tests / ipsec_autotest                 SKIP             0.17s   exit status 77
 56/120 DPDK:fast-tests / kvargs_autotest                OK               0.17s
 57/120 DPDK:fast-tests / latencystats_autotest          OK               0.17s
 58/120 DPDK:fast-tests / lcore_var_autotest             OK               0.31s
 59/120 DPDK:fast-tests / lcores_autotest                OK               0.74s
 60/120 DPDK:fast-tests / logs_autotest                  OK               0.16s
 61/120 DPDK:fast-tests / lpm_autotest                   OK               1.41s
 62/120 DPDK:fast-tests / lpm6_autotest                  OK               2.44s
 63/120 DPDK:fast-tests / malloc_autotest                OK               0.37s
 64/120 DPDK:fast-tests / mbuf_autotest                  OK               0.27s
 65/120 DPDK:fast-tests / mcslock_autotest               OK               0.40s
 66/120 DPDK:fast-tests / member_autotest                OK               0.75s
 67/120 DPDK:fast-tests / memcpy_autotest                OK               1.70s
 68/120 DPDK:fast-tests / memory_autotest                OK               0.14s
 69/120 DPDK:fast-tests / mempool_autotest               OK               0.41s
 70/120 DPDK:fast-tests / memzone_autotest               OK               0.19s
 71/120 DPDK:fast-tests / meter_autotest                 OK               0.17s
 72/120 DPDK:fast-tests / metrics_autotest               OK               0.17s
 73/120 DPDK:fast-tests / multiprocess_autotest          OK               0.24s
 74/120 DPDK:fast-tests / net_ether_autotest             OK               0.44s
 75/120 DPDK:fast-tests / net_ipv6_autotest              OK               0.16s
 76/120 DPDK:fast-tests / pcapng_autotest                OK               6.98s
 77/120 DPDK:fast-tests / pdcp_autotest                  SKIP             0.14s   exit status 77
 78/120 DPDK:fast-tests / pdump_autotest                 OK               0.28s
 79/120 DPDK:fast-tests / per_lcore_autotest             OK               0.27s
 80/120 DPDK:fast-tests / pflock_autotest                OK               0.27s
 81/120 DPDK:fast-tests / pie_autotest                   OK               0.16s
 82/120 DPDK:fast-tests / ring_pmd_autotest              OK               0.17s
 83/120 DPDK:fast-tests / power_autotest                 OK               0.16s
 84/120 DPDK:fast-tests / power_cpufreq_autotest         SKIP             0.14s   exit status 77
 85/120 DPDK:fast-tests / power_intel_uncore_autotest    SKIP             0.18s   exit status 77
 86/120 DPDK:fast-tests / power_kvm_vm_autotest          SKIP             0.14s   exit status 77
 87/120 DPDK:fast-tests / prefetch_autotest              OK               0.17s
 88/120 DPDK:fast-tests / ptr_compress_autotest          OK               0.16s
 89/120 DPDK:fast-tests / rawdev_autotest                OK               0.16s
 90/120 DPDK:fast-tests / rcu_qsbr_autotest              OK               0.26s
 91/120 DPDK:fast-tests / reorder_autotest               OK               0.26s
 92/120 DPDK:fast-tests / rib_autotest                   OK               3.14s
 93/120 DPDK:fast-tests / rib6_autotest                  OK               3.12s
 94/120 DPDK:fast-tests / ring_autotest                  OK               0.18s
 95/120 DPDK:fast-tests / rwlock_test1_autotest          OK               0.27s
 96/120 DPDK:fast-tests / rwlock_rda_autotest            OK               5.17s
 97/120 DPDK:fast-tests / rwlock_rds_wrm_autotest        OK               5.17s
 98/120 DPDK:fast-tests / rwlock_rde_wro_autotest        OK               5.16s
 99/120 DPDK:fast-tests / sched_autotest                 OK               0.17s
100/120 DPDK:fast-tests / security_autotest              OK               0.14s
101/120 DPDK:fast-tests / seqlock_autotest               SKIP             0.17s   exit status 77
102/120 DPDK:fast-tests / service_autotest               OK               0.27s
103/120 DPDK:fast-tests / soring_autotest                OK               0.17s
104/120 DPDK:fast-tests / spinlock_autotest              OK               0.18s
105/120 DPDK:fast-tests / stack_autotest                 OK               0.18s
106/120 DPDK:fast-tests / stack_lf_autotest              OK               0.22s
107/120 DPDK:fast-tests / string_autotest                OK               0.17s
108/120 DPDK:fast-tests / table_autotest                 OK               4.27s
109/120 DPDK:fast-tests / tailq_autotest                 OK               0.18s
110/120 DPDK:fast-tests / telemetry_data_autotest        OK               0.17s
111/120 DPDK:fast-tests / telemetry_json_autotest        OK               0.17s
112/120 DPDK:fast-tests / thash_autotest                 OK               0.18s
113/120 DPDK:fast-tests / threads_autotest               OK               0.32s
114/120 DPDK:fast-tests / ticketlock_autotest            OK               0.18s
115/120 DPDK:fast-tests / timer_autotest                 OK               2.52s
116/120 DPDK:fast-tests / trace_autotest                 OK               0.18s
117/120 DPDK:fast-tests / trace_autotest_with_traces     OK               0.17s
118/120 DPDK:fast-tests / vdev_autotest                  OK               0.19s
119/120 DPDK:fast-tests / version_autotest               OK               0.17s
120/120 DPDK:fast-tests / telemetry_all                  OK              11.19s


Ok:                 110 
Expected Fail:      0   
Fail:               1   
Unexpected Pass:    0   
Skipped:            9   
Timeout:            0   

Full log written to /root/workspace/Generic-Unit-Test-DPDK/dpdk/build/meson-logs/testlog.txt



Test log output from the failed test eal_flags_file_prefix_autotest:

Sorry, we were not able to find the logs for this test.
Download the log output from the CI site for this test run.
==== End log output ====

Ubuntu 24.04
	Kernel: 5.15
	Compiler: gcc gcc (Ubuntu 13.3.0-6ubuntu2~24.04) 13.3.0

Red Hat Enterprise Linux 9.5
	Kernel: 5.15
	Compiler: gcc gcc (GCC) 11.5.0 20240719 (Red Hat 11.5.0-2)

Red Hat Enterprise Linux 8.10
	Kernel: 5.15
	Compiler: gcc gcc (GCC) 8.5.0 20210514 (Red Hat 8.5.0-22)

CentOS Stream 9
	Kernel: 5.15
	Compiler: gcc gcc (GCC) 11.5.0 20240719 (Red Hat 11.5.0-11)

Fedora Linux 41
	Kernel: 5.15
	Compiler: clang gcc (GCC) 14.3.1 20250523 (Red Hat 14.3.1-1)

Fedora Linux 42
	Kernel: 5.15
	Compiler: clang gcc (GCC) 15.2.1 20250808 (Red Hat 15.2.1-1)

Debian GNU/Linux 12
	Kernel: 5.15
	Compiler: gcc gcc (Debian 12.2.0-14+deb12u1) 12.2.0

CentOS Stream 10
	Kernel: 5.15
	Compiler: gcc gcc (GCC) 14.2.1 20250110 (Red Hat 14.2.1-8)

Fedora Linux 40
	Kernel: 5.15
	Compiler: clang gcc (GCC) 14.2.1 20240912 (Red Hat 14.2.1-3)

Ubuntu 22.04
	Kernel: 5.15
	Compiler: gcc gcc (Ubuntu 11.4.0-1ubuntu1~22.04) 11.4.0

Ubuntu 20.04
	Kernel: 5.15
	Compiler: gcc gcc (Ubuntu 9.4.0-1ubuntu1~20.04.2) 9.4.0

To view detailed results, visit:
https://lab.dpdk.org/results/dashboard/patchsets/34541/

UNH-IOL DPDK Community Lab

To manage your email subscriptions, visit: 
https://lab.dpdk.org/results/dashboard/preferences/subscriptions/

^ permalink raw reply	[flat|nested] 23+ messages in thread

* |WARNING| pw158677-158683 [PATCH] [v2,7/7] test: re-enable format-tr
       [not found] <20251111221857.443752-8-stephen@networkplumber.org>
                   ` (9 preceding siblings ...)
  2025-11-11 23:39 ` |FAILURE| " dpdklab
@ 2025-11-11 23:43 ` dpdklab
  2025-11-11 23:49 ` |SUCCESS| " dpdklab
                   ` (11 subsequent siblings)
  22 siblings, 0 replies; 23+ messages in thread
From: dpdklab @ 2025-11-11 23:43 UTC (permalink / raw)
  To: Test Report; +Cc: dpdk-test-reports

Test-Label: iol-sample-apps-testing
Test-Status: WARNING
http://dpdk.org/patch/158683

_Testing issues_

Submitter: Stephen Hemminger <stephen@networkplumber.org>
Date: Tuesday, November 11 2025 22:17:24 
DPDK git baseline: Repo:dpdk
  Branch: master
  CommitID:be0112878b4fc3a1b918370ed2fe615c52039d77

158677-158683 --> testing issues

Upstream job id: ACVP-FIPS-testing#11767

Test environment and result as below:

+--------------+----------------------+----------------------+
| Environment  | dpdk_fips_validation | compressdev_zlib_pmd |
+==============+======================+======================+
| Ubuntu 20.04 | WARN                 | SKIPPED              |
+--------------+----------------------+----------------------+
| Ubuntu 22.04 | SKIPPED              | PASS                 |
+--------------+----------------------+----------------------+

==== 20 line log output for Ubuntu 20.04 (dpdk_fips_validation): ====
|        ~~~~~~~~~~~~~~~~~~~~~~~~~~~~~~~~~~~~~
cc1: all warnings being treated as errors
[3418/3635] Compiling C object app/dpdk-test.p/test_test_cmdline.c.o
[3419/3635] Compiling C object app/dpdk-test.p/test_test_acl.c.o
[3420/3635] Compiling C object app/dpdk-testpmd.p/test-pmd_config.c.o
[3421/3635] Compiling C object app/dpdk-test.p/test_test_bitratestats.c.o
[3422/3635] Compiling C object app/dpdk-test.p/test_test_cmdline_num.c.o
[3423/3635] Compiling C object app/dpdk-test.p/test_test_bpf.c.o
[3424/3635] Compiling C object app/dpdk-test.p/test_test_cmdline_cirbuf.c.o
[3425/3635] Compiling C object app/dpdk-test.p/test_sample_packet_forward.c.o
[3426/3635] Compiling C object examples/dpdk-fips_validation.p/fips_validation_main.c.o
[3427/3635] Compiling C object app/dpdk-test.p/test_test_cmdline_etheraddr.c.o
[3428/3635] Compiling C object app/dpdk-test.p/test_packet_burst_generator.c.o
[3429/3635] Compiling C object app/dpdk-test.p/test_test_cksum_perf.c.o
[3430/3635] Compiling C object app/dpdk-test.p/test_test_cksum.c.o
[3431/3635] Compiling C object app/dpdk-test.p/test_test_cmdline_ipaddr.c.o
[3432/3635] Compiling C object app/dpdk-test.p/test_test_bitset.c.o
[3433/3635] Compiling C object drivers/libtmp_rte_crypto_cnxk.a.p/crypto_cnxk_cn20k_cryptodev_ops.c.o
[3434/3635] Compiling C object drivers/libtmp_rte_crypto_cnxk.a.p/crypto_cnxk_cn10k_cryptodev_ops.c.o
ninja: build stopped: subcommand failed.
==== End log output ====

Ubuntu 20.04
	Kernel: 5.15
	Compiler: gcc gcc (Ubuntu 9.4.0-1ubuntu1~20.04.2) 9.4.0

Ubuntu 22.04
	Kernel: 5.15
	Compiler: gcc gcc (Ubuntu 11.4.0-1ubuntu1~22.04.2) 11.4.0

To view detailed results, visit:
https://lab.dpdk.org/results/dashboard/patchsets/34541/

UNH-IOL DPDK Community Lab

To manage your email subscriptions, visit: 
https://lab.dpdk.org/results/dashboard/preferences/subscriptions/

^ permalink raw reply	[flat|nested] 23+ messages in thread

* |SUCCESS| pw158677-158683 [PATCH] [v2,7/7] test: re-enable format-tr
       [not found] <20251111221857.443752-8-stephen@networkplumber.org>
                   ` (10 preceding siblings ...)
  2025-11-11 23:43 ` |WARNING| " dpdklab
@ 2025-11-11 23:49 ` dpdklab
  2025-11-11 23:54 ` |PENDING| " dpdklab
                   ` (10 subsequent siblings)
  22 siblings, 0 replies; 23+ messages in thread
From: dpdklab @ 2025-11-11 23:49 UTC (permalink / raw)
  To: Test Report; +Cc: dpdk-test-reports

Test-Label: iol-intel-Functional
Test-Status: SUCCESS
http://dpdk.org/patch/158683

_Functional Testing PASS_

Submitter: Stephen Hemminger <stephen@networkplumber.org>
Date: Tuesday, November 11 2025 22:17:24 
DPDK git baseline: Repo:dpdk
  Branch: master
  CommitID:be0112878b4fc3a1b918370ed2fe615c52039d77

158677-158683 --> functional testing pass

Upstream job id: Template-DTS-Pipeline#254175

Test environment and result as below:

Ubuntu 20.04
Kernel: 5.4
Compiler: gcc gcc (Ubuntu 9.4.0-1ubuntu1~20.04.1) 9.4.0
NIC: Intel Corporation Ethernet Converged Network Adapter XL710-QDA2 40000 Mbps

Aggregate Results by Test Suite
+-----------------------------+--------+
|         Test Suite          | Result |
+=============================+========+
| unit_tests_mbuf             |  PASS  |
+-----------------------------+--------+
| vhost_virtio_user_interrupt |  PASS  |
+-----------------------------+--------+
| virtio_smoke                |  PASS  |
+-----------------------------+--------+


To view detailed results, visit:
https://lab.dpdk.org/results/dashboard/patchsets/34541/

UNH-IOL DPDK Community Lab

To manage your email subscriptions, visit: 
https://lab.dpdk.org/results/dashboard/preferences/subscriptions/

^ permalink raw reply	[flat|nested] 23+ messages in thread

* |PENDING| pw158677-158683 [PATCH] [v2,7/7] test: re-enable format-tr
       [not found] <20251111221857.443752-8-stephen@networkplumber.org>
                   ` (11 preceding siblings ...)
  2025-11-11 23:49 ` |SUCCESS| " dpdklab
@ 2025-11-11 23:54 ` dpdklab
  2025-11-12  0:08 ` |FAILURE| " dpdklab
                   ` (9 subsequent siblings)
  22 siblings, 0 replies; 23+ messages in thread
From: dpdklab @ 2025-11-11 23:54 UTC (permalink / raw)
  To: Test Report; +Cc: dpdk-test-reports

Test-Label: iol-unit-arm64-testing
Test-Status: PENDING
http://dpdk.org/patch/158683

_Testing pending_

Submitter: Stephen Hemminger <stephen@networkplumber.org>
Date: Tuesday, November 11 2025 22:17:24 
DPDK git baseline: Repo:dpdk
  Branch: master
  CommitID:be0112878b4fc3a1b918370ed2fe615c52039d77

158677-158683 --> testing pending

Upstream job id: Aarch32-Unit-Test#8179

Test environment and result as below:

+------------------------------+----------------+------------------------------+--------------+---------------------------+
|         Environment          | dpdk_unit_test | cryptodev_sw_snow3g_autotest | lpm_autotest | cryptodev_sw_zuc_autotest |
+==============================+================+==============================+==============+===========================+
| Ubuntu 24.04                 | PEND           | SKIPPED                      | SKIPPED      | SKIPPED                   |
+------------------------------+----------------+------------------------------+--------------+---------------------------+
| Ubuntu 22.04                 | PEND           | SKIPPED                      | SKIPPED      | SKIPPED                   |
+------------------------------+----------------+------------------------------+--------------+---------------------------+
| Ubuntu 20.04                 | PEND           | SKIPPED                      | PEND         | SKIPPED                   |
+------------------------------+----------------+------------------------------+--------------+---------------------------+
| Fedora Linux 41              | PEND           | SKIPPED                      | SKIPPED      | SKIPPED                   |
+------------------------------+----------------+------------------------------+--------------+---------------------------+
| Fedora Linux 42              | PEND           | SKIPPED                      | SKIPPED      | SKIPPED                   |
+------------------------------+----------------+------------------------------+--------------+---------------------------+
| CentOS Stream 10             | PEND           | SKIPPED                      | SKIPPED      | SKIPPED                   |
+------------------------------+----------------+------------------------------+--------------+---------------------------+
| Fedora Linux 40              | PEND           | SKIPPED                      | SKIPPED      | SKIPPED                   |
+------------------------------+----------------+------------------------------+--------------+---------------------------+
| Red Hat Enterprise Linux 9.5 | PEND           | SKIPPED                      | SKIPPED      | SKIPPED                   |
+------------------------------+----------------+------------------------------+--------------+---------------------------+
| Debian GNU/Linux 12          | PEND           | SKIPPED                      | SKIPPED      | SKIPPED                   |
+------------------------------+----------------+------------------------------+--------------+---------------------------+
| CentOS Stream 9              | PEND           | SKIPPED                      | SKIPPED      | SKIPPED                   |
+------------------------------+----------------+------------------------------+--------------+---------------------------+
| Debian 12 (arm)              | SKIPPED        | PEND                         | SKIPPED      | PEND                      |
+------------------------------+----------------+------------------------------+--------------+---------------------------+


Ubuntu 24.04
	Kernel: 5.4
	Compiler: gcc gcc (Ubuntu 13.3.0-6ubuntu2~24.04) 13.3.0

Ubuntu 22.04
	Kernel: 5.15
	Compiler: gcc gcc (Ubuntu 11.4.0-1ubuntu1~22.04.2) 11.4.0

Ubuntu 20.04
	Kernel: 5.4
	Compiler: gcc gcc (Ubuntu 9.4.0-1ubuntu1~20.04.2) 9.4.0

Fedora Linux 41
	Kernel: 5.4
	Compiler: clang gcc (GCC) 14.3.1 20250523 (Red Hat 14.3.1-1)

Fedora Linux 42
	Kernel: 5.4
	Compiler: gcc gcc (GCC) 15.2.1 20250808 (Red Hat 15.2.1-1)

CentOS Stream 10
	Kernel: 5.4
	Compiler: gcc gcc (GCC) 14.2.1 20250110 (Red Hat 14.2.1-8)

Fedora Linux 40
	Kernel: 5.4
	Compiler: clang gcc (GCC) 14.2.1 20240912 (Red Hat 14.2.1-3)

Red Hat Enterprise Linux 9.5
	Kernel: 5.4
	Compiler: gcc gcc (GCC) 11.5.0 20240719 (Red Hat 11.5.0-2)

Debian GNU/Linux 12
	Kernel: 5.4
	Compiler: gcc gcc (Debian 12.2.0-14+deb12u1) 12.2.0

CentOS Stream 9
	Kernel: 5.4
	Compiler: gcc gcc (GCC) 11.5.0 20240719 (Red Hat 11.5.0-11)

Debian 12 (arm)
	Kernel: Depends on container host
	Compiler: gcc (Debian 12.2.0-14) 12.2.0

To view detailed results, visit:
https://lab.dpdk.org/results/dashboard/patchsets/34541/

UNH-IOL DPDK Community Lab

To manage your email subscriptions, visit: 
https://lab.dpdk.org/results/dashboard/preferences/subscriptions/

^ permalink raw reply	[flat|nested] 23+ messages in thread

* |FAILURE| pw158677-158683 [PATCH] [v2,7/7] test: re-enable format-tr
       [not found] <20251111221857.443752-8-stephen@networkplumber.org>
                   ` (12 preceding siblings ...)
  2025-11-11 23:54 ` |PENDING| " dpdklab
@ 2025-11-12  0:08 ` dpdklab
  2025-11-12  0:13 ` |SUCCESS| " dpdklab
                   ` (8 subsequent siblings)
  22 siblings, 0 replies; 23+ messages in thread
From: dpdklab @ 2025-11-12  0:08 UTC (permalink / raw)
  To: Test Report; +Cc: dpdk-test-reports, Stephen Hemminger

Test-Label: iol-unit-amd64-testing
Test-Status: FAILURE
http://dpdk.org/patch/158683

_Testing issues_

Submitter: Stephen Hemminger <stephen@networkplumber.org>
Date: Tuesday, November 11 2025 22:17:24 
DPDK git baseline: Repo:dpdk
  Branch: master
  CommitID:be0112878b4fc3a1b918370ed2fe615c52039d77

158677-158683 --> testing issues

Upstream job id: Generic-Unit-Test-DPDK#391251

Test environment and result as below:

+-------------------------------+----------------+
|          Environment          | dpdk_unit_test |
+===============================+================+
| Ubuntu 24.04                  | FAIL           |
+-------------------------------+----------------+
| Red Hat Enterprise Linux 9.5  | FAIL           |
+-------------------------------+----------------+
| Red Hat Enterprise Linux 8.10 | WARN           |
+-------------------------------+----------------+
| CentOS Stream 9               | FAIL           |
+-------------------------------+----------------+
| Fedora Linux 41               | FAIL           |
+-------------------------------+----------------+
| Fedora Linux 42               | FAIL           |
+-------------------------------+----------------+
| Debian GNU/Linux 12           | FAIL           |
+-------------------------------+----------------+
| CentOS Stream 10              | FAIL           |
+-------------------------------+----------------+
| Fedora Linux 40               | FAIL           |
+-------------------------------+----------------+
| Ubuntu 22.04                  | FAIL           |
+-------------------------------+----------------+
| Ubuntu 20.04                  | WARN           |
+-------------------------------+----------------+

==== 20 line log output for Ubuntu 20.04 (dpdk_unit_test): ====
[3429/3605] Compiling C object app/dpdk-test.p/test_test_bitmap.c.o
[3430/3605] Compiling C object app/dpdk-test.p/test_test_cfgfile.c.o
FAILED: app/dpdk-test.p/test_test_cfgfile.c.o
ccache cc -Iapp/dpdk-test.p -Iapp -I../app -Ilib/cmdline -I../lib/cmdline -Ilib/eal/common -I../lib/eal/common -I. -I.. -Iconfig -I../config -Ilib/eal/include -I../lib/eal/include -Ilib/eal/linux/include -I../lib/eal/linux/include -Ilib/eal/x86/include -I../lib/eal/x86/include -I../kernel/linux -Ilib/eal -I../lib/eal -Ilib/kvargs -I../lib/kvargs -Ilib/log -I../lib/log -Ilib/metrics -I../lib/metrics -Ilib/telemetry -I../lib/telemetry -Ilib/argparse -I../lib/argparse -Ilib/net -I../lib/net -Ilib/mbuf -I../lib/mbuf -Ilib/mempool -I../lib/mempool -Ilib/ring -I../lib/ring -Idrivers/net/ring -I../drivers/net/ring -Ilib/ethdev -I../lib/ethdev -Ilib/meter -I../lib/meter -Idrivers/bus/pci -I../drivers/bus/pci -I../drivers/bus/pci/linux -Ilib/pci -I../lib/pci -Idrivers/bus/vdev -I../drivers/bus/vdev -Ilib/acl -I../lib/acl -Ilib/hash -I../lib/hash -Ilib/rcu -I../lib/rcu -Ilib/bitratestats -I../lib/bitratestats -Ilib/bpf -I../lib/bpf -Ilib/cfgfile -I../lib/cfgfile -Ilib/compressdev -I../lib/comp
 ressdev -Ilib/cryptodev -I../lib/cryptodev -Ilib/security -I../lib/security -Ilib/dispatcher -I../lib/dispatcher -Ilib/eventdev -I../lib/eventdev -Ilib/timer -I../lib/timer -Ilib/dmadev -I../lib/dmadev -Ilib/distributor -I../lib/distributor -Ilib/efd -I../lib/efd -Ilib/fib -I../lib/fib -Ilib/rib -I../lib/rib -Ilib/table -I../lib/table -Ilib/port -I../lib/port -Ilib/sched -I../lib/sched -Ilib/ip_frag -I../lib/ip_frag -Ilib/lpm -I../lib/lpm -Ilib/graph -I../lib/graph -Ilib/pcapng -I../lib/pcapng -Ilib/ipsec -I../lib/ipsec -Ilib/latencystats -I../lib/latencystats -Idrivers/net/bonding -I../drivers/net/bonding -Ilib/member -I../lib/member -Ilib/pdcp -I../lib/pdcp -Ilib/reorder -I../lib/reorder -Ilib/pdump -I../lib/pdump -Ilib/pmu -I../lib/pmu -Ilib/power -I../lib/power -Idrivers/power/acpi -I../drivers/power/acpi -Idrivers/power/kvm_vm -I../drivers/power/kvm_vm -Idrivers/power/intel_pstate -I../drivers/power/intel_pstate -Idrivers/power/amd_pstate -I../drivers/power/amd_pstate -Idrivers
 /power/cppc -I../drivers/power/cppc -Idrivers/power/intel_uncore -I../drivers/power/intel_uncore -Ilib/ptr_compress -I../lib/ptr_compress -Ilib/rawdev -I../lib/rawdev -Idrivers/raw/skeleton -I../drivers/raw/skeleton -Ilib/stack -I../lib/stack -Ilib/pipeline -I../lib/pipeline -Idrivers/crypto/scheduler -I../drivers/crypto/scheduler -Iapp/test/test_cfgfiles -fdiagnostics-color=always -pipe -D_FILE_OFFSET_BITS=64 -Wall -Winvalid-pch -Wextra -Werror -std=c11 -O3 -include rte_config.h -Wvla -Wcast-qual -Wdeprecated -Wformat -Wformat-nonliteral -Wformat-security -Wmissing-declarations -Wmissing-prototypes -Wnested-externs -Wold-style-definition -Wpointer-arith -Wsign-compare -Wstrict-prototypes -Wundef -Wwrite-strings -Wno-packed-not-aligned -Wno-missing-field-initializers -D_GNU_SOURCE -march=native -mrtm -DALLOW_EXPERIMENTAL_API -Wno-vla -fno-strict-aliasing -DALLOW_INTERNAL_API -MD -MQ app/dpdk-test.p/test_test_cfgfile.c.o -MF app/dpdk-test.p/test_test_cfgfile.c.o.d -o app/dpdk-test.p/
 test_test_cfgfile.c.o -c ../app/test/test_cfgfile.c
../app/test/test_cfgfile.c: In function 'test_cfgfile_realloc_sections':
../app/test/test_cfgfile.c:186:42: error: '%s' directive output may be truncated writing 12 bytes into a region of size between 1 and 4096 [-Werror=format-truncation=]
186 |  snprintf(filename, sizeof(filename), "%s%s", tmp, "cfg_save.ini");
|                                          ^~        ~~~~~~~~~~~~~~
In file included from /usr/include/stdio.h:867,
from ../app/test/test_cfgfile.c:5:
/usr/include/x86_64-linux-gnu/bits/stdio2.h:67:10: note: '__builtin___snprintf_chk' output between 13 and 4108 bytes into a destination of size 4096
67 |   return __builtin___snprintf_chk (__s, __n, __USE_FORTIFY_LEVEL - 1,
|          ^~~~~~~~~~~~~~~~~~~~~~~~~~~~~~~~~~~~~~~~~~~~~~~~~~~~~~~~~~~~
68 |        __bos (__s), __fmt, __va_arg_pack ());
|        ~~~~~~~~~~~~~~~~~~~~~~~~~~~~~~~~~~~~~
cc1: all warnings being treated as errors
[3431/3605] Compiling C object app/dpdk-test.p/test_packet_burst_generator.c.o
[3432/3605] Compiling C object app/dpdk-test.p/test_test_atomic.c.o
[3433/3605] Compiling C object app/dpdk-test.p/test_test_bitops.c.o
ninja: build stopped: subcommand failed.
==== End log output ====

Ubuntu 24.04
	Kernel: 5.15
	Compiler: gcc gcc (Ubuntu 13.3.0-6ubuntu2~24.04) 13.3.0

Red Hat Enterprise Linux 9.5
	Kernel: 5.15
	Compiler: gcc gcc (GCC) 11.5.0 20240719 (Red Hat 11.5.0-2)

Red Hat Enterprise Linux 8.10
	Kernel: 5.15
	Compiler: gcc gcc (GCC) 8.5.0 20210514 (Red Hat 8.5.0-22)

CentOS Stream 9
	Kernel: 5.15
	Compiler: gcc gcc (GCC) 11.5.0 20240719 (Red Hat 11.5.0-11)

Fedora Linux 41
	Kernel: 5.15
	Compiler: clang gcc (GCC) 14.3.1 20250523 (Red Hat 14.3.1-1)

Fedora Linux 42
	Kernel: 5.15
	Compiler: clang gcc (GCC) 15.2.1 20250808 (Red Hat 15.2.1-1)

Debian GNU/Linux 12
	Kernel: 5.15
	Compiler: gcc gcc (Debian 12.2.0-14+deb12u1) 12.2.0

CentOS Stream 10
	Kernel: 5.15
	Compiler: gcc gcc (GCC) 14.2.1 20250110 (Red Hat 14.2.1-8)

Fedora Linux 40
	Kernel: 5.15
	Compiler: clang gcc (GCC) 14.2.1 20240912 (Red Hat 14.2.1-3)

Ubuntu 22.04
	Kernel: 5.15
	Compiler: gcc gcc (Ubuntu 11.4.0-1ubuntu1~22.04) 11.4.0

Ubuntu 20.04
	Kernel: 5.15
	Compiler: gcc gcc (Ubuntu 9.4.0-1ubuntu1~20.04.2) 9.4.0

To view detailed results, visit:
https://lab.dpdk.org/results/dashboard/patchsets/34541/

UNH-IOL DPDK Community Lab

To manage your email subscriptions, visit: 
https://lab.dpdk.org/results/dashboard/preferences/subscriptions/

^ permalink raw reply	[flat|nested] 23+ messages in thread

* |SUCCESS| pw158677-158683 [PATCH] [v2,7/7] test: re-enable format-tr
       [not found] <20251111221857.443752-8-stephen@networkplumber.org>
                   ` (13 preceding siblings ...)
  2025-11-12  0:08 ` |FAILURE| " dpdklab
@ 2025-11-12  0:13 ` dpdklab
  2025-11-12  0:20 ` dpdklab
                   ` (7 subsequent siblings)
  22 siblings, 0 replies; 23+ messages in thread
From: dpdklab @ 2025-11-12  0:13 UTC (permalink / raw)
  To: Test Report; +Cc: dpdk-test-reports

Test-Label: iol-intel-Functional
Test-Status: SUCCESS
http://dpdk.org/patch/158683

_Functional Testing PASS_

Submitter: Stephen Hemminger <stephen@networkplumber.org>
Date: Tuesday, November 11 2025 22:17:24 
DPDK git baseline: Repo:dpdk
  Branch: master
  CommitID:be0112878b4fc3a1b918370ed2fe615c52039d77

158677-158683 --> functional testing pass

Upstream job id: Template-DTS-Pipeline#254177

Test environment and result as below:

Ubuntu 20.04
Kernel: 5.4
Compiler: gcc gcc (Ubuntu 9.4.0-1ubuntu1~20.04.1) 9.4.0
NIC: Intel Corporation Ethernet Converged Network Adapter XL710-QDA2 40000 Mbps

Aggregate Results by Test Suite
+-----------------------------+--------+
|         Test Suite          | Result |
+=============================+========+
| unit_tests_mbuf             |  PASS  |
+-----------------------------+--------+
| vhost_virtio_user_interrupt |  PASS  |
+-----------------------------+--------+
| virtio_smoke                |  PASS  |
+-----------------------------+--------+


Ubuntu 22.04
Kernel: 5.15
Compiler: gcc gcc (Ubuntu 11.4.0-1ubuntu1~22.04.2) 11.4.0
NIC: Intel Corporation QAT 8970 0 Mbps

Aggregate Results by Test Suite
+----------------------------+--------+
|         Test Suite         | Result |
+============================+========+
| crypto_perf_cryptodev_perf |  PASS  |
+----------------------------+--------+


To view detailed results, visit:
https://lab.dpdk.org/results/dashboard/patchsets/34541/

UNH-IOL DPDK Community Lab

To manage your email subscriptions, visit: 
https://lab.dpdk.org/results/dashboard/preferences/subscriptions/

^ permalink raw reply	[flat|nested] 23+ messages in thread

* |SUCCESS| pw158677-158683 [PATCH] [v2,7/7] test: re-enable format-tr
       [not found] <20251111221857.443752-8-stephen@networkplumber.org>
                   ` (14 preceding siblings ...)
  2025-11-12  0:13 ` |SUCCESS| " dpdklab
@ 2025-11-12  0:20 ` dpdklab
  2025-11-12  0:22 ` |WARNING| " dpdklab
                   ` (6 subsequent siblings)
  22 siblings, 0 replies; 23+ messages in thread
From: dpdklab @ 2025-11-12  0:20 UTC (permalink / raw)
  To: Test Report; +Cc: dpdk-test-reports

Test-Label: iol-broadcom-Performance
Test-Status: SUCCESS
http://dpdk.org/patch/158683

_Performance Testing PASS_

Submitter: Stephen Hemminger <stephen@networkplumber.org>
Date: Tuesday, November 11 2025 22:17:24 
DPDK git baseline: Repo:dpdk
  Branch: master
  CommitID:be0112878b4fc3a1b918370ed2fe615c52039d77

158677-158683 --> performance testing pass

Upstream job id: Template-DTS-Pipeline#254173

Test environment and result as below:

Ubuntu 22.04
Kernel: 5.15
Compiler: gcc gcc (Ubuntu 11.4.0-1ubuntu1~22.04.2) 11.4.0
NIC: Arm Broadcom Inc. brcm_57414 25000 Mbps
Fail/Total: 0/2

Detail performance results: 
+------------+---------+----------+-------------+------------------------------+
| frame_size | txd/rxd | num_cpus | num_threads |  throughput difference from  |
|            |         |          |             |           expected           |
+============+=========+==========+=============+==============================+
| 64         | 512     | 1        | 1           | -0.1%                        |
+------------+---------+----------+-------------+------------------------------+
| 64         | 2048    | 1        | 1           | 0.2%                         |
+------------+---------+----------+-------------+------------------------------+

Ubuntu 22.04
Kernel: 5.15
Compiler: gcc gcc (Ubuntu 11.4.0-1ubuntu1~22.04) 11.4.0
NIC: Broadcom Inc. and subsidiaries BCM57414 NetXtreme-E 10Gb/25Gb RDMA Ethernet Controller 16d7 25 Mbps
Fail/Total: 0/3

Detail performance results: 
+------------+---------+----------+-------------+------------------------------+
| frame_size | txd/rxd | num_cpus | num_threads |  throughput difference from  |
|            |         |          |             |           expected           |
+============+=========+==========+=============+==============================+
| 64         | 128     | 1        | 1           | -0.3%                        |
+------------+---------+----------+-------------+------------------------------+
| 64         | 512     | 1        | 1           | 0.2%                         |
+------------+---------+----------+-------------+------------------------------+
| 64         | 2048    | 1        | 1           | -3.5%                        |
+------------+---------+----------+-------------+------------------------------+

To view detailed results, visit:
https://lab.dpdk.org/results/dashboard/patchsets/34541/

UNH-IOL DPDK Community Lab

To manage your email subscriptions, visit: 
https://lab.dpdk.org/results/dashboard/preferences/subscriptions/

^ permalink raw reply	[flat|nested] 23+ messages in thread

* |WARNING| pw158677-158683 [PATCH] [v2,7/7] test: re-enable format-tr
       [not found] <20251111221857.443752-8-stephen@networkplumber.org>
                   ` (15 preceding siblings ...)
  2025-11-12  0:20 ` dpdklab
@ 2025-11-12  0:22 ` dpdklab
  2025-11-12  5:19 ` |FAILURE| " dpdklab
                   ` (5 subsequent siblings)
  22 siblings, 0 replies; 23+ messages in thread
From: dpdklab @ 2025-11-12  0:22 UTC (permalink / raw)
  To: Test Report; +Cc: dpdk-test-reports

Test-Label: iol-sample-apps-testing
Test-Status: WARNING
http://dpdk.org/patch/158683

_Testing issues_

Submitter: Stephen Hemminger <stephen@networkplumber.org>
Date: Tuesday, November 11 2025 22:17:24 
DPDK git baseline: Repo:dpdk
  Branch: master
  CommitID:be0112878b4fc3a1b918370ed2fe615c52039d77

158677-158683 --> testing issues

Upstream job id: Template-DTS-Pipeline#254179

Test environment and result as below:

+--------------+----------------------+----------------------+
| Environment  | dpdk_fips_validation | compressdev_zlib_pmd |
+==============+======================+======================+
| Ubuntu 20.04 | WARN                 | SKIPPED              |
+--------------+----------------------+----------------------+
| Ubuntu 22.04 | SKIPPED              | PASS                 |
+--------------+----------------------+----------------------+

==== 20 line log output for Ubuntu 20.04 (dpdk_fips_validation): ====
|        ~~~~~~~~~~~~~~~~~~~~~~~~~~~~~~~~~~~~~
cc1: all warnings being treated as errors
[3418/3635] Compiling C object app/dpdk-test.p/test_test_cmdline.c.o
[3419/3635] Compiling C object app/dpdk-test.p/test_test_acl.c.o
[3420/3635] Compiling C object app/dpdk-testpmd.p/test-pmd_config.c.o
[3421/3635] Compiling C object app/dpdk-test.p/test_test_bitratestats.c.o
[3422/3635] Compiling C object app/dpdk-test.p/test_test_cmdline_num.c.o
[3423/3635] Compiling C object app/dpdk-test.p/test_test_bpf.c.o
[3424/3635] Compiling C object app/dpdk-test.p/test_test_cmdline_cirbuf.c.o
[3425/3635] Compiling C object app/dpdk-test.p/test_sample_packet_forward.c.o
[3426/3635] Compiling C object examples/dpdk-fips_validation.p/fips_validation_main.c.o
[3427/3635] Compiling C object app/dpdk-test.p/test_test_cmdline_etheraddr.c.o
[3428/3635] Compiling C object app/dpdk-test.p/test_packet_burst_generator.c.o
[3429/3635] Compiling C object app/dpdk-test.p/test_test_cksum_perf.c.o
[3430/3635] Compiling C object app/dpdk-test.p/test_test_cksum.c.o
[3431/3635] Compiling C object app/dpdk-test.p/test_test_cmdline_ipaddr.c.o
[3432/3635] Compiling C object app/dpdk-test.p/test_test_bitset.c.o
[3433/3635] Compiling C object drivers/libtmp_rte_crypto_cnxk.a.p/crypto_cnxk_cn20k_cryptodev_ops.c.o
[3434/3635] Compiling C object drivers/libtmp_rte_crypto_cnxk.a.p/crypto_cnxk_cn10k_cryptodev_ops.c.o
ninja: build stopped: subcommand failed.
==== End log output ====

Ubuntu 20.04
	Kernel: 5.15
	Compiler: gcc gcc (Ubuntu 9.4.0-1ubuntu1~20.04.2) 9.4.0

Ubuntu 22.04
	Kernel: 5.15
	Compiler: gcc gcc (Ubuntu 11.4.0-1ubuntu1~22.04.2) 11.4.0

To view detailed results, visit:
https://lab.dpdk.org/results/dashboard/patchsets/34541/

UNH-IOL DPDK Community Lab

To manage your email subscriptions, visit: 
https://lab.dpdk.org/results/dashboard/preferences/subscriptions/

^ permalink raw reply	[flat|nested] 23+ messages in thread

* |FAILURE| pw158677-158683 [PATCH] [v2,7/7] test: re-enable format-tr
       [not found] <20251111221857.443752-8-stephen@networkplumber.org>
                   ` (16 preceding siblings ...)
  2025-11-12  0:22 ` |WARNING| " dpdklab
@ 2025-11-12  5:19 ` dpdklab
  2025-11-12  6:02 ` dpdklab
                   ` (4 subsequent siblings)
  22 siblings, 0 replies; 23+ messages in thread
From: dpdklab @ 2025-11-12  5:19 UTC (permalink / raw)
  To: Test Report; +Cc: dpdk-test-reports, Stephen Hemminger

Test-Label: iol-compile-amd64-testing
Test-Status: FAILURE
http://dpdk.org/patch/158683

_Testing issues_

Submitter: Stephen Hemminger <stephen@networkplumber.org>
Date: Tuesday, November 11 2025 22:17:24 
DPDK git baseline: Repo:dpdk
  Branch: master
  CommitID:be0112878b4fc3a1b918370ed2fe615c52039d77

158677-158683 --> testing issues

Upstream job id: Generic-DPDK-Compile-Meson#443163

Test environment and result as below:

+---------------------+--------------------+------------------+
|     Environment     | dpdk_meson_compile | dpdk_compile_ovs |
+=====================+====================+==================+
| Ubuntu 20.04        | FAIL               | SKIPPED          |
+---------------------+--------------------+------------------+
| FreeBSD 14.2        | FAIL               | SKIPPED          |
+---------------------+--------------------+------------------+
| CentOS Stream 9     | PASS               | SKIPPED          |
+---------------------+--------------------+------------------+
| CentOS Stream 10    | PEND               | SKIPPED          |
+---------------------+--------------------+------------------+
| Fedora Linux 42     | PEND               | PEND             |
+---------------------+--------------------+------------------+
| Debian GNU/Linux 12 | PEND               | SKIPPED          |
+---------------------+--------------------+------------------+

==== 20 line log output for FreeBSD 14.2 (dpdk_meson_compile): ====
[1982/2125] Compiling C object app/dpdk-test.p/test_test_cryptodev_asym.c.o
[1983/2125] Compiling C object app/dpdk-test.p/test_test_distributor_perf.c.o
[1984/2125] Compiling C object app/dpdk-test.p/test_test_eal_fs.c.o
[1985/2125] Compiling C object app/dpdk-test.p/test_test_dmadev_api.c.o
[1986/2125] Compiling C object app/dpdk-test.p/test_test_eal_flags.c.o
FAILED: app/dpdk-test.p/test_test_eal_flags.c.o
cc -Iapp/dpdk-test.p -Iapp -I../app -Ilib/cmdline -I../lib/cmdline -Ilib/eal/common -I../lib/eal/common -I. -I.. -Iconfig -I../config -Ilib/eal/include -I../lib/eal/include -Ilib/eal/freebsd/include -I../lib/eal/freebsd/include -Ilib/eal/x86/include -I../lib/eal/x86/include -Ilib/eal -I../lib/eal -Ilib/kvargs -I../lib/kvargs -Ilib/log -I../lib/log -Ilib/metrics -I../lib/metrics -Ilib/telemetry -I../lib/telemetry -Ilib/argparse -I../lib/argparse -Ilib/net -I../lib/net -Ilib/mbuf -I../lib/mbuf -Ilib/mempool -I../lib/mempool -Ilib/ring -I../lib/ring -Idrivers/net/ring -I../drivers/net/ring -Ilib/ethdev -I../lib/ethdev -Ilib/meter -I../lib/meter -Idrivers/bus/pci -I../drivers/bus/pci -I../drivers/bus/pci/bsd -Ilib/pci -I../lib/pci -Idrivers/bus/vdev -I../drivers/bus/vdev -Ilib/acl -I../lib/acl -Ilib/hash -I../lib/hash -Ilib/rcu -I../lib/rcu -Ilib/bitratestats -I../lib/bitratestats -Ilib/bpf -I../lib/bpf -Ilib/cfgfile -I../lib/cfgfile -Ilib/compressdev -I../lib/compressdev -Ilib/cryptodev
  -I../lib/cryptodev -Ilib/security -I../lib/security -Ilib/dispatcher -I../lib/dispatcher -Ilib/eventdev -I../lib/eventdev -Ilib/timer -I../lib/timer -Ilib/dmadev -I../lib/dmadev -Ilib/distributor -I../lib/distributor -Ilib/efd -I../lib/efd -Ilib/fib -I../lib/fib -Ilib/rib -I../lib/rib -Ilib/table -I../lib/table -Ilib/port -I../lib/port -Ilib/sched -I../lib/sched -Ilib/ip_frag -I../lib/ip_frag -Ilib/lpm -I../lib/lpm -Ilib/graph -I../lib/graph -Ilib/pcapng -I../lib/pcapng -Ilib/ipsec -I../lib/ipsec -Ilib/latencystats -I../lib/latencystats -Idrivers/net/bonding -I../drivers/net/bonding -Ilib/member -I../lib/member -Ilib/pdcp -I../lib/pdcp -Ilib/reorder -I../lib/reorder -Ilib/pdump -I../lib/pdump -Ilib/ptr_compress -I../lib/ptr_compress -Ilib/rawdev -I../lib/rawdev -Idrivers/raw/skeleton -I../drivers/raw/skeleton -Ilib/stack -I../lib/stack -Ilib/pipeline -I../lib/pipeline -Idrivers/crypto/scheduler -I../drivers/crypto/scheduler -Iapp/test/test_cfgfiles -I/usr/local/include -Xclang -fco
 lor-diagnostics -pipe -D_FILE_OFFSET_BITS=64 -Wall -Winvalid-pch -Wextra -Werror -std=c11 -O3 -include rte_config.h -Wvla -Wcast-qual -Wcomma -Wdeprecated -Wformat -Wformat-nonliteral -Wformat-security -Wmissing-declarations -Wmissing-prototypes -Wnested-externs -Wold-style-definition -Wpointer-arith -Wsign-compare -Wstrict-prototypes -Wundef -Wwrite-strings -Wno-missing-field-initializers -D_GNU_SOURCE -D__BSD_VISIBLE -march=native -mrtm -DALLOW_EXPERIMENTAL_API -Wno-vla -fno-strict-aliasing -DALLOW_INTERNAL_API -MD -MQ app/dpdk-test.p/test_test_eal_flags.c.o -MF app/dpdk-test.p/test_test_eal_flags.c.o.d -o app/dpdk-test.p/test_test_eal_flags.c.o -c ../app/test/test_eal_flags.c
../app/test/test_eal_flags.c:323:15: error: use of undeclared identifier 'len'
323 |         RTE_SET_USED(len);
|                      ^
../app/test/test_eal_flags.c:319:38: error: unused parameter 'size' [-Werror,-Wunused-parameter]
319 | get_file_prefix(char *prefix, size_t size)
|                                      ^
2 errors generated.
[1987/2125] Compiling C object app/dpdk-test.p/test_test_distributor.c.o
[1988/2125] Compiling C object app/dpdk-test.p/test_test_efd.c.o
[1989/2125] Compiling C object app/dpdk-test.p/test_test_dmadev.c.o
[1990/2125] Compiling C object app/dpdk-test.p/test_test_efd_perf.c.o
[1991/2125] Compiling C object app/dpdk-test.p/test_test_cryptodev.c.o
ninja: build stopped: subcommand failed.
==== End log output ====

Ubuntu 20.04
	Kernel: 4.19
	Compiler: gcc gcc (Ubuntu 9.4.0-1ubuntu1~20.04.2) 9.4.0

FreeBSD 14.2
	Kernel: 14.2-RELEASE
	Compiler: clang 18.1.6

CentOS Stream 9
	Kernel: 5.15
	Compiler: gcc gcc (GCC) 11.5.0 20240719 (Red Hat 11.5.0-11)

CentOS Stream 10
	Kernel: 5.15
	Compiler: gcc gcc (GCC) 14.2.1 20250110 (Red Hat 14.2.1-8)

Fedora Linux 42
	Kernel: 5.15
	Compiler: clang gcc (GCC) 15.2.1 20250808 (Red Hat 15.2.1-1)

Debian GNU/Linux 12
	Kernel: 5.15
	Compiler: gcc gcc (Debian 12.2.0-14+deb12u1) 12.2.0

To view detailed results, visit:
https://lab.dpdk.org/results/dashboard/patchsets/34541/

UNH-IOL DPDK Community Lab

To manage your email subscriptions, visit: 
https://lab.dpdk.org/results/dashboard/preferences/subscriptions/

^ permalink raw reply	[flat|nested] 23+ messages in thread

* |FAILURE| pw158677-158683 [PATCH] [v2,7/7] test: re-enable format-tr
       [not found] <20251111221857.443752-8-stephen@networkplumber.org>
                   ` (17 preceding siblings ...)
  2025-11-12  5:19 ` |FAILURE| " dpdklab
@ 2025-11-12  6:02 ` dpdklab
  2025-11-12  6:08 ` dpdklab
                   ` (3 subsequent siblings)
  22 siblings, 0 replies; 23+ messages in thread
From: dpdklab @ 2025-11-12  6:02 UTC (permalink / raw)
  To: Test Report; +Cc: dpdk-test-reports, Stephen Hemminger

Test-Label: iol-compile-arm64-testing
Test-Status: FAILURE
http://dpdk.org/patch/158683

_Testing issues_

Submitter: Stephen Hemminger <stephen@networkplumber.org>
Date: Tuesday, November 11 2025 22:17:24 
DPDK git baseline: Repo:dpdk
  Branch: master
  CommitID:be0112878b4fc3a1b918370ed2fe615c52039d77

158677-158683 --> testing issues

Upstream job id: Generic-DPDK-Compile-Meson#443177

Test environment and result as below:

+------------------------------+--------------------+
|         Environment          | dpdk_meson_compile |
+==============================+====================+
| Red Hat Enterprise Linux 9.5 | PEND               |
+------------------------------+--------------------+
| Ubuntu 20.04                 | PEND               |
+------------------------------+--------------------+
| Debian GNU/Linux 12          | PEND               |
+------------------------------+--------------------+


Red Hat Enterprise Linux 9.5
	Kernel: 5.4
	Compiler: gcc gcc (GCC) 11.5.0 20240719 (Red Hat 11.5.0-2)

Ubuntu 20.04
	Kernel: 5.15
	Compiler: aarch64-linux-gnu-gcc gcc (Ubuntu 9.4.0-1ubuntu1~20.04.2) 9.4.0

Debian GNU/Linux 12
	Kernel: 5.4
	Compiler: gcc gcc (Debian 12.2.0-14+deb12u1) 12.2.0

To view detailed results, visit:
https://lab.dpdk.org/results/dashboard/patchsets/34541/

UNH-IOL DPDK Community Lab

To manage your email subscriptions, visit: 
https://lab.dpdk.org/results/dashboard/preferences/subscriptions/

^ permalink raw reply	[flat|nested] 23+ messages in thread

* |FAILURE| pw158677-158683 [PATCH] [v2,7/7] test: re-enable format-tr
       [not found] <20251111221857.443752-8-stephen@networkplumber.org>
                   ` (18 preceding siblings ...)
  2025-11-12  6:02 ` dpdklab
@ 2025-11-12  6:08 ` dpdklab
  2025-11-12  8:41 ` dpdklab
                   ` (2 subsequent siblings)
  22 siblings, 0 replies; 23+ messages in thread
From: dpdklab @ 2025-11-12  6:08 UTC (permalink / raw)
  To: Test Report; +Cc: dpdk-test-reports, Stephen Hemminger

Test-Label: iol-compile-amd64-testing
Test-Status: FAILURE
http://dpdk.org/patch/158683

_Testing issues_

Submitter: Stephen Hemminger <stephen@networkplumber.org>
Date: Tuesday, November 11 2025 22:17:24 
DPDK git baseline: Repo:dpdk
  Branch: master
  CommitID:be0112878b4fc3a1b918370ed2fe615c52039d77

158677-158683 --> testing issues

Upstream job id: Generic-DPDK-Compile-Meson#443175

Test environment and result as below:

+-------------------------------+--------------------+------------------+
|          Environment          | dpdk_meson_compile | dpdk_compile_ovs |
+===============================+====================+==================+
| Ubuntu 20.04                  | FAIL               | SKIPPED          |
+-------------------------------+--------------------+------------------+
| FreeBSD 14.2                  | FAIL               | SKIPPED          |
+-------------------------------+--------------------+------------------+
| CentOS Stream 9               | PASS               | SKIPPED          |
+-------------------------------+--------------------+------------------+
| CentOS Stream 10              | PASS               | SKIPPED          |
+-------------------------------+--------------------+------------------+
| Fedora Linux 42               | PASS               | PASS             |
+-------------------------------+--------------------+------------------+
| Debian GNU/Linux 12           | PASS               | SKIPPED          |
+-------------------------------+--------------------+------------------+
| openSUSE Leap 15.6            | PASS               | SKIPPED          |
+-------------------------------+--------------------+------------------+
| Red Hat Enterprise Linux 8.10 | FAIL               | SKIPPED          |
+-------------------------------+--------------------+------------------+
| Red Hat Enterprise Linux 9.5  | PASS               | SKIPPED          |
+-------------------------------+--------------------+------------------+
| Ubuntu 22.04                  | PASS               | SKIPPED          |
+-------------------------------+--------------------+------------------+
| Ubuntu 24.04                  | FAIL               | PASS             |
+-------------------------------+--------------------+------------------+
| Alpine Linux 3.22.0           | PASS               | SKIPPED          |
+-------------------------------+--------------------+------------------+

==== 20 line log output for Ubuntu 24.04 (dpdk_meson_compile): ====
|                                    ~~~~~~~~~~~~~~~~~~~~~~~~~~~~~
56 |                                    __va_arg_pack ());
|                                    ~~~~~~~~~~~~~~~~~
In function 'rte_strlcpy',
inlined from 'setup_acl_pipeline.isra' at ../app/test/test_table_acl.c:597:4:
../lib/eal/include/rte_string_fns.h:63:24: error: '%s' directive output may be truncated writing up to 639 bytes into a region of size 128 [-Werror=format-truncation=]
63 |         return (size_t)snprintf(dst, size, "%s", src);
|                        ^~~~~~~~~~~~~~~~~~~~~~~~~~~~~~
In function 'snprintf',
inlined from 'rte_strlcpy' at ../lib/eal/include/rte_string_fns.h:63:17,
inlined from 'setup_acl_pipeline.isra' at ../app/test/test_table_acl.c:597:4:
/usr/i686-linux-gnu/include/bits/stdio2.h:54:10: note: '__builtin_snprintf' output between 1 and 640 bytes into a destination of size 128
54 |   return __builtin___snprintf_chk (__s, __n, __USE_FORTIFY_LEVEL - 1,
|          ^~~~~~~~~~~~~~~~~~~~~~~~~~~~~~~~~~~~~~~~~~~~~~~~~~~~~~~~~~~~
55 |                                    __glibc_objsize (__s), __fmt,
|                                    ~~~~~~~~~~~~~~~~~~~~~~~~~~~~~
56 |                                    __va_arg_pack ());
|                                    ~~~~~~~~~~~~~~~~~
cc1: all warnings being treated as errors
ninja: build stopped: subcommand failed.
==== End log output ====

Ubuntu 20.04
	Kernel: 4.19
	Compiler: gcc gcc (Ubuntu 9.4.0-1ubuntu1~20.04.2) 9.4.0

FreeBSD 14.2
	Kernel: 14.2-RELEASE
	Compiler: clang 18.1.6

CentOS Stream 9
	Kernel: 5.15
	Compiler: gcc gcc (GCC) 11.5.0 20240719 (Red Hat 11.5.0-11)

CentOS Stream 10
	Kernel: 5.15
	Compiler: gcc gcc (GCC) 14.2.1 20250110 (Red Hat 14.2.1-8)

Fedora Linux 42
	Kernel: 5.15
	Compiler: clang gcc (GCC) 15.2.1 20250808 (Red Hat 15.2.1-1)

Debian GNU/Linux 12
	Kernel: 5.15
	Compiler: gcc gcc (Debian 12.2.0-14+deb12u1) 12.2.0

openSUSE Leap 15.6
	Kernel: 5.15
	Compiler: gcc gcc (SUSE Linux) 7.5.0

Red Hat Enterprise Linux 8.10
	Kernel: 5.15
	Compiler: gcc gcc (GCC) 8.5.0 20210514 (Red Hat 8.5.0-22)

Red Hat Enterprise Linux 9.5
	Kernel: 5.15
	Compiler: gcc gcc (GCC) 11.5.0 20240719 (Red Hat 11.5.0-2)

Ubuntu 22.04
	Kernel: 5.15
	Compiler: gcc gcc (Ubuntu 11.4.0-1ubuntu1~22.04) 11.4.0

Ubuntu 24.04
	Kernel: 5.15
	Compiler: gcc gcc (Ubuntu 13.3.0-6ubuntu2~24.04) 13.3.0

Alpine Linux 3.22.0
	Kernel: 5.15
	Compiler: gcc gcc (Alpine 14.2.0) 14.2.0

To view detailed results, visit:
https://lab.dpdk.org/results/dashboard/patchsets/34541/

UNH-IOL DPDK Community Lab

To manage your email subscriptions, visit: 
https://lab.dpdk.org/results/dashboard/preferences/subscriptions/

^ permalink raw reply	[flat|nested] 23+ messages in thread

* |FAILURE| pw158677-158683 [PATCH] [v2,7/7] test: re-enable format-tr
       [not found] <20251111221857.443752-8-stephen@networkplumber.org>
                   ` (19 preceding siblings ...)
  2025-11-12  6:08 ` dpdklab
@ 2025-11-12  8:41 ` dpdklab
  2025-11-12 12:41 ` |SUCCESS| " dpdklab
  2025-11-12 12:41 ` dpdklab
  22 siblings, 0 replies; 23+ messages in thread
From: dpdklab @ 2025-11-12  8:41 UTC (permalink / raw)
  To: Test Report; +Cc: dpdk-test-reports, Stephen Hemminger

Test-Label: iol-compile-arm64-testing
Test-Status: FAILURE
http://dpdk.org/patch/158683

_Testing issues_

Submitter: Stephen Hemminger <stephen@networkplumber.org>
Date: Tuesday, November 11 2025 22:17:24 
DPDK git baseline: Repo:dpdk
  Branch: master
  CommitID:be0112878b4fc3a1b918370ed2fe615c52039d77

158677-158683 --> testing issues

Upstream job id: Generic-DPDK-Compile-Meson#443188

Test environment and result as below:

+------------------------------+--------------------+
|         Environment          | dpdk_meson_compile |
+==============================+====================+
| Red Hat Enterprise Linux 9.5 | PEND               |
+------------------------------+--------------------+
| Ubuntu 20.04                 | FAIL               |
+------------------------------+--------------------+
| Debian GNU/Linux 12          | PEND               |
+------------------------------+--------------------+
| Fedora Linux 42              | PEND               |
+------------------------------+--------------------+
| Ubuntu 22.04                 | PEND               |
+------------------------------+--------------------+
| Ubuntu 24.04                 | PEND               |
+------------------------------+--------------------+
| CentOS Stream 9              | PEND               |
+------------------------------+--------------------+
| CentOS Stream 10             | PEND               |
+------------------------------+--------------------+

==== 20 line log output for Ubuntu 20.04 (dpdk_meson_compile): ====
[2339/2700] Compiling C object app/dpdk-test.p/test_test_bitset.c.o
[2340/2700] Compiling C object app/dpdk-test.p/test_test_bpf.c.o
[2341/2700] Compiling C object app/dpdk-test.p/test_test_byteorder.c.o
[2342/2700] Compiling C object app/dpdk-test.p/test_test_bitratestats.c.o
[2343/2700] Compiling C object app/dpdk-test.p/test_test_cfgfile.c.o
FAILED: app/dpdk-test.p/test_test_cfgfile.c.o
ccache arm-linux-gnueabihf-gcc -Iapp/dpdk-test.p -Iapp -I../app -Ilib/cmdline -I../lib/cmdline -Ilib/eal/common -I../lib/eal/common -I. -I.. -Iconfig -I../config -Ilib/eal/include -I../lib/eal/include -Ilib/eal/linux/include -I../lib/eal/linux/include -Ilib/eal/arm/include -I../lib/eal/arm/include -I../kernel/linux -Ilib/eal -I../lib/eal -Ilib/kvargs -I../lib/kvargs -Ilib/log -I../lib/log -Ilib/metrics -I../lib/metrics -Ilib/telemetry -I../lib/telemetry -Ilib/argparse -I../lib/argparse -Ilib/net -I../lib/net -Ilib/mbuf -I../lib/mbuf -Ilib/mempool -I../lib/mempool -Ilib/ring -I../lib/ring -Idrivers/net/ring -I../drivers/net/ring -Ilib/ethdev -I../lib/ethdev -Ilib/meter -I../lib/meter -Idrivers/bus/pci -I../drivers/bus/pci -I../drivers/bus/pci/linux -Ilib/pci -I../lib/pci -Idrivers/bus/vdev -I../drivers/bus/vdev -Ilib/acl -I../lib/acl -Ilib/hash -I../lib/hash -Ilib/rcu -I../lib/rcu -Ilib/bitratestats -I../lib/bitratestats -Ilib/bpf -I../lib/bpf -Ilib/cfgfile -I../lib/cfgfile -Ilib/comp
 ressdev -I../lib/compressdev -Ilib/cryptodev -I../lib/cryptodev -Ilib/security -I../lib/security -Ilib/dispatcher -I../lib/dispatcher -Ilib/eventdev -I../lib/eventdev -Ilib/timer -I../lib/timer -Ilib/dmadev -I../lib/dmadev -Ilib/distributor -I../lib/distributor -Ilib/efd -I../lib/efd -Ilib/fib -I../lib/fib -Ilib/rib -I../lib/rib -Ilib/table -I../lib/table -Ilib/port -I../lib/port -Ilib/sched -I../lib/sched -Ilib/ip_frag -I../lib/ip_frag -Ilib/lpm -I../lib/lpm -Ilib/graph -I../lib/graph -Ilib/pcapng -I../lib/pcapng -Ilib/ipsec -I../lib/ipsec -Ilib/latencystats -I../lib/latencystats -Idrivers/net/bonding -I../drivers/net/bonding -Ilib/member -I../lib/member -Ilib/pdcp -I../lib/pdcp -Ilib/reorder -I../lib/reorder -Ilib/pdump -I../lib/pdump -Ilib/pmu -I../lib/pmu -Ilib/power -I../lib/power -Idrivers/power/acpi -I../drivers/power/acpi -Idrivers/power/kvm_vm -I../drivers/power/kvm_vm -Idrivers/power/intel_pstate -I../drivers/power/intel_pstate -Idrivers/power/amd_pstate -I../drivers/power
 /amd_pstate -Idrivers/power/cppc -I../drivers/power/cppc -Idrivers/power/intel_uncore -I../drivers/power/intel_uncore -Ilib/ptr_compress -I../lib/ptr_compress -Ilib/rawdev -I../lib/rawdev -Idrivers/raw/skeleton -I../drivers/raw/skeleton -Ilib/stack -I../lib/stack -Ilib/pipeline -I../lib/pipeline -Idrivers/crypto/scheduler -I../drivers/crypto/scheduler -Iapp/test/test_cfgfiles -fdiagnostics-color=always -pipe -D_FILE_OFFSET_BITS=64 -Wall -Winvalid-pch -Wextra -Werror -std=c11 -O3 -include rte_config.h -Wvla -Wcast-qual -Wdeprecated -Wformat -Wformat-nonliteral -Wformat-security -Wmissing-declarations -Wmissing-prototypes -Wnested-externs -Wold-style-definition -Wpointer-arith -Wsign-compare -Wstrict-prototypes -Wundef -Wwrite-strings -Wno-packed-not-aligned -Wno-missing-field-initializers -Wno-pointer-to-int-cast -D_GNU_SOURCE -march=armv8-a+simd -mfpu=auto -DALLOW_EXPERIMENTAL_API -Wno-vla -fno-strict-aliasing -DALLOW_INTERNAL_API -MD -MQ app/dpdk-test.p/test_test_cfgfile.c.o -MF ap
 p/dpdk-test.p/test_test_cfgfile.c.o.d -o app/dpdk-test.p/test_test_cfgfile.c.o -c ../app/test/test_cfgfile.c
../app/test/test_cfgfile.c: In function 'test_cfgfile_realloc_sections':
../app/test/test_cfgfile.c:186:42: error: '%s' directive output may be truncated writing 12 bytes into a region of size between 1 and 4096 [-Werror=format-truncation=]
186 |  snprintf(filename, sizeof(filename), "%s%s", tmp, "cfg_save.ini");
|                                          ^~        ~~~~~~~~~~~~~~
In file included from /usr/arm-linux-gnueabihf/include/stdio.h:867,
from ../app/test/test_cfgfile.c:5:
/usr/arm-linux-gnueabihf/include/bits/stdio2.h:67:10: note: '__builtin___snprintf_chk' output between 13 and 4108 bytes into a destination of size 4096
67 |   return __builtin___snprintf_chk (__s, __n, __USE_FORTIFY_LEVEL - 1,
|          ^~~~~~~~~~~~~~~~~~~~~~~~~~~~~~~~~~~~~~~~~~~~~~~~~~~~~~~~~~~~
68 |        __bos (__s), __fmt, __va_arg_pack ());
|        ~~~~~~~~~~~~~~~~~~~~~~~~~~~~~~~~~~~~~
cc1: all warnings being treated as errors
ninja: build stopped: subcommand failed.
==== End log output ====

Red Hat Enterprise Linux 9.5
	Kernel: 5.4
	Compiler: gcc gcc (GCC) 11.5.0 20240719 (Red Hat 11.5.0-2)

Ubuntu 20.04
	Kernel: 5.15
	Compiler: aarch64-linux-gnu-gcc gcc (Ubuntu 9.4.0-1ubuntu1~20.04.2) 9.4.0

Debian GNU/Linux 12
	Kernel: 5.4
	Compiler: gcc gcc (Debian 12.2.0-14+deb12u1) 12.2.0

Fedora Linux 42
	Kernel: 5.4
	Compiler: clang gcc (GCC) 15.2.1 20250808 (Red Hat 15.2.1-1)

Ubuntu 22.04
	Kernel: 5.4
	Compiler: gcc gcc (Ubuntu 11.4.0-1ubuntu1~22.04) 11.4.0

Ubuntu 24.04
	Kernel: 5.4
	Compiler: gcc gcc (Ubuntu 13.3.0-6ubuntu2~24.04) 13.3.0

CentOS Stream 9
	Kernel: 5.4
	Compiler: gcc gcc (GCC) 11.5.0 20240719 (Red Hat 11.5.0-11)

CentOS Stream 10
	Kernel: 5.4
	Compiler: gcc gcc (GCC) 14.2.1 20250110 (Red Hat 14.2.1-8)

To view detailed results, visit:
https://lab.dpdk.org/results/dashboard/patchsets/34541/

UNH-IOL DPDK Community Lab

To manage your email subscriptions, visit: 
https://lab.dpdk.org/results/dashboard/preferences/subscriptions/

^ permalink raw reply	[flat|nested] 23+ messages in thread

* |SUCCESS| pw158677-158683 [PATCH] [v2,7/7] test: re-enable format-tr
       [not found] <20251111221857.443752-8-stephen@networkplumber.org>
                   ` (20 preceding siblings ...)
  2025-11-12  8:41 ` dpdklab
@ 2025-11-12 12:41 ` dpdklab
  2025-11-12 12:41 ` dpdklab
  22 siblings, 0 replies; 23+ messages in thread
From: dpdklab @ 2025-11-12 12:41 UTC (permalink / raw)
  To: Test Report; +Cc: dpdk-test-reports

Test-Label: iol-intel-Functional
Test-Status: SUCCESS
http://dpdk.org/patch/158683

_Functional Testing PASS_

Submitter: Stephen Hemminger <stephen@networkplumber.org>
Date: Tuesday, November 11 2025 22:17:24 
DPDK git baseline: Repo:dpdk
  Branch: master
  CommitID:be0112878b4fc3a1b918370ed2fe615c52039d77

158677-158683 --> functional testing pass

Upstream job id: Template-DPDK-DTS-Pipeline#3169

Test environment and result as below:

Ubuntu 20.04
Kernel: 5.4
Compiler: gcc gcc (Ubuntu 9.4.0-1ubuntu1~20.04.1) 9.4.0
NIC: Intel Corporation Ethernet Converged Network Adapter XL710-QDA2 40000 Mbps

Aggregate Results by Test Suite
+-----------------------------+--------+
|         Test Suite          | Result |
+=============================+========+
| unit_tests_mbuf             |  PASS  |
+-----------------------------+--------+
| vhost_virtio_user_interrupt |  PASS  |
+-----------------------------+--------+
| virtio_smoke                |  PASS  |
+-----------------------------+--------+


Ubuntu 22.04
Kernel: 5.15
Compiler: gcc gcc (Ubuntu 11.4.0-1ubuntu1~22.04.2) 11.4.0
NIC: Intel Corporation QAT 8970 0 Mbps

Aggregate Results by Test Suite
+----------------------------+--------+
|         Test Suite         | Result |
+============================+========+
| crypto_perf_cryptodev_perf |  PASS  |
+----------------------------+--------+


Ubuntu 24.04
Kernel: 6.8
Compiler: gcc gcc (Ubuntu 13.3.0-6ubuntu2~24.04) 13.3.0
NIC: Intel Corporation 4xxx Series QAT 0 Mbps

Aggregate Results by Test Suite
+----------------------------+--------+
|         Test Suite         | Result |
+============================+========+
| crypto_perf_cryptodev_perf |  PASS  |
+----------------------------+--------+


Ubuntu 24.04 LTS
Kernel: 6.8.0-44-generic
Compiler: gcc 13.2.0
NIC: Intel Corporation Ethernet Controller XL710 for 40GbE QSFP+ 40 Mbps

Aggregate Results by Test Suite
+--------------------+--------+
|     Test Suite     | Result |
+====================+========+
| blocklist          |  PASS  |
+--------------------+--------+
| promisc_support    |  PASS  |
+--------------------+--------+
| uni_pkt            |  PASS  |
+--------------------+--------+
| dynamic_queue_conf |  PASS  |
+--------------------+--------+
| hello_world        |  PASS  |
+--------------------+--------+
| l2fwd              |  PASS  |
+--------------------+--------+
| softnic            |  PASS  |
+--------------------+--------+


To view detailed results, visit:
https://lab.dpdk.org/results/dashboard/patchsets/34541/

UNH-IOL DPDK Community Lab

To manage your email subscriptions, visit: 
https://lab.dpdk.org/results/dashboard/preferences/subscriptions/

^ permalink raw reply	[flat|nested] 23+ messages in thread

* |SUCCESS| pw158677-158683 [PATCH] [v2,7/7] test: re-enable format-tr
       [not found] <20251111221857.443752-8-stephen@networkplumber.org>
                   ` (21 preceding siblings ...)
  2025-11-12 12:41 ` |SUCCESS| " dpdklab
@ 2025-11-12 12:41 ` dpdklab
  22 siblings, 0 replies; 23+ messages in thread
From: dpdklab @ 2025-11-12 12:41 UTC (permalink / raw)
  To: Test Report; +Cc: dpdk-test-reports

Test-Label: iol-intel-Functional
Test-Status: SUCCESS
http://dpdk.org/patch/158683

_Functional Testing PASS_

Submitter: Stephen Hemminger <stephen@networkplumber.org>
Date: Tuesday, November 11 2025 22:17:24 
DPDK git baseline: Repo:dpdk
  Branch: master
  CommitID:be0112878b4fc3a1b918370ed2fe615c52039d77

158677-158683 --> functional testing pass

Upstream job id: Template-DTS-Pipeline#254181

Test environment and result as below:

Ubuntu 20.04
Kernel: 5.4
Compiler: gcc gcc (Ubuntu 9.4.0-1ubuntu1~20.04.1) 9.4.0
NIC: Intel Corporation Ethernet Converged Network Adapter XL710-QDA2 40000 Mbps

Aggregate Results by Test Suite
+-----------------------------+--------+
|         Test Suite          | Result |
+=============================+========+
| unit_tests_mbuf             |  PASS  |
+-----------------------------+--------+
| vhost_virtio_user_interrupt |  PASS  |
+-----------------------------+--------+
| virtio_smoke                |  PASS  |
+-----------------------------+--------+


Ubuntu 22.04
Kernel: 5.15
Compiler: gcc gcc (Ubuntu 11.4.0-1ubuntu1~22.04.2) 11.4.0
NIC: Intel Corporation QAT 8970 0 Mbps

Aggregate Results by Test Suite
+----------------------------+--------+
|         Test Suite         | Result |
+============================+========+
| crypto_perf_cryptodev_perf |  PASS  |
+----------------------------+--------+


Ubuntu 24.04
Kernel: 6.8
Compiler: gcc gcc (Ubuntu 13.3.0-6ubuntu2~24.04) 13.3.0
NIC: Intel Corporation 4xxx Series QAT 0 Mbps

Aggregate Results by Test Suite
+----------------------------+--------+
|         Test Suite         | Result |
+============================+========+
| crypto_perf_cryptodev_perf |  PASS  |
+----------------------------+--------+


Ubuntu 24.04 LTS
Kernel: 6.8.0-44-generic
Compiler: gcc 13.2.0
NIC: Intel Corporation Ethernet Controller XL710 for 40GbE QSFP+ 40 Mbps

Aggregate Results by Test Suite
+--------------------+--------+
|     Test Suite     | Result |
+====================+========+
| blocklist          |  PASS  |
+--------------------+--------+
| promisc_support    |  PASS  |
+--------------------+--------+
| uni_pkt            |  PASS  |
+--------------------+--------+
| dynamic_queue_conf |  PASS  |
+--------------------+--------+
| hello_world        |  PASS  |
+--------------------+--------+
| l2fwd              |  PASS  |
+--------------------+--------+
| softnic            |  PASS  |
+--------------------+--------+


To view detailed results, visit:
https://lab.dpdk.org/results/dashboard/patchsets/34541/

UNH-IOL DPDK Community Lab

To manage your email subscriptions, visit: 
https://lab.dpdk.org/results/dashboard/preferences/subscriptions/

^ permalink raw reply	[flat|nested] 23+ messages in thread

end of thread, other threads:[~2025-11-12 12:41 UTC | newest]

Thread overview: 23+ messages (download: mbox.gz / follow: Atom feed)
-- links below jump to the message on this page --
     [not found] <20251111221857.443752-8-stephen@networkplumber.org>
2025-11-11 21:45 ` |SUCCESS| pw158677-158683 [PATCH v2 7/7] test: re-enable format-truncation warnings qemudev
2025-11-11 21:50 ` |FAILURE| " qemudev
2025-11-11 22:20 ` |SUCCESS| pw158683 " checkpatch
2025-11-11 23:04 ` |FAILURE| " 0-day Robot
2025-11-11 23:23 ` |FAILURE| pw158677-158683 [PATCH] [v2,7/7] test: re-enable format-tr dpdklab
2025-11-11 23:26 ` |SUCCESS| " dpdklab
2025-11-11 23:28 ` |FAILURE| " dpdklab
2025-11-11 23:31 ` |SUCCESS| " dpdklab
2025-11-11 23:36 ` |PENDING| " dpdklab
2025-11-11 23:39 ` |FAILURE| " dpdklab
2025-11-11 23:43 ` |WARNING| " dpdklab
2025-11-11 23:49 ` |SUCCESS| " dpdklab
2025-11-11 23:54 ` |PENDING| " dpdklab
2025-11-12  0:08 ` |FAILURE| " dpdklab
2025-11-12  0:13 ` |SUCCESS| " dpdklab
2025-11-12  0:20 ` dpdklab
2025-11-12  0:22 ` |WARNING| " dpdklab
2025-11-12  5:19 ` |FAILURE| " dpdklab
2025-11-12  6:02 ` dpdklab
2025-11-12  6:08 ` dpdklab
2025-11-12  8:41 ` dpdklab
2025-11-12 12:41 ` |SUCCESS| " dpdklab
2025-11-12 12:41 ` dpdklab

This is a public inbox, see mirroring instructions
for how to clone and mirror all data and code used for this inbox;
as well as URLs for NNTP newsgroup(s).