From mboxrd@z Thu Jan 1 00:00:00 1970 Return-Path: Received: from mails.dpdk.org (mails.dpdk.org [217.70.189.124]) by inbox.dpdk.org (Postfix) with ESMTP id 119A648AEF for ; Wed, 12 Nov 2025 16:41:18 +0100 (CET) Received: from mails.dpdk.org (localhost [127.0.0.1]) by mails.dpdk.org (Postfix) with ESMTP id ED4D7402AF; Wed, 12 Nov 2025 16:41:17 +0100 (CET) Received: from mail-il1-f228.google.com (mail-il1-f228.google.com [209.85.166.228]) by mails.dpdk.org (Postfix) with ESMTP id 3BE45402AF for ; Wed, 12 Nov 2025 16:41:16 +0100 (CET) Received: by mail-il1-f228.google.com with SMTP id e9e14a558f8ab-4336f492d75so5689205ab.1 for ; Wed, 12 Nov 2025 07:41:16 -0800 (PST) DKIM-Signature: v=1; a=rsa-sha256; c=relaxed/relaxed; d=iol.unh.edu; s=unh-iol; t=1762962075; x=1763566875; darn=dpdk.org; h=cc:to:from:subject:message-id:date:from:to:cc:subject:date :message-id:reply-to; bh=SP2Gi92aa1jncMJHxgjkK1BmTB0BIhZIbM9Cu6HPI2Q=; b=CM2mA2PKqOJx8SflGvN74nfrMop04gNVkDQoSOUclJZevPLgPIoC7+/sYesvcACjUf p+Pd4R3iJJPoC+SZ4hIfLqFl47ns+94ZSTb7sK/u9EMvuWbTMDyt9EnmszSClsqaGptt M12P4rzkaITMo5QEkCjVZ2AWVngndiEY4D0Wk= X-Google-DKIM-Signature: v=1; a=rsa-sha256; c=relaxed/relaxed; d=1e100.net; s=20230601; t=1762962075; x=1763566875; h=cc:to:from:subject:message-id:date:x-gm-gg:x-gm-message-state:from :to:cc:subject:date:message-id:reply-to; bh=SP2Gi92aa1jncMJHxgjkK1BmTB0BIhZIbM9Cu6HPI2Q=; b=vbqypqyIWqyravzgP/f4aOjQHnOEpJNCQocLlKdp7TqlkFPOWIQN5joaHmImWQjRzY 5JzutBMjBEBzYpn0g0ozzeXjFWkOqyVSsHm3U70I0bIPvppomwZ1G+YRsFS4KF2y/BIe ROhRFnsvey3st/eKQXCyoQWvva8L8MUWWpk4nZx6/ku22u3Z2nB15Bn0Xm2u9IJb9bMg AJ1fLs6nbQDF99Zhp7hgM1I2HVild47b0mOWkTiScFiLNAq5sXT0/+48GjhO/DJhxOpU /ZkeivwdUh2jkpfHf/1lDLBpQr6wBSi+BWQ00s6InU2p1zMzbKXAZpycjZTpnAgv8ZkL vpqg== X-Gm-Message-State: AOJu0Yx1rFAi0XiuCFTA+fcE2dvB9d49cGZbrT32WqpvJQL9vnBiWjl8 4FCjUHaK/sc3J7Lp+fH1AYnKM5rOIg7i06hLsrsaMsZgolToNpy8MFokiDkb7zlzDTgTMrPXdHZ I87lH95Q4MGNfEO/9ySyGc/mpEBvGaUGBwv02 X-Gm-Gg: ASbGncuPolyixrZ8/hBAw7VB1qAx+smfIV2hYgRjgsp8AQ+W0PUm+Nbw5q0BXNFAWtp 6y4X2795b7RDe/YjRQFMR9zao8LgVyWYkfFDZqzfZFbyCAFXMtEDKA/lKEOx4mH10fZZVWsfWhk Kc/lC7aQ1E1/UfOh2a4FyAMIbMfiCqyE5DQlxbztYJVnIb/4WeJZbIMkOOCHFgpY/gU2W47oIsT 0AeR/yRsVxo11t0CADN7rEgUK2E+hxpFW2NRHiYO/0EFadw3Jv6QflTkZSCODs0Ca6K4ZbVDbJm xD6A3FjVvRB+Qb3W6naqXEJCaFmxW91dF+yI3RjDkvBysVIdb7wTXLyWxnsRhdQ/mPBcN4Spqit vziqsK9JB2dDUjPz7j3x46RW5cqTTzgs= X-Google-Smtp-Source: AGHT+IHwkcgcmhc1SJcEFx+URWSMyY4MmeUEZ1lKJPzfLruLu+t4jYKkijy79Z9DS20Jclqt6drDd+sKWBmk X-Received: by 2002:a05:6e02:19c7:b0:433:767e:8f47 with SMTP id e9e14a558f8ab-43473daeacbmr40417685ab.29.1762962075441; Wed, 12 Nov 2025 07:41:15 -0800 (PST) Received: from postal.iol.unh.edu (postal.iol.unh.edu. [132.177.123.84]) by smtp-relay.gmail.com with ESMTPS id e9e14a558f8ab-4347327f0besm2919385ab.0.2025.11.12.07.41.15 (version=TLS1_2 cipher=ECDHE-ECDSA-AES128-GCM-SHA256 bits=128/128); Wed, 12 Nov 2025 07:41:15 -0800 (PST) X-Relaying-Domain: iol.unh.edu Date: Wed, 12 Nov 2025 07:41:15 -0800 (PST) Message-ID: <6914aa9b.050a0220.264076.ee4eSMTPIN_ADDED_MISSING@mx.google.com> Received: from [172.21.0.4] (unknown [172.18.0.240]) by postal.iol.unh.edu (Postfix) with ESMTP id E7C976050A61; Wed, 12 Nov 2025 10:41:14 -0500 (EST) Subject: |FAILURE| [GIT MASTER] 62f583c49bf67dd4d6733ece14e55fe6839e66d1 From: dpdklab@iol.unh.edu To: Test Report Cc: dpdk-test-reports@iol.unh.edu, Xueming Li , Christian Ehrhardt , Kevin Traynor , Luca Boccassi Content-Type: text/plain X-BeenThere: test-report@dpdk.org X-Mailman-Version: 2.1.29 Precedence: list List-Id: automatic DPDK test reports List-Unsubscribe: , List-Archive: List-Post: List-Help: List-Subscribe: , Errors-To: test-report-bounces@dpdk.org _Testing issues_ Branch: tags/v23.11 62f583c49bf67dd4d6733ece14e55fe6839e66d1 --> testing issues Upstream job id: Generic-DPDK-Compile-Meson#443292 Test environment and result as below: +-------------------------------+--------------------+------------------+ | Environment | dpdk_meson_compile | dpdk_compile_ovs | +===============================+====================+==================+ | Ubuntu 20.04 | PASS | SKIPPED | +-------------------------------+--------------------+------------------+ | FreeBSD 14.2 | PASS | SKIPPED | +-------------------------------+--------------------+------------------+ | CentOS Stream 9 | PASS | SKIPPED | +-------------------------------+--------------------+------------------+ | CentOS Stream 10 | PASS | SKIPPED | +-------------------------------+--------------------+------------------+ | Debian GNU/Linux 12 | PASS | SKIPPED | +-------------------------------+--------------------+------------------+ | Fedora Linux 42 | FAIL | WARN | +-------------------------------+--------------------+------------------+ | openSUSE Leap 15.6 | PASS | SKIPPED | +-------------------------------+--------------------+------------------+ | Red Hat Enterprise Linux 8.10 | PASS | SKIPPED | +-------------------------------+--------------------+------------------+ | Red Hat Enterprise Linux 9.5 | PASS | SKIPPED | +-------------------------------+--------------------+------------------+ | Ubuntu 22.04 | PASS | SKIPPED | +-------------------------------+--------------------+------------------+ | Ubuntu 24.04 | PASS | PASS | +-------------------------------+--------------------+------------------+ | Alpine Linux 3.22.0 | PASS | SKIPPED | +-------------------------------+--------------------+------------------+ ==== 20 line log output for Fedora Linux 42 (dpdk_compile_ovs): ==== --- Failed to get log output --- ==== End log output ==== Ubuntu 20.04 Kernel: 4.19 Compiler: gcc gcc (Ubuntu 9.4.0-1ubuntu1~20.04.2) 9.4.0 FreeBSD 14.2 Kernel: 14.2-RELEASE Compiler: clang 18.1.6 CentOS Stream 9 Kernel: 5.15 Compiler: gcc gcc (GCC) 11.5.0 20240719 (Red Hat 11.5.0-11) CentOS Stream 10 Kernel: 5.15 Compiler: gcc gcc (GCC) 14.2.1 20250110 (Red Hat 14.2.1-8) Debian GNU/Linux 12 Kernel: 5.15 Compiler: gcc gcc (Debian 12.2.0-14+deb12u1) 12.2.0 Fedora Linux 42 Kernel: 5.15 Compiler: clang gcc (GCC) 15.2.1 20250808 (Red Hat 15.2.1-1) openSUSE Leap 15.6 Kernel: 5.15 Compiler: gcc gcc (SUSE Linux) 7.5.0 Red Hat Enterprise Linux 8.10 Kernel: 5.15 Compiler: gcc gcc (GCC) 8.5.0 20210514 (Red Hat 8.5.0-22) Red Hat Enterprise Linux 9.5 Kernel: 5.15 Compiler: gcc gcc (GCC) 11.5.0 20240719 (Red Hat 11.5.0-2) Ubuntu 22.04 Kernel: 5.15 Compiler: gcc gcc (Ubuntu 11.4.0-1ubuntu1~22.04) 11.4.0 Ubuntu 24.04 Kernel: 5.15 Compiler: gcc gcc (Ubuntu 13.3.0-6ubuntu2~24.04) 13.3.0 Alpine Linux 3.22.0 Kernel: 5.15 Compiler: gcc gcc (Alpine 14.2.0) 14.2.0 To view detailed results, visit: https://lab.dpdk.org/results/dashboard/tarballs/35550/ UNH-IOL DPDK Community Lab To manage your email subscriptions, visit: https://lab.dpdk.org/results/dashboard/preferences/subscriptions/