From mboxrd@z Thu Jan 1 00:00:00 1970 Return-Path: Received: from mails.dpdk.org (mails.dpdk.org [217.70.189.124]) by inbox.dpdk.org (Postfix) with ESMTP id 1061948AF1 for ; Wed, 12 Nov 2025 20:00:28 +0100 (CET) Received: from mails.dpdk.org (localhost [127.0.0.1]) by mails.dpdk.org (Postfix) with ESMTP id 0C49340151; Wed, 12 Nov 2025 20:00:28 +0100 (CET) Received: from mail-pj1-f97.google.com (mail-pj1-f97.google.com [209.85.216.97]) by mails.dpdk.org (Postfix) with ESMTP id 0987440151 for ; Wed, 12 Nov 2025 20:00:23 +0100 (CET) Received: by mail-pj1-f97.google.com with SMTP id 98e67ed59e1d1-3414de5b27eso995335a91.0 for ; Wed, 12 Nov 2025 11:00:22 -0800 (PST) DKIM-Signature: v=1; a=rsa-sha256; c=relaxed/relaxed; d=iol.unh.edu; s=unh-iol; t=1762974022; x=1763578822; darn=dpdk.org; h=references:in-reply-to:cc:to:from:subject:message-id:date:from:to :cc:subject:date:message-id:reply-to; bh=5bwQvde55oXkFhFhSYwX6q8fk+/BqvPjff+8L20m5pM=; b=N7OsTgFOX1zO+coGK5S+5VkDYCvZh4GhUF/2HeFqWVsSqIHTWL7g4zjStsIIzjjIlC nin8lPeq/pWgap2ne+91gNpbeckl7oKfkZehacte7yJfEyvzrYH/8cW9Bkvy6kfVGviJ Q/AoCFzAY3hlLXvd1LO9l9hm1vgMM9eEm7pyk= X-Google-DKIM-Signature: v=1; a=rsa-sha256; c=relaxed/relaxed; d=1e100.net; s=20230601; t=1762974022; x=1763578822; h=references:in-reply-to:cc:to:from:subject:message-id:date:x-gm-gg :x-gm-message-state:from:to:cc:subject:date:message-id:reply-to; bh=5bwQvde55oXkFhFhSYwX6q8fk+/BqvPjff+8L20m5pM=; b=hagzcLEqTtFa5DL/qHxvu5xv78GOyXOKtn0kVHTaG74OzWcUQ8y6u0xbGRY/QU/8yc ue1JPBSKqs4/esO8q+saDiwzPn8ev2om/3TZrHXPy0qcYTm88MFMT7EeQbSGOL/TFtvt 2M7zWAiqqBE2IwaW9hqgbaABSLhjpsKYpbrPcjKoBRq62GeEpSyOWaxXO7WuletqD39I 54gsf7Oinf+WIkyjYXdqI39sO2G/QCcj9bKoX7KKHUp85+0ZfcbQBVsRrcjploqzbYo0 ofgjZHiDYzM8uzl0uoaaLl9aYsnAvlP7F8nRyIjuCv7QkP3op2kq64qLKx+qeu4vQp6k K2LA== X-Gm-Message-State: AOJu0YwtK804AbXEeBw8BZmSwCZR7k5I2awb8ZQ8IAe24EBrM4wEe7ac iuVqsyjv72yFuYnFavfHHciXry3zIWJtdfigb4tF1mQ/yqLMVIrvAqgs4/fGqJmtNDOfnwDnN4f 4LvwwP+KlePUlJ0NWOUPCHlsO3g47lfWI3SGXZm01lSzPomnt3BBksRJ976br X-Gm-Gg: ASbGncsVQ5tnJedjrXNcil0HNxvTAJkqdT7aSqlDIl1iKa9wI79BcZecUQZDrOD1bNo jMIhsJ0sNqVHUGXXOjjSGu5b6dRkL/Sqp7Gh2Wl5AKffahzFaHj8GRfP4c8oooDcVH9bpSO1aoF fDLAECTWieFr7OwGelaV1cci4T4WFdluOfbF3RmuSL3J27VjKIRRQ3vfXRR4BGdszE/lDHuLZwt QX9b27zb7kClQ7YQu6sTP+ukFvikRiQEECXtva8hFnTofaEyr22R25+82FNRbGUvIzd48IINOWw WbWRUPgS0z+4av9hqxwloxqZpbSuWa3Txj1qlCB97JfzFohhJB9S5/1biq9t8OvrTBZv2mK3uUz thBIfdV5Y X-Google-Smtp-Source: AGHT+IH/I60OBRRfgTH6Fy+M+eniKA8O1mJpQ4UZSgyCr9/cze6WcAxUDILqkKzhPyjfUuSr8F9jn79TfxO5 X-Received: by 2002:a17:90b:3a45:b0:33b:ba50:fccc with SMTP id 98e67ed59e1d1-343dde6f153mr5005420a91.18.1762974022089; Wed, 12 Nov 2025 11:00:22 -0800 (PST) Received: from postal.iol.unh.edu (postal.iol.unh.edu. [2606:4100:3880:1234::84]) by smtp-relay.gmail.com with ESMTPS id 98e67ed59e1d1-343e21e6fddsm268048a91.3.2025.11.12.11.00.21 (version=TLS1_2 cipher=ECDHE-ECDSA-AES128-GCM-SHA256 bits=128/128); Wed, 12 Nov 2025 11:00:22 -0800 (PST) X-Relaying-Domain: iol.unh.edu Date: Wed, 12 Nov 2025 11:00:22 -0800 (PST) Message-ID: <6914d946.170a0220.14934b.cf56SMTPIN_ADDED_MISSING@mx.google.com> Received: from [172.21.0.5] (unknown [172.18.0.240]) by postal.iol.unh.edu (Postfix) with ESMTP id 44C5D604D420; Wed, 12 Nov 2025 14:00:20 -0500 (EST) Subject: |FAILURE| pw158677-158683 [PATCH] [v2,7/7] test: re-enable format-tr From: dpdklab@iol.unh.edu To: Test Report Cc: dpdk-test-reports@iol.unh.edu, Stephen Hemminger In-Reply-To: <20251111221857.443752-8-stephen@networkplumber.org> References: <20251111221857.443752-8-stephen@networkplumber.org> Content-Type: text/plain X-BeenThere: test-report@dpdk.org X-Mailman-Version: 2.1.29 Precedence: list List-Id: automatic DPDK test reports List-Unsubscribe: , List-Archive: List-Post: List-Help: List-Subscribe: , Errors-To: test-report-bounces@dpdk.org Test-Label: iol-compile-arm64-testing Test-Status: FAILURE http://dpdk.org/patch/158683 _Testing issues_ Submitter: Stephen Hemminger Date: Tuesday, November 11 2025 22:17:24 DPDK git baseline: Repo:dpdk Branch: master CommitID:be0112878b4fc3a1b918370ed2fe615c52039d77 158677-158683 --> testing issues Upstream job id: Generic-DPDK-Compile-Meson#443186 Test environment and result as below: +------------------------------+--------------------+ | Environment | dpdk_meson_compile | +==============================+====================+ | Red Hat Enterprise Linux 9.5 | FAIL | +------------------------------+--------------------+ | Ubuntu 20.04 | FAIL | +------------------------------+--------------------+ | Debian GNU/Linux 12 | FAIL | +------------------------------+--------------------+ | Fedora Linux 42 | FAIL | +------------------------------+--------------------+ | Ubuntu 22.04 | FAIL | +------------------------------+--------------------+ | Ubuntu 24.04 | FAIL | +------------------------------+--------------------+ | CentOS Stream 9 | FAIL | +------------------------------+--------------------+ | CentOS Stream 10 | FAIL | +------------------------------+--------------------+ ==== 20 line log output for CentOS Stream 10 (dpdk_meson_compile): ==== In function 'rte_strlcpy', inlined from 'setup_acl_pipeline.isra' at ../app/test/test_table_acl.c:510:4: ../lib/eal/include/rte_string_fns.h:63:24: error: '%s' directive output may be truncated writing up to 639 bytes into a region of size 128 [-Werror=format-truncation=] 63 | return (size_t)snprintf(dst, size, "%s", src); | ^~~~~~~~~~~~~~~~~~~~~~~~~~~~~~ ../lib/eal/include/rte_string_fns.h:63:24: note: 'snprintf' output between 1 and 640 bytes into a destination of size 128 In function 'rte_strlcpy', inlined from 'setup_acl_pipeline.isra' at ../app/test/test_table_acl.c:545:4: ../lib/eal/include/rte_string_fns.h:63:24: error: '%s' directive output may be truncated writing up to 639 bytes into a region of size 128 [-Werror=format-truncation=] 63 | return (size_t)snprintf(dst, size, "%s", src); | ^~~~~~~~~~~~~~~~~~~~~~~~~~~~~~ ../lib/eal/include/rte_string_fns.h:63:24: note: 'snprintf' output between 1 and 640 bytes into a destination of size 128 In function 'rte_strlcpy', inlined from 'setup_acl_pipeline.isra' at ../app/test/test_table_acl.c:597:4: ../lib/eal/include/rte_string_fns.h:63:24: error: '%s' directive output may be truncated writing up to 639 bytes into a region of size 128 [-Werror=format-truncation=] 63 | return (size_t)snprintf(dst, size, "%s", src); | ^~~~~~~~~~~~~~~~~~~~~~~~~~~~~~ ../lib/eal/include/rte_string_fns.h:63:24: note: 'snprintf' output between 1 and 640 bytes into a destination of size 128 cc1: all warnings being treated as errors ninja: build stopped: subcommand failed. ==== End log output ==== Red Hat Enterprise Linux 9.5 Kernel: 5.4 Compiler: gcc gcc (GCC) 11.5.0 20240719 (Red Hat 11.5.0-2) Ubuntu 20.04 Kernel: 5.15 Compiler: aarch64-linux-gnu-gcc gcc (Ubuntu 9.4.0-1ubuntu1~20.04.2) 9.4.0 Debian GNU/Linux 12 Kernel: 5.4 Compiler: gcc gcc (Debian 12.2.0-14+deb12u1) 12.2.0 Fedora Linux 42 Kernel: 5.4 Compiler: clang gcc (GCC) 15.2.1 20250808 (Red Hat 15.2.1-1) Ubuntu 22.04 Kernel: 5.4 Compiler: gcc gcc (Ubuntu 11.4.0-1ubuntu1~22.04) 11.4.0 Ubuntu 24.04 Kernel: 5.4 Compiler: gcc gcc (Ubuntu 13.3.0-6ubuntu2~24.04) 13.3.0 CentOS Stream 9 Kernel: 5.4 Compiler: gcc gcc (GCC) 11.5.0 20240719 (Red Hat 11.5.0-11) CentOS Stream 10 Kernel: 5.4 Compiler: gcc gcc (GCC) 14.2.1 20250110 (Red Hat 14.2.1-8) To view detailed results, visit: https://lab.dpdk.org/results/dashboard/patchsets/34541/ UNH-IOL DPDK Community Lab To manage your email subscriptions, visit: https://lab.dpdk.org/results/dashboard/preferences/subscriptions/