From mboxrd@z Thu Jan 1 00:00:00 1970 Return-Path: Received: from mails.dpdk.org (mails.dpdk.org [217.70.189.124]) by inbox.dpdk.org (Postfix) with ESMTP id 2769548AF1 for ; Wed, 12 Nov 2025 20:00:35 +0100 (CET) Received: from mails.dpdk.org (localhost [127.0.0.1]) by mails.dpdk.org (Postfix) with ESMTP id 22B7E40151; Wed, 12 Nov 2025 20:00:35 +0100 (CET) Received: from mail-pj1-f98.google.com (mail-pj1-f98.google.com [209.85.216.98]) by mails.dpdk.org (Postfix) with ESMTP id D581840151 for ; Wed, 12 Nov 2025 20:00:32 +0100 (CET) Received: by mail-pj1-f98.google.com with SMTP id 98e67ed59e1d1-343d73d08faso18682a91.0 for ; Wed, 12 Nov 2025 11:00:32 -0800 (PST) DKIM-Signature: v=1; a=rsa-sha256; c=relaxed/relaxed; d=iol.unh.edu; s=unh-iol; t=1762974032; x=1763578832; darn=dpdk.org; h=references:in-reply-to:cc:to:from:subject:message-id:date:from:to :cc:subject:date:message-id:reply-to; bh=/fmIcw92emp0ldwzEijWRCE3/sDTYj9D5zolf+HzEIE=; b=hohhpLCWFYI4+/j5taj4Zt54EpZXyQDg9A4bb4FHzMF/8ABSCFutDaJlHO1PLVqwI1 mkj/CwG5W3X9XK+T5O5OBOYAafOmJzh+NqWs5bgsfiZwyFBxcxtZBXNehxKUw+5GGGzG V1wYAJc/Se8ajIXAX6iPtBMDX/9/EnPHunEdQ= X-Google-DKIM-Signature: v=1; a=rsa-sha256; c=relaxed/relaxed; d=1e100.net; s=20230601; t=1762974032; x=1763578832; h=references:in-reply-to:cc:to:from:subject:message-id:date:x-gm-gg :x-gm-message-state:from:to:cc:subject:date:message-id:reply-to; bh=/fmIcw92emp0ldwzEijWRCE3/sDTYj9D5zolf+HzEIE=; b=Fjhh3FsaZOIlMnPQ0Aun21Df4eHXFJYlr8UoxdREpJLTPjSJOxAN7RJ5M0UFFkZ+nb V26VgQlZsTOKCrTjdTnKNszQeZn2IwAoRMaFJrKd2a8+E2n2K7DlJ6x3/kXIJZGVHRdC yj1jdg/seDkNQ8zEUf+gJEvpjDl138mVpneI9/x5jnLnIEKG3h70gtiiM0cJ+rhf8Vry LkIeGyt2y8k4Qv6DR+N+J+/B0owQIjQAuw6NPj9SkR+16YggLIkNTm1vuU7XcioLECOP bX456VUKBsU10RD+pF8STC4RebChzCVm5OG4qUOzufzfxNRfD63eRoBcD0dvMc/5r7Pi A3jQ== X-Gm-Message-State: AOJu0YzMgVYqyGstZHpnVM79/9FWT6m3XC3OqQfzDsdAuAn76ANfQFZ5 zH4Rg9TgwX0nbI9Rzl3hruwXglvJbv57Gg4lYFPATrLJ4stTM6KlM6DFT8U5t0byUoKoZkyvWMg 6YFOLMjhE3nuqo68cnh6eeuTazjI/z0Gq5A1yhtdnsA0xFbp1fWblY2nl6Lmg X-Gm-Gg: ASbGncuBKNUdrLQ7nTsWFYMW1gnOo2I8HP/oS90UGi4E0AAfSO2KVfSDoX6Dq6W7j9X xvTjchZJkfBWYBoH8xTjeSI5EYBKxyVxn+dT5G/cx9kQ3VIY42xNsUE9OpFBTyn4N/jnSCozFjY sICsaxvRSAatTgg8NqB8zeej2uU7fb9PoSajvZLi4Ae6X0OBK5458uzVrlrn0vs+H8HsUQr8wvy MbR3ey1A3PV/PghdQjwKzYszc6BpHH/slSNPSHec++3xnqlUzCwUivr+KLCc1qQKXYoAvhc4y/9 nBFenTq/wZlTg8sgdi5yVY6XaIdKdQ11Pc+YzBegczb3E2ryoMmKTVHnmouoKfet18BeCdfcZTG PVR6huxfu X-Google-Smtp-Source: AGHT+IGFSvLQu3nXENxwYjfnLt4aD8wzatPA22Sb9GK2scl2eQ47etfg9r+gB21B82kxBfpsXOwdmRNmvjxf X-Received: by 2002:a17:90b:1644:b0:340:8d99:49d4 with SMTP id 98e67ed59e1d1-343eab0287dmr533068a91.1.1762974032042; Wed, 12 Nov 2025 11:00:32 -0800 (PST) Received: from postal.iol.unh.edu (postal.iol.unh.edu. [2606:4100:3880:1234::84]) by smtp-relay.gmail.com with ESMTPS id 98e67ed59e1d1-343e3521ecfsm208575a91.2.2025.11.12.11.00.31 (version=TLS1_2 cipher=ECDHE-ECDSA-AES128-GCM-SHA256 bits=128/128); Wed, 12 Nov 2025 11:00:32 -0800 (PST) X-Relaying-Domain: iol.unh.edu Date: Wed, 12 Nov 2025 11:00:32 -0800 (PST) Message-ID: <6914d950.170a0220.2cc5c8.a1caSMTPIN_ADDED_MISSING@mx.google.com> Received: from [172.21.0.5] (unknown [172.18.0.240]) by postal.iol.unh.edu (Postfix) with ESMTP id 503DF604D420; Wed, 12 Nov 2025 14:00:30 -0500 (EST) Subject: |FAILURE| pw158677-158683 [PATCH] [v2,7/7] test: re-enable format-tr From: dpdklab@iol.unh.edu To: Test Report Cc: dpdk-test-reports@iol.unh.edu, Stephen Hemminger In-Reply-To: <20251111221857.443752-8-stephen@networkplumber.org> References: <20251111221857.443752-8-stephen@networkplumber.org> Content-Type: text/plain X-BeenThere: test-report@dpdk.org X-Mailman-Version: 2.1.29 Precedence: list List-Id: automatic DPDK test reports List-Unsubscribe: , List-Archive: List-Post: List-Help: List-Subscribe: , Errors-To: test-report-bounces@dpdk.org Test-Label: iol-compile-arm64-testing Test-Status: FAILURE http://dpdk.org/patch/158683 _Testing issues_ Submitter: Stephen Hemminger Date: Tuesday, November 11 2025 22:17:24 DPDK git baseline: Repo:dpdk Branch: master CommitID:be0112878b4fc3a1b918370ed2fe615c52039d77 158677-158683 --> testing issues Upstream job id: Generic-DPDK-Compile-Meson#443187 Test environment and result as below: +------------------------------+--------------------+ | Environment | dpdk_meson_compile | +==============================+====================+ | Red Hat Enterprise Linux 9.5 | FAIL | +------------------------------+--------------------+ | Ubuntu 20.04 | FAIL | +------------------------------+--------------------+ | Debian GNU/Linux 12 | FAIL | +------------------------------+--------------------+ | Fedora Linux 42 | FAIL | +------------------------------+--------------------+ | Ubuntu 22.04 | FAIL | +------------------------------+--------------------+ | Ubuntu 24.04 | FAIL | +------------------------------+--------------------+ | CentOS Stream 9 | FAIL | +------------------------------+--------------------+ | CentOS Stream 10 | FAIL | +------------------------------+--------------------+ ==== 20 line log output for CentOS Stream 10 (dpdk_meson_compile): ==== In function 'rte_strlcpy', inlined from 'setup_acl_pipeline.isra' at ../app/test/test_table_acl.c:510:4: ../lib/eal/include/rte_string_fns.h:63:24: error: '%s' directive output may be truncated writing up to 639 bytes into a region of size 128 [-Werror=format-truncation=] 63 | return (size_t)snprintf(dst, size, "%s", src); | ^~~~~~~~~~~~~~~~~~~~~~~~~~~~~~ ../lib/eal/include/rte_string_fns.h:63:24: note: 'snprintf' output between 1 and 640 bytes into a destination of size 128 In function 'rte_strlcpy', inlined from 'setup_acl_pipeline.isra' at ../app/test/test_table_acl.c:545:4: ../lib/eal/include/rte_string_fns.h:63:24: error: '%s' directive output may be truncated writing up to 639 bytes into a region of size 128 [-Werror=format-truncation=] 63 | return (size_t)snprintf(dst, size, "%s", src); | ^~~~~~~~~~~~~~~~~~~~~~~~~~~~~~ ../lib/eal/include/rte_string_fns.h:63:24: note: 'snprintf' output between 1 and 640 bytes into a destination of size 128 In function 'rte_strlcpy', inlined from 'setup_acl_pipeline.isra' at ../app/test/test_table_acl.c:597:4: ../lib/eal/include/rte_string_fns.h:63:24: error: '%s' directive output may be truncated writing up to 639 bytes into a region of size 128 [-Werror=format-truncation=] 63 | return (size_t)snprintf(dst, size, "%s", src); | ^~~~~~~~~~~~~~~~~~~~~~~~~~~~~~ ../lib/eal/include/rte_string_fns.h:63:24: note: 'snprintf' output between 1 and 640 bytes into a destination of size 128 cc1: all warnings being treated as errors ninja: build stopped: subcommand failed. ==== End log output ==== Red Hat Enterprise Linux 9.5 Kernel: 5.4 Compiler: gcc gcc (GCC) 11.5.0 20240719 (Red Hat 11.5.0-2) Ubuntu 20.04 Kernel: 5.15 Compiler: aarch64-linux-gnu-gcc gcc (Ubuntu 9.4.0-1ubuntu1~20.04.2) 9.4.0 Debian GNU/Linux 12 Kernel: 5.4 Compiler: gcc gcc (Debian 12.2.0-14+deb12u1) 12.2.0 Fedora Linux 42 Kernel: 5.4 Compiler: clang gcc (GCC) 15.2.1 20250808 (Red Hat 15.2.1-1) Ubuntu 22.04 Kernel: 5.4 Compiler: gcc gcc (Ubuntu 11.4.0-1ubuntu1~22.04) 11.4.0 Ubuntu 24.04 Kernel: 5.4 Compiler: gcc gcc (Ubuntu 13.3.0-6ubuntu2~24.04) 13.3.0 CentOS Stream 9 Kernel: 5.4 Compiler: gcc gcc (GCC) 11.5.0 20240719 (Red Hat 11.5.0-11) CentOS Stream 10 Kernel: 5.4 Compiler: gcc gcc (GCC) 14.2.1 20250110 (Red Hat 14.2.1-8) To view detailed results, visit: https://lab.dpdk.org/results/dashboard/patchsets/34541/ UNH-IOL DPDK Community Lab To manage your email subscriptions, visit: https://lab.dpdk.org/results/dashboard/preferences/subscriptions/