From mboxrd@z Thu Jan 1 00:00:00 1970 Return-Path: Received: from mails.dpdk.org (mails.dpdk.org [217.70.189.124]) by inbox.dpdk.org (Postfix) with ESMTP id 57F5E48AE3 for ; Wed, 12 Nov 2025 23:58:49 +0100 (CET) Received: from mails.dpdk.org (localhost [127.0.0.1]) by mails.dpdk.org (Postfix) with ESMTP id 2FDA140151; Wed, 12 Nov 2025 23:58:49 +0100 (CET) Received: from mail-il1-f228.google.com (mail-il1-f228.google.com [209.85.166.228]) by mails.dpdk.org (Postfix) with ESMTP id 4364B40151 for ; Wed, 12 Nov 2025 23:58:47 +0100 (CET) Received: by mail-il1-f228.google.com with SMTP id e9e14a558f8ab-43470d98f77so1250705ab.2 for ; Wed, 12 Nov 2025 14:58:47 -0800 (PST) DKIM-Signature: v=1; a=rsa-sha256; c=relaxed/relaxed; d=iol.unh.edu; s=unh-iol; t=1762988326; x=1763593126; darn=dpdk.org; h=cc:to:from:subject:message-id:date:from:to:cc:subject:date :message-id:reply-to; bh=q7UnHV6Cfavky6Uxl3zWSWBG/6rlQwyasJKpByC43y8=; b=A1qKh6y+5t5SZ44b2iXGOtrjJbRzBMjb8PrKEXy0Y6tTfHo9zHlJT8ng9+ZZ6Wxn/D CZMBqOo5IC0VtbB1moXzviM8m6khzCuioxb1yXmSHX7jmPByqC3Ng3sKJFJKGIcEQje/ Dx5SjmslHSbNByt/XxjXD5wFMCGqHycHYSEmY= X-Google-DKIM-Signature: v=1; a=rsa-sha256; c=relaxed/relaxed; d=1e100.net; s=20230601; t=1762988326; x=1763593126; h=cc:to:from:subject:message-id:date:x-gm-gg:x-gm-message-state:from :to:cc:subject:date:message-id:reply-to; bh=q7UnHV6Cfavky6Uxl3zWSWBG/6rlQwyasJKpByC43y8=; b=rpC+drpmCNBZ53nOcyghL2NvSJoq0rx3NOpKwJmYg7XPIXWFlH3iiAATVbIgLfa3aO dxgxhhcZVAiyRjqpxaer5RxeRkGXuMLV7aO8fpB0LuXvTS0FJIfWRvbvjoWmpTgGLluB TAjyrNtmVdoGq0KOMOylT6mBQ0Ltr3Rqhg2by7D71UPYsEIA+phoB3kr6UAmADV0FCKk tMOe2USjniDqb1pHLuYKwNCs/d5k2gMcOU2oQxXncK/jTyul9hpsHkA5XJAREc6EKpd3 6AynkV47l1mWoagLiAOvTRPkhc+AdOT3KuLs4CUBuxBs7GixVQBbq5AFhyILFUyXZ9eC v1HA== X-Gm-Message-State: AOJu0YxP9w2TFNbZHgbV51Z5Nd3oFzgwkRzKWp6JaHRHcQMMfhm0/dJZ N1CMyGwSibK5JL9b8ykYhCEqNXuxDA9JKmSoTLqTLInFph+tNWaxZgm4/GVaPAqHnVxN/W2eCpp jzHHj8xGL9bgsn4gViOSQNwcA9hd+fQt4FqbGENxMJIzTSvV+eEaO X-Gm-Gg: ASbGnctDEAfUeORr7c56Ye8TsLt50HCne1K22izfLYPAHpVT4aCvumhs62GsGz27fib niZ49WVZqc9WmYWlpku1/IlQu7uVVKmhuAGiYJKhHUO7QgL4fiGATRTvDqWZy2jCMiIYxXDH1bO kABBYUN/lrM2GLBZtMw0tvcJZuuJYv9v6gN+b8QMOg6Ovly3S9CABbaOWt8ds9aYoVDcDy1+oxA ZJFOWS8xpsIFQaWA+iZsy554UdWY5buaM0TeJyMKdc4UljnRMfkzA9uxf01g92HdAcdkpwJRAal pn8q+I8S/FXGVqRQacwmgAXiV/ZxrkpOcvHx2Wk2kEwgqD4rtClpVykiZes7AK49BvB5mjZuAil Yba8Nc/RW X-Google-Smtp-Source: AGHT+IE6eui2bIkMq+tmM6KJn7jKOuEcIto/+k1SkKTK/0626vE5z7y6CMUmAGcabaMZRz1DjKR93370pdM1 X-Received: by 2002:a05:6e02:19c7:b0:433:767e:8f47 with SMTP id e9e14a558f8ab-43473daeacbmr59484195ab.29.1762988326519; Wed, 12 Nov 2025 14:58:46 -0800 (PST) Received: from postal.iol.unh.edu (postal.iol.unh.edu. [2606:4100:3880:1234::84]) by smtp-relay.gmail.com with ESMTPS id e9e14a558f8ab-434839e2d05sm49865ab.29.2025.11.12.14.58.46 (version=TLS1_2 cipher=ECDHE-ECDSA-AES128-GCM-SHA256 bits=128/128); Wed, 12 Nov 2025 14:58:46 -0800 (PST) X-Relaying-Domain: iol.unh.edu Date: Wed, 12 Nov 2025 14:58:46 -0800 (PST) Message-ID: <69151126.920a0220.34f53e.0540SMTPIN_ADDED_MISSING@mx.google.com> Received: from [172.21.0.2] (unknown [172.18.0.240]) by postal.iol.unh.edu (Postfix) with ESMTP id F08126051830; Wed, 12 Nov 2025 17:58:45 -0500 (EST) Subject: |FAILURE| [GIT MASTER] 62f583c49bf67dd4d6733ece14e55fe6839e66d1 From: dpdklab@iol.unh.edu To: Test Report Cc: dpdk-test-reports@iol.unh.edu, Xueming Li , Christian Ehrhardt , Kevin Traynor , Luca Boccassi Content-Type: text/plain X-BeenThere: test-report@dpdk.org X-Mailman-Version: 2.1.29 Precedence: list List-Id: automatic DPDK test reports List-Unsubscribe: , List-Archive: List-Post: List-Help: List-Subscribe: , Errors-To: test-report-bounces@dpdk.org _Testing issues_ Branch: tags/v23.11 62f583c49bf67dd4d6733ece14e55fe6839e66d1 --> testing issues Upstream job id: Generic-DPDK-Compile-Meson#443279 Test environment and result as below: +------------------------------+--------------------+ | Environment | dpdk_meson_compile | +==============================+====================+ | Red Hat Enterprise Linux 9.5 | PASS | +------------------------------+--------------------+ | Ubuntu 20.04 | PASS | +------------------------------+--------------------+ | Debian GNU/Linux 12 | PASS | +------------------------------+--------------------+ | Fedora Linux 42 | PASS | +------------------------------+--------------------+ | Ubuntu 22.04 | PASS | +------------------------------+--------------------+ | Ubuntu 24.04 | PASS | +------------------------------+--------------------+ | CentOS Stream 9 | PASS | +------------------------------+--------------------+ | CentOS Stream 10 | PASS | +------------------------------+--------------------+ Red Hat Enterprise Linux 9.5 Kernel: 5.4 Compiler: gcc gcc (GCC) 11.5.0 20240719 (Red Hat 11.5.0-2) Ubuntu 20.04 Kernel: 5.15 Compiler: aarch64-linux-gnu-gcc gcc (Ubuntu 9.4.0-1ubuntu1~20.04.2) 9.4.0 Debian GNU/Linux 12 Kernel: 5.4 Compiler: gcc gcc (Debian 12.2.0-14+deb12u1) 12.2.0 Fedora Linux 42 Kernel: 5.4 Compiler: gcc gcc (GCC) 15.2.1 20250808 (Red Hat 15.2.1-1) Ubuntu 22.04 Kernel: 5.4 Compiler: gcc gcc (Ubuntu 11.4.0-1ubuntu1~22.04) 11.4.0 Ubuntu 24.04 Kernel: 5.4 Compiler: gcc gcc (Ubuntu 13.3.0-6ubuntu2~24.04) 13.3.0 CentOS Stream 9 Kernel: 5.4 Compiler: gcc gcc (GCC) 11.5.0 20240719 (Red Hat 11.5.0-11) CentOS Stream 10 Kernel: 5.4 Compiler: gcc gcc (GCC) 14.2.1 20250110 (Red Hat 14.2.1-8) To view detailed results, visit: https://lab.dpdk.org/results/dashboard/tarballs/35550/ UNH-IOL DPDK Community Lab To manage your email subscriptions, visit: https://lab.dpdk.org/results/dashboard/preferences/subscriptions/