From mboxrd@z Thu Jan 1 00:00:00 1970 Return-Path: Received: from mails.dpdk.org (mails.dpdk.org [217.70.189.124]) by inbox.dpdk.org (Postfix) with ESMTP id B91B548AE3 for ; Thu, 13 Nov 2025 00:34:26 +0100 (CET) Received: from mails.dpdk.org (localhost [127.0.0.1]) by mails.dpdk.org (Postfix) with ESMTP id 93C4B40151; Thu, 13 Nov 2025 00:34:26 +0100 (CET) Received: from mail-oa1-f100.google.com (mail-oa1-f100.google.com [209.85.160.100]) by mails.dpdk.org (Postfix) with ESMTP id 96D0540151 for ; Thu, 13 Nov 2025 00:34:25 +0100 (CET) Received: by mail-oa1-f100.google.com with SMTP id 586e51a60fabf-3e3dac349easo123838fac.2 for ; Wed, 12 Nov 2025 15:34:25 -0800 (PST) DKIM-Signature: v=1; a=rsa-sha256; c=relaxed/relaxed; d=iol.unh.edu; s=unh-iol; t=1762990464; x=1763595264; darn=dpdk.org; h=cc:to:from:subject:message-id:date:from:to:cc:subject:date :message-id:reply-to; bh=kiEL1VxRGUrRtxTbImEimZlp7uCX7m1ZQUWSRLEUDFQ=; b=BKpBPdXRl7wGFFxucEGlTgl79fPqd576olnXco3fWhmKJpTj/wLP/8zfbtO4joF3Gw doFIcO/QIRs3SVSVzKWYuGE/61mo5OuQ2zSdPFB84Xo/FmaXVX+5XPA/w0HuoeJitEHo PWqHFuAbJN3QWM4ZWhljKteXQLemBBa3vh1Cg= X-Google-DKIM-Signature: v=1; a=rsa-sha256; c=relaxed/relaxed; d=1e100.net; s=20230601; t=1762990464; x=1763595264; h=cc:to:from:subject:message-id:date:x-gm-gg:x-gm-message-state:from :to:cc:subject:date:message-id:reply-to; bh=kiEL1VxRGUrRtxTbImEimZlp7uCX7m1ZQUWSRLEUDFQ=; b=OBxcVBe7OE5QcaLAWL6c2EnpWRAb/Qj+E+Xwpl4SecoxM94Ayn4/SPhuUhFdv+1rv7 Lg5Kvts2f/69HJf2X0XUYii4Qe/3aqVEbA7B4msPrmVhfGwPXZgF+YEKCOewGC812g+9 KWdtwkYCPbisOxYlG7qfx4mKfAQ3917MYozIgnRonP5cYfhfwvtdbyh8hvYnzADhQ6ku xHIcPUZE8RjUPhmBemOiy2D8R24crCfCtagrwYohayyiGbzgwDOEd8P9kL5ogDWFQIRj vqOs/3kfoEXl2Qq7KODO3ecggDQe1kLhcWsr8VqCbyqYLz9qDGHxCu5dnS/iJXCUqKZq gFvw== X-Gm-Message-State: AOJu0Yyoa12ybWqXvgRO4QkA+/gfqsPaqb6pAD/VVV2cWMd/45rm/vHC Wt8NBNyL2hZtVbId/2/3p0D48ma8UTGb0hyq/nhgDN3TT9EhRc/J38EVGu8Glu1HJrmsmLOCOCA YFtjFKyUcf+5WS4VZynlpyzWylKp5mN9Bbfxf X-Gm-Gg: ASbGncurS7Ad/6u6p2nPs3N9v/hQl1Y2g0fAWnkDhnR4oHfZ+3kop0cwFBFgQUvBjhQ IpuvZaVgNMJzbPxKHjPj2a9bIzfGOIaXYrtFvVcLG42gINt2HEUiY+gtn7QwJH9mgYWYkK1DImy amM9iDN+dH92/ZkjpRnRIBP7nn0rGsuhxJa43gr7xXR9viOXUQ5IBQbneAvEinkQrzxo3//JrJH h9u/0QHrbfXpE9QzVB+7UtlNXvfvi/GSAX93wX/ELKPONslYtTbGvR0nwioX0JseJy0kF6EMv3x W4fJLIctTPp/k9InJ9Dj4vm/IBPjiLSXVa1Lf+o1nyypuY1f1lcUx/u4MSRc28rvOBG0fez8UTG hibEpYWw3tiD85paT7Y8gLe9fINcfHdw= X-Google-Smtp-Source: AGHT+IEmELTgy5i8g+KW7JkXvs8rwsz3yQ4eF4cmy31V9aAakzyN7/IikS6B2/8NxqWBqijzKgbb/Y36oc2k X-Received: by 2002:a05:6870:9713:b0:3d2:a262:3d3b with SMTP id 586e51a60fabf-3e834084022mr2413518fac.16.1762990464602; Wed, 12 Nov 2025 15:34:24 -0800 (PST) Received: from postal.iol.unh.edu (postal.iol.unh.edu. [132.177.123.84]) by smtp-relay.gmail.com with ESMTPS id 586e51a60fabf-3e851fc6760sm32417fac.2.2025.11.12.15.34.24 (version=TLS1_2 cipher=ECDHE-ECDSA-AES128-GCM-SHA256 bits=128/128); Wed, 12 Nov 2025 15:34:24 -0800 (PST) X-Relaying-Domain: iol.unh.edu Date: Wed, 12 Nov 2025 15:34:24 -0800 (PST) Message-ID: <69151980.050a0220.2a86de.1ee1SMTPIN_ADDED_MISSING@mx.google.com> Received: from [172.21.0.2] (unknown [172.18.0.240]) by postal.iol.unh.edu (Postfix) with ESMTP id F00066051830; Wed, 12 Nov 2025 18:34:23 -0500 (EST) Subject: |FAILURE| [GIT MASTER] 62f583c49bf67dd4d6733ece14e55fe6839e66d1 From: dpdklab@iol.unh.edu To: Test Report Cc: dpdk-test-reports@iol.unh.edu, Xueming Li , Christian Ehrhardt , Kevin Traynor , Luca Boccassi Content-Type: text/plain X-BeenThere: test-report@dpdk.org X-Mailman-Version: 2.1.29 Precedence: list List-Id: automatic DPDK test reports List-Unsubscribe: , List-Archive: List-Post: List-Help: List-Subscribe: , Errors-To: test-report-bounces@dpdk.org _Testing issues_ Branch: tags/v23.11 62f583c49bf67dd4d6733ece14e55fe6839e66d1 --> testing issues Upstream job id: Generic-Unit-Test-DPDK#391348 Test environment and result as below: +------------------------------+----------------+--------------+------------------------------+---------------------------+ | Environment | dpdk_unit_test | lpm_autotest | cryptodev_sw_snow3g_autotest | cryptodev_sw_zuc_autotest | +==============================+================+==============+==============================+===========================+ | CentOS Stream 9 | PASS | SKIPPED | SKIPPED | SKIPPED | +------------------------------+----------------+--------------+------------------------------+---------------------------+ | Debian GNU/Linux 12 | PASS | SKIPPED | SKIPPED | SKIPPED | +------------------------------+----------------+--------------+------------------------------+---------------------------+ | Fedora Linux 41 | PASS | SKIPPED | SKIPPED | SKIPPED | +------------------------------+----------------+--------------+------------------------------+---------------------------+ | CentOS Stream 10 | PASS | SKIPPED | SKIPPED | SKIPPED | +------------------------------+----------------+--------------+------------------------------+---------------------------+ | Fedora Linux 40 | PEND | SKIPPED | SKIPPED | SKIPPED | +------------------------------+----------------+--------------+------------------------------+---------------------------+ | Fedora Linux 42 | WARN | SKIPPED | SKIPPED | SKIPPED | +------------------------------+----------------+--------------+------------------------------+---------------------------+ | Ubuntu 20.04 | PEND | PASS | SKIPPED | SKIPPED | +------------------------------+----------------+--------------+------------------------------+---------------------------+ | Red Hat Enterprise Linux 9.5 | PEND | SKIPPED | SKIPPED | SKIPPED | +------------------------------+----------------+--------------+------------------------------+---------------------------+ | Ubuntu 24.04 | PEND | SKIPPED | SKIPPED | SKIPPED | +------------------------------+----------------+--------------+------------------------------+---------------------------+ | Ubuntu 22.04 | PASS | SKIPPED | SKIPPED | SKIPPED | +------------------------------+----------------+--------------+------------------------------+---------------------------+ | Debian 12 (arm) | SKIPPED | SKIPPED | PEND | PEND | +------------------------------+----------------+--------------+------------------------------+---------------------------+ ==== 20 line log output for Fedora Linux 42 (dpdk_unit_test): ==== [593/3086] Compiling C object 'drivers/a715181@@tmp_rte_net_dpaa2@sta/net_dpaa2_dpaa2_flow.c.o'. FAILED: [code=1] drivers/a715181@@tmp_rte_net_dpaa2@sta/net_dpaa2_dpaa2_flow.c.o ccache cc -Idrivers/a715181@@tmp_rte_net_dpaa2@sta -Idrivers -I../drivers -Idrivers/net/dpaa2 -I../drivers/net/dpaa2 -I../drivers/net/dpaa2/base -I../drivers/net/dpaa2/mc -Ilib/ethdev -I../lib/ethdev -I. -I../ -Iconfig -I../config -Ilib/eal/include -I../lib/eal/include -Ilib/eal/linux/include -I../lib/eal/linux/include -Ilib/eal/arm/include -I../lib/eal/arm/include -Ilib/eal/common -I../lib/eal/common -Ilib/eal -I../lib/eal -Ilib/kvargs -I../lib/kvargs -Ilib/log -I../lib/log -Ilib/telemetry/../metrics -I../lib/telemetry/../metrics -Ilib/telemetry -I../lib/telemetry -Ilib/net -I../lib/net -Ilib/mbuf -I../lib/mbuf -Ilib/mempool -I../lib/mempool -Ilib/ring -I../lib/ring -Ilib/meter -I../lib/meter -Idrivers/bus/pci -I../drivers/bus/pci -I../drivers/bus/pci/linux -Ilib/pci -I../lib/pci -Idrivers/bus/vdev -I../drivers/bus/vdev -Idrivers/mempool/dpaa2 -I../drivers/mempool/dpaa2 -Idrivers/bus/fslmc -I../drivers/bus/fslmc -I../drivers/bus/fslmc/mc -I../drivers/bus/fslmc/qbman/include -I../dri vers/bus/fslmc/portal -Idrivers/common/dpaax -I../drivers/common/dpaax -I../drivers/common/dpaax/caamflib -Ilib/eventdev -I../lib/eventdev -Ilib/hash -I../lib/hash -Ilib/rcu -I../lib/rcu -Ilib/timer -I../lib/timer -Ilib/cryptodev -I../lib/cryptodev -Ilib/dmadev -I../lib/dmadev -fdiagnostics-color=always -pipe -D_FILE_OFFSET_BITS=64 -Wall -Winvalid-pch -Wextra -Werror -std=c11 -O3 -include rte_config.h -Wcast-qual -Wdeprecated -Wformat -Wformat-nonliteral -Wformat-security -Wmissing-declarations -Wmissing-prototypes -Wnested-externs -Wold-style-definition -Wpointer-arith -Wsign-compare -Wstrict-prototypes -Wundef -Wwrite-strings -Wno-address-of-packed-member -Wno-packed-not-aligned -Wno-missing-field-initializers -fzero-init-padding-bits=all -Wno-zero-length-bounds -D_GNU_SOURCE -fPIC -march=armv8.1-a+crc+crypto -mcpu=thunderx2t99 -DALLOW_EXPERIMENTAL_API -DALLOW_INTERNAL_API -Wno-format-truncation -DRTE_LOG_DEFAULT_LOGTYPE=pmd.net.dpaa2 -MD -MQ 'drivers/a715181@@tmp_rte_net_dpaa2@st a/net_dpaa2_dpaa2_flow.c.o' -MF 'drivers/a715181@@tmp_rte_net_dpaa2@sta/net_dpaa2_dpaa2_flow.c.o.d' -o 'drivers/a715181@@tmp_rte_net_dpaa2@sta/net_dpaa2_dpaa2_flow.c.o' -c ../drivers/net/dpaa2/dpaa2_flow.c ../drivers/net/dpaa2/dpaa2_flow.c:103:36: error: initializer-string for array of 'unsigned char' truncates NUL terminator but destination lacks 'nonstring' attribute (7 chars into 6 available) [-Werror=unterminated-string-initialization] 103 | .hdr.dst_addr.addr_bytes = "\xff\xff\xff\xff\xff\xff", | ^~~~~~~~~~~~~~~~~~~~~~~~~~ ../drivers/net/dpaa2/dpaa2_flow.c:104:36: error: initializer-string for array of 'unsigned char' truncates NUL terminator but destination lacks 'nonstring' attribute (7 chars into 6 available) [-Werror=unterminated-string-initialization] 104 | .hdr.src_addr.addr_bytes = "\xff\xff\xff\xff\xff\xff", | ^~~~~~~~~~~~~~~~~~~~~~~~~~ ../drivers/net/dpaa2/dpaa2_flow.c:121:25: error: initializer-string for array of 'unsigned char' truncates NUL terminator but destination lacks 'nonstring' attribute (17 chars into 16 available) [-Werror=unterminated-string-initialization] 121 | "\xff\xff\xff\xff\xff\xff\xff\xff" | ^~~~~~~~~~~~~~~~~~~~~~~~~~~~~~~~~~ ../drivers/net/dpaa2/dpaa2_flow.c:124:25: error: initializer-string for array of 'unsigned char' truncates NUL terminator but destination lacks 'nonstring' attribute (17 chars into 16 available) [-Werror=unterminated-string-initialization] 124 | "\xff\xff\xff\xff\xff\xff\xff\xff" | ^~~~~~~~~~~~~~~~~~~~~~~~~~~~~~~~~~ cc1: all warnings being treated as errors [594/3086] Compiling C object 'drivers/a715181@@tmp_rte_net_dpaa2@sta/net_dpaa2_dpaa2_rxtx.c.o'. [595/3086] Compiling C object 'drivers/a715181@@tmp_rte_net_cnxk@sta/net_cnxk_tx_cn10k_tx_64_79_vec_mseg.c.o'. [596/3086] Compiling C object 'drivers/a715181@@tmp_rte_net_cnxk@sta/net_cnxk_tx_cn10k_tx_96_111_vec_mseg.c.o'. ninja: build stopped: subcommand failed. ==== End log output ==== CentOS Stream 9 Kernel: 5.4 Compiler: gcc gcc (GCC) 11.5.0 20240719 (Red Hat 11.5.0-11) Debian GNU/Linux 12 Kernel: 5.4 Compiler: gcc gcc (Debian 12.2.0-14+deb12u1) 12.2.0 Fedora Linux 41 Kernel: 5.4 Compiler: gcc gcc (GCC) 14.3.1 20250523 (Red Hat 14.3.1-1) CentOS Stream 10 Kernel: 5.4 Compiler: gcc gcc (GCC) 14.2.1 20250110 (Red Hat 14.2.1-8) Fedora Linux 40 Kernel: 5.4 Compiler: clang gcc (GCC) 14.2.1 20240912 (Red Hat 14.2.1-3) Fedora Linux 42 Kernel: 5.4 Compiler: clang gcc (GCC) 15.2.1 20250808 (Red Hat 15.2.1-1) Ubuntu 20.04 Kernel: 5.4 Compiler: gcc gcc (Ubuntu 9.4.0-1ubuntu1~20.04.2) 9.4.0 Red Hat Enterprise Linux 9.5 Kernel: 5.4 Compiler: gcc gcc (GCC) 11.5.0 20240719 (Red Hat 11.5.0-2) Ubuntu 24.04 Kernel: 5.4 Compiler: gcc gcc (Ubuntu 13.3.0-6ubuntu2~24.04) 13.3.0 Ubuntu 22.04 Kernel: 5.4 Compiler: gcc gcc (Ubuntu 11.4.0-1ubuntu1~22.04) 11.4.0 Debian 12 (arm) Kernel: Depends on container host Compiler: gcc (Debian 12.2.0-14) 12.2.0 To view detailed results, visit: https://lab.dpdk.org/results/dashboard/tarballs/35550/ UNH-IOL DPDK Community Lab To manage your email subscriptions, visit: https://lab.dpdk.org/results/dashboard/preferences/subscriptions/