From mboxrd@z Thu Jan 1 00:00:00 1970 Return-Path: Received: from mails.dpdk.org (mails.dpdk.org [217.70.189.124]) by inbox.dpdk.org (Postfix) with ESMTP id 0941048AF1 for ; Thu, 13 Nov 2025 02:19:08 +0100 (CET) Received: from mails.dpdk.org (localhost [127.0.0.1]) by mails.dpdk.org (Postfix) with ESMTP id 0376040151; Thu, 13 Nov 2025 02:19:08 +0100 (CET) Received: from mail-yx1-f97.google.com (mail-yx1-f97.google.com [74.125.224.97]) by mails.dpdk.org (Postfix) with ESMTP id D3CDC40151 for ; Thu, 13 Nov 2025 02:19:06 +0100 (CET) Received: by mail-yx1-f97.google.com with SMTP id 956f58d0204a3-640f88b8613so220193d50.2 for ; Wed, 12 Nov 2025 17:19:06 -0800 (PST) DKIM-Signature: v=1; a=rsa-sha256; c=relaxed/relaxed; d=iol.unh.edu; s=unh-iol; t=1762996746; x=1763601546; darn=dpdk.org; h=cc:to:from:subject:message-id:date:from:to:cc:subject:date :message-id:reply-to; bh=WEUNcE48plN03UKBW5YGqr/ZB1fS7RngFedCMc9l1bY=; b=S6aJaFy1YUoSZ4dEsKQHiZDikO9V8MJWJUal7M2BPM4NZz/lsiOL+qZPIUFpRpmPkK OsLw2/lyxxbNC3Tv9a+Srcfz/Vikg36B9eSOuTKcaHPTNIFYsmEwKKGZP8M31HP5tVc2 v31fBIUHeD0LCacnpKDxsxnvaAEFTZY9Nz/HM= X-Google-DKIM-Signature: v=1; a=rsa-sha256; c=relaxed/relaxed; d=1e100.net; s=20230601; t=1762996746; x=1763601546; h=cc:to:from:subject:message-id:date:x-gm-gg:x-gm-message-state:from :to:cc:subject:date:message-id:reply-to; bh=WEUNcE48plN03UKBW5YGqr/ZB1fS7RngFedCMc9l1bY=; b=DzrD7JQjMsFPZ+1VXQikwA1QtcaZKjOklaIaYvTYE0+6R60kDOOVpk14L9TfMT73BY Ja/aiv9RFGtkw8g56dEp9udoTBnA5l/DA890g6wqewq1AlzU4pRruQuYnzRFsbzmaGzL O1D3YROKFHU9pgouLqXCmWfBzqnT/E/6lc9E51Nw0AB650bt7trOZ327x6R65JCRZ7UT W9t52V5POtKxPTRppx8DXwoYAA0eTVkkEQrSsX42fOLgYZzgw/TNv94l1pPFIDs5sRh2 zKdL978H7dhNGmMd0a6IaCK5SQAjivXvC0tIQJnzrr5cgkT+tS0jiaYIp1rHqhqGSEU1 ybyQ== X-Gm-Message-State: AOJu0YwM3U2NfM3iArdeFBriKz0MelBgnV+CWvJUL1O6uv/3Gm1KtDFK 7hSQuCSLIVOYwc15zY3QDsOug65nePoLsoIKKOyAVCeC3nkCyDvK4YJHGRRM57KrOhK+UbD4hYT ao6DEX5FCX1UmrfBV6jJMe+pJ8egMvQw+tFT2 X-Gm-Gg: ASbGncumxAxww2YEykGFZDDDPPDFXQF8x2/NI0LAXasfjWjpXuwOpe/Vz02xM4B2mXB D2hbApSrPwfJYnjVFqfFdiNSbS7s2n+/TzBzLkIXUJWNKESFbhY+cgt6IZqxIIupV6TtWFDIAAq 8VtSx89pc1cgwbdEuFrtD6F+WgQ2lCLDtJNr/Cjns74Xg91G/IKX0ZZWBQb+JfKLulmPXwFX4lC YMOCqFDiNWfqSYNB7xU5cCT5JK3VQfJgF3fgV7i9RGzZugQdo635S/dqRomiov5R943O85YhcZo Q72sb6yMCSahVQhEU3unsxilpPCN5+ZlH9IKrd4mmPV9lUTUb7fqCuCQ0+Qa2E7buUDAbKA/tbc R+RAQN/hYtfs9Oe5h3gGbdNYI2EMwS7Q= X-Google-Smtp-Source: AGHT+IEz33DLm90Z696Z5Co97rWzEkvqh8GDN890fdWNHUQUz5mu1nCLIy9T7+fuIn5rWAf1y3oJBLS2cd5R X-Received: by 2002:a05:690e:161a:b0:63f:2bc7:706f with SMTP id 956f58d0204a3-64101b9955dmr3806499d50.57.1762996746216; Wed, 12 Nov 2025 17:19:06 -0800 (PST) Received: from postal.iol.unh.edu (postal.iol.unh.edu. [132.177.123.84]) by smtp-relay.gmail.com with ESMTPS id 00721157ae682-78821feea2asm334407b3.32.2025.11.12.17.19.06 (version=TLS1_2 cipher=ECDHE-ECDSA-AES128-GCM-SHA256 bits=128/128); Wed, 12 Nov 2025 17:19:06 -0800 (PST) X-Relaying-Domain: iol.unh.edu Date: Wed, 12 Nov 2025 17:19:06 -0800 (PST) Message-ID: <6915320a.050a0220.22af4b.259fSMTPIN_ADDED_MISSING@mx.google.com> Received: from [172.21.0.2] (unknown [172.18.0.240]) by postal.iol.unh.edu (Postfix) with ESMTP id C4E196051830; Wed, 12 Nov 2025 20:19:05 -0500 (EST) Subject: |FAILURE| [GIT MASTER] 62f583c49bf67dd4d6733ece14e55fe6839e66d1 From: dpdklab@iol.unh.edu To: Test Report Cc: dpdk-test-reports@iol.unh.edu, Xueming Li , Christian Ehrhardt , Kevin Traynor , Luca Boccassi Content-Type: text/plain X-BeenThere: test-report@dpdk.org X-Mailman-Version: 2.1.29 Precedence: list List-Id: automatic DPDK test reports List-Unsubscribe: , List-Archive: List-Post: List-Help: List-Subscribe: , Errors-To: test-report-bounces@dpdk.org _Testing issues_ Branch: tags/v23.11 62f583c49bf67dd4d6733ece14e55fe6839e66d1 --> testing issues Upstream job id: Windows-Compile-DPDK-VS#7493 Test environment and result as below: +-------------------------------+--------------------+------------------+-------------------+ | Environment | dpdk_meson_compile | dpdk_compile_ovs | dpdk_msvc_compile | +===============================+====================+==================+===================+ | Ubuntu 20.04 | PASS | SKIPPED | SKIPPED | +-------------------------------+--------------------+------------------+-------------------+ | CentOS Stream 10 | PASS | SKIPPED | SKIPPED | +-------------------------------+--------------------+------------------+-------------------+ | openSUSE Leap 15.6 | PASS | SKIPPED | SKIPPED | +-------------------------------+--------------------+------------------+-------------------+ | Debian GNU/Linux 12 | PASS | SKIPPED | SKIPPED | +-------------------------------+--------------------+------------------+-------------------+ | CentOS Stream 9 | PASS | SKIPPED | SKIPPED | +-------------------------------+--------------------+------------------+-------------------+ | Fedora Linux 42 | FAIL | WARN | SKIPPED | +-------------------------------+--------------------+------------------+-------------------+ | Red Hat Enterprise Linux 8.10 | PASS | SKIPPED | SKIPPED | +-------------------------------+--------------------+------------------+-------------------+ | Ubuntu 24.04 | PASS | PASS | SKIPPED | +-------------------------------+--------------------+------------------+-------------------+ | Red Hat Enterprise Linux 9.5 | PASS | SKIPPED | SKIPPED | +-------------------------------+--------------------+------------------+-------------------+ | Ubuntu 22.04 | PASS | SKIPPED | SKIPPED | +-------------------------------+--------------------+------------------+-------------------+ | Alpine Linux 3.22.0 | PASS | SKIPPED | SKIPPED | +-------------------------------+--------------------+------------------+-------------------+ | FreeBSD 14.2 | PASS | SKIPPED | SKIPPED | +-------------------------------+--------------------+------------------+-------------------+ | Windows Server 2022 | SKIPPED | SKIPPED | PASS | +-------------------------------+--------------------+------------------+-------------------+ ==== 20 line log output for Fedora Linux 42 (dpdk_compile_ovs): ==== --- Failed to get log output --- ==== End log output ==== Ubuntu 20.04 Kernel: 5.15 Compiler: gcc gcc (Ubuntu 9.4.0-1ubuntu1~20.04.2) 9.4.0 CentOS Stream 10 Kernel: 5.15 Compiler: gcc gcc (GCC) 14.2.1 20250110 (Red Hat 14.2.1-8) openSUSE Leap 15.6 Kernel: 5.15 Compiler: gcc gcc (SUSE Linux) 7.5.0 Debian GNU/Linux 12 Kernel: 5.15 Compiler: gcc gcc (Debian 12.2.0-14+deb12u1) 12.2.0 CentOS Stream 9 Kernel: 5.15 Compiler: gcc gcc (GCC) 11.5.0 20240719 (Red Hat 11.5.0-11) Fedora Linux 42 Kernel: 5.15 Compiler: clang gcc (GCC) 15.2.1 20250808 (Red Hat 15.2.1-1) Red Hat Enterprise Linux 8.10 Kernel: 5.15 Compiler: gcc gcc (GCC) 8.5.0 20210514 (Red Hat 8.5.0-22) Ubuntu 24.04 Kernel: 5.15 Compiler: gcc gcc (Ubuntu 13.3.0-6ubuntu2~24.04) 13.3.0 Red Hat Enterprise Linux 9.5 Kernel: 5.15 Compiler: gcc gcc (GCC) 11.5.0 20240719 (Red Hat 11.5.0-2) Ubuntu 22.04 Kernel: 5.15 Compiler: gcc gcc (Ubuntu 11.4.0-1ubuntu1~22.04) 11.4.0 Alpine Linux 3.22.0 Kernel: 5.15 Compiler: gcc gcc (Alpine 14.2.0) 14.2.0 FreeBSD 14.2 Kernel: 14.2-RELEASE Compiler: clang 18.1.6 Windows Server 2022 Kernel: 10.0.20348.2031 Compiler: clang 15.0.7, gcc 14.1.0 (MinGW), and MSVC VS 19.39.33521 To view detailed results, visit: https://lab.dpdk.org/results/dashboard/tarballs/35532/ UNH-IOL DPDK Community Lab To manage your email subscriptions, visit: https://lab.dpdk.org/results/dashboard/preferences/subscriptions/