From mboxrd@z Thu Jan 1 00:00:00 1970 Return-Path: Received: from mails.dpdk.org (mails.dpdk.org [217.70.189.124]) by inbox.dpdk.org (Postfix) with ESMTP id 61A2448AF1 for ; Thu, 13 Nov 2025 03:17:49 +0100 (CET) Received: from mails.dpdk.org (localhost [127.0.0.1]) by mails.dpdk.org (Postfix) with ESMTP id 5C85840151; Thu, 13 Nov 2025 03:17:49 +0100 (CET) Received: from mail-pf1-f225.google.com (mail-pf1-f225.google.com [209.85.210.225]) by mails.dpdk.org (Postfix) with ESMTP id 7332B40151 for ; Thu, 13 Nov 2025 03:17:48 +0100 (CET) Received: by mail-pf1-f225.google.com with SMTP id d2e1a72fcca58-7b80fed1505so232031b3a.3 for ; Wed, 12 Nov 2025 18:17:48 -0800 (PST) DKIM-Signature: v=1; a=rsa-sha256; c=relaxed/relaxed; d=iol.unh.edu; s=unh-iol; t=1763000267; x=1763605067; darn=dpdk.org; h=cc:to:from:subject:message-id:date:from:to:cc:subject:date :message-id:reply-to; bh=v7/IM4cty38Ks8FlKxFwrBQin61FL9ysoab7Q+wPO+8=; b=hfm8z2k8smRSzDtsvzKpLTcbzb9NzQeg8/pjwphMqi+sR7owFJ9g6QJyVWUDCkmv8e ZQcoZhMdnAp/T7WikRu9rQVUzYGOZgqt04uuSG6WuNxX6+eLuI7Bgg9CCtfxnnlyfzqp OaebrM8EbvuMAcewRo/B0WxTVIvy6xIheECjc= X-Google-DKIM-Signature: v=1; a=rsa-sha256; c=relaxed/relaxed; d=1e100.net; s=20230601; t=1763000267; x=1763605067; h=cc:to:from:subject:message-id:date:x-gm-gg:x-gm-message-state:from :to:cc:subject:date:message-id:reply-to; bh=v7/IM4cty38Ks8FlKxFwrBQin61FL9ysoab7Q+wPO+8=; b=ORRoNTRMAGpejeTWWaE3n5MzuQJv+wje839nVajYTFzNzkI5zjlJYwL5uvHR5B38Bu 2K30Pxy/Deax1WJGe13AEYxAUKvmhuGe6RWF32PkzPrq4p1B4JEOrv2FHmI2QNthThpG cq3sloAP90nYi3K3tnvVgHkUfoQ9F+ksqxe+H2Zn6zJsSLtRhgSxbQ7wrh7UU6Clqmmu ya5Lm2yCH//IL5riPaf72YHu6oE7phlLzz5qT4ZPOf+2c1OOwRAn6KLhSHMM+mVyC83S 4jkrc+tkYe57cYo0F8ITCWn4jo1E2zYkhPO/CnrVddoC+xvA2iEjK1hlYKkPC9vWBqdS XW+g== X-Gm-Message-State: AOJu0Yw8aZEoPr7NggZfniQyr1fccd6YS7AnegqNG4rpdHxLzGHYaiyd EQ4811DoYNIsj+iSmROAy4AZXvRPbhldzm9H6fd2AmDyhngQ1FcawXn0parnUhnmiCt0jT9jfEG WHClhqpAYfBw0cdxuj72SL9j3yIjoJIkcvIzu X-Gm-Gg: ASbGncuA3JfvFTCbXBp3UOtBOSYO/cRPkzcho2fETqIyjXKVdm+9Ght0V31dJSitHk8 o6EHlk0LwerNvGN6UozqDt6ZMfzz8GCR+4E/PmEidpm9XmmX4SkA2eGdIFrlaGRC8HzvJXv7OsP 4cUsNLgSKTKLbIbKYcLPpdJNmNXQvJGjDUEiuDtjAhq8xqDTU325q2GO+4ME91qA+6D7AVPUluT 2tKz8zSex6KEZ+/Zmn3ItSCD4VB9PBeDhL2UCxivSBPkf92OWZa19IbXrUF/NTp862EddaDwMYo d7jkm04Eiii1quSd9mluW+Fm+8Z630fkrZnIOqhkU+N+ZbkE/Sq4q7uo+AXtFIYiE3xd4dUthZV n5Hb4MfC5GmSwN2g8qPgoa2AkDSUrqqQ= X-Google-Smtp-Source: AGHT+IEW6gpJCVVdjne7KRvkbynbCh3RnpI3fF2JUeIidfH7VGlEgCxJrVU2FamXzEvshrv4pRsR63G2D0vN X-Received: by 2002:a05:6a00:3a12:b0:783:c2c4:9aa5 with SMTP id d2e1a72fcca58-7b7a5997a03mr7070516b3a.32.1763000267569; Wed, 12 Nov 2025 18:17:47 -0800 (PST) Received: from postal.iol.unh.edu (postal.iol.unh.edu. [132.177.123.84]) by smtp-relay.gmail.com with ESMTPS id d2e1a72fcca58-7b927c22fd4sm40949b3a.7.2025.11.12.18.17.47 (version=TLS1_2 cipher=ECDHE-ECDSA-AES128-GCM-SHA256 bits=128/128); Wed, 12 Nov 2025 18:17:47 -0800 (PST) X-Relaying-Domain: iol.unh.edu Date: Wed, 12 Nov 2025 18:17:47 -0800 (PST) Message-ID: <69153fcb.050a0220.284802.227aSMTPIN_ADDED_MISSING@mx.google.com> Received: from [172.21.0.2] (unknown [172.18.0.240]) by postal.iol.unh.edu (Postfix) with ESMTP id D06826051830; Wed, 12 Nov 2025 21:17:46 -0500 (EST) Subject: |FAILURE| [GIT MASTER] 62f583c49bf67dd4d6733ece14e55fe6839e66d1 From: dpdklab@iol.unh.edu To: Test Report Cc: dpdk-test-reports@iol.unh.edu, Xueming Li , Christian Ehrhardt , Kevin Traynor , Luca Boccassi Content-Type: text/plain X-BeenThere: test-report@dpdk.org X-Mailman-Version: 2.1.29 Precedence: list List-Id: automatic DPDK test reports List-Unsubscribe: , List-Archive: List-Post: List-Help: List-Subscribe: , Errors-To: test-report-bounces@dpdk.org _Testing issues_ Branch: tags/v23.11 62f583c49bf67dd4d6733ece14e55fe6839e66d1 --> testing issues Upstream job id: Generic-VM-Unit-Test-DPDK#32447 Test environment and result as below: +-------------------------------+----------------+ | Environment | dpdk_unit_test | +===============================+================+ | CentOS Stream 10 | PASS | +-------------------------------+----------------+ | Fedora Linux 40 | PASS | +-------------------------------+----------------+ | CentOS Stream 9 | PASS | +-------------------------------+----------------+ | Debian GNU/Linux 12 | PASS | +-------------------------------+----------------+ | Ubuntu 20.04 | PASS | +-------------------------------+----------------+ | Fedora Linux 42 | PASS | +-------------------------------+----------------+ | Red Hat Enterprise Linux 9.5 | PASS | +-------------------------------+----------------+ | Fedora Linux 41 | PASS | +-------------------------------+----------------+ | Red Hat Enterprise Linux 8.10 | PASS | +-------------------------------+----------------+ | Ubuntu 22.04 | PASS | +-------------------------------+----------------+ | Ubuntu 24.04 | PASS | +-------------------------------+----------------+ | Windows Server 2022 | FAIL | +-------------------------------+----------------+ ==== Unit test summary for Windows Server 2022 (dpdk_unit_test): ==== Failed to get the unit test results. Displaying the unit test results is not supported for some environments, such as our aarch32 testing, where meson is not used to run the tests. Download the logs available on our CI site. ==== End log output ==== CentOS Stream 10 Kernel: 5.15 Compiler: gcc gcc (GCC) 14.2.1 20250110 (Red Hat 14.2.1-8) Fedora Linux 40 Kernel: 5.15 Compiler: clang gcc (GCC) 14.2.1 20240912 (Red Hat 14.2.1-3) CentOS Stream 9 Kernel: 5.15 Compiler: gcc gcc (GCC) 11.5.0 20240719 (Red Hat 11.5.0-11) Debian GNU/Linux 12 Kernel: 5.15 Compiler: gcc gcc (Debian 12.2.0-14+deb12u1) 12.2.0 Ubuntu 20.04 Kernel: 5.15 Compiler: gcc gcc (Ubuntu 9.4.0-1ubuntu1~20.04.2) 9.4.0 Fedora Linux 42 Kernel: 5.15 Compiler: gcc gcc (GCC) 15.2.1 20250808 (Red Hat 15.2.1-1) Red Hat Enterprise Linux 9.5 Kernel: 5.15 Compiler: gcc gcc (GCC) 11.5.0 20240719 (Red Hat 11.5.0-2) Fedora Linux 41 Kernel: 5.15 Compiler: gcc gcc (GCC) 14.3.1 20250523 (Red Hat 14.3.1-1) Red Hat Enterprise Linux 8.10 Kernel: 5.15 Compiler: gcc gcc (GCC) 8.5.0 20210514 (Red Hat 8.5.0-22) Ubuntu 22.04 Kernel: 5.15 Compiler: gcc gcc (Ubuntu 11.4.0-1ubuntu1~22.04) 11.4.0 Ubuntu 24.04 Kernel: 5.15 Compiler: gcc gcc (Ubuntu 13.3.0-6ubuntu2~24.04) 13.3.0 Windows Server 2022 Kernel: 10.0.20348.2031 Compiler: clang 15.0.7, gcc 14.1.0 (MinGW), and MSVC VS 19.39.33521 To view detailed results, visit: https://lab.dpdk.org/results/dashboard/tarballs/35532/ UNH-IOL DPDK Community Lab To manage your email subscriptions, visit: https://lab.dpdk.org/results/dashboard/preferences/subscriptions/