From mboxrd@z Thu Jan 1 00:00:00 1970 Return-Path: Received: from mails.dpdk.org (mails.dpdk.org [217.70.189.124]) by inbox.dpdk.org (Postfix) with ESMTP id 3883548AF1 for ; Thu, 13 Nov 2025 03:34:51 +0100 (CET) Received: from mails.dpdk.org (localhost [127.0.0.1]) by mails.dpdk.org (Postfix) with ESMTP id 1744740151; Thu, 13 Nov 2025 03:34:51 +0100 (CET) Received: from mail-qv1-f99.google.com (mail-qv1-f99.google.com [209.85.219.99]) by mails.dpdk.org (Postfix) with ESMTP id 093DF40151 for ; Thu, 13 Nov 2025 03:34:49 +0100 (CET) Received: by mail-qv1-f99.google.com with SMTP id 6a1803df08f44-8824ce98111so4459366d6.0 for ; Wed, 12 Nov 2025 18:34:48 -0800 (PST) DKIM-Signature: v=1; a=rsa-sha256; c=relaxed/relaxed; d=iol.unh.edu; s=unh-iol; t=1763001288; x=1763606088; darn=dpdk.org; h=cc:to:from:subject:message-id:date:from:to:cc:subject:date :message-id:reply-to; bh=4MUuE1BmcWuCTt0oocVDgfjLKMqeXsUlgp1B8doF/F4=; b=E/BXEOHL9+MIaY2DigTxRwIiQO5SQCjwI/Tvu2H9AzgLehTXu6M6q9W+AoprINl0V/ sq/UkO1rx0ZVJbiig97IWI++LsnmMM1Ntcpz06JP1RrG5qWB68yGnytAPXEtbuamZ8Sm tZEEdztqXrRb33hhwKRwA2YRs+2oEGzu6Yp20= X-Google-DKIM-Signature: v=1; a=rsa-sha256; c=relaxed/relaxed; d=1e100.net; s=20230601; t=1763001288; x=1763606088; h=cc:to:from:subject:message-id:date:x-gm-gg:x-gm-message-state:from :to:cc:subject:date:message-id:reply-to; bh=4MUuE1BmcWuCTt0oocVDgfjLKMqeXsUlgp1B8doF/F4=; b=qM71H2VGvakNF4qf90XdqHwfpWm3YMvgjpQvQE0KZz2wRLfCpswPQ4xuAup25rXEXY YkrrW+Iya8+u83XNlSUZVZNiX/FgH5xhwSuwDNjM6yJAUFJ00Z5PP4pn4hSAcSeJDC9N 5NDKL/lb71cbulMcITOC0amspCyit1QCHGMuBzmDLbAwTAdDyEpgSgDvxat+ky4BiKMf oB0cpDiWSWIi3Wu22UwjfLnW6vPlSj9P+yNZRoKEFrg/FTaintCFOxUXYAZpv5uuDVGT vipV9XsrmvEBV4QrzTA6rpugP5sZEm/3s2J6i8uaDUkhaa99AtSLjXx5m0vPPNjA4eqw g6PA== X-Gm-Message-State: AOJu0Ywa2pepik21xh+HdrAyZtExoohZth2Rm3WSORqkHJN1hO46av33 GBUZs0WB4xrRc3/QpPEH8DpjwF5e6zGabcS6WvLJnzfUQbOMaUcuzRnM4qZMUGrs+bCxwCK/h1L OSAQyD4F+sWbEWKFiP5+g/tYn3NWKSFB02tLVC3oh0C+CTseRWze2 X-Gm-Gg: ASbGncujyLHwM8nK2CwhIoouPehe9xxo64YC7YOX+HrUFpyD6UwhWTlXkPPGosEkd2O X67yrrk+nIt2CQMD4hoSMNvwZS04ueF7GLTkPoe/lDcP3X2tcdwgL9sS8R5MusGm2szV5S4/pWz nKGhbdKVVEgHo1kQz85ZCQlEJAd/PHoLENOMQAyaO5iKgAreJVz+92S0NSmV3m6SZ2b8bVq11DR 3UPFN3VDito5XqgcRJAVt3L9DMp4MtFAYg3kbpu0jF+czrZL6EdFB/IvLfVISXM4L62qn+UxSAQ OS/WcvLdrhhbDZt8VI7pf04QQEMMYDJQupUKZLagQwN9DnCVeQTqW+aRfHhLBNBN3g2RY2i2RGM gaH1fgSnu X-Google-Smtp-Source: AGHT+IEEta+KuqAz8uugmbYscBgJ1i+mDkdQk4uNk/aufA8jLhk0bdASYKl5x6BYMXRae/OLmT1/n6bamDI5 X-Received: by 2002:a05:6214:1c85:b0:87c:22eb:36b9 with SMTP id 6a1803df08f44-88271912c2cmr64481036d6.9.1763001288215; Wed, 12 Nov 2025 18:34:48 -0800 (PST) Received: from postal.iol.unh.edu (postal.iol.unh.edu. [2606:4100:3880:1234::84]) by smtp-relay.gmail.com with ESMTPS id 6a1803df08f44-882862fa3d3sm572496d6.11.2025.11.12.18.34.48 (version=TLS1_2 cipher=ECDHE-ECDSA-AES128-GCM-SHA256 bits=128/128); Wed, 12 Nov 2025 18:34:48 -0800 (PST) X-Relaying-Domain: iol.unh.edu Date: Wed, 12 Nov 2025 18:34:48 -0800 (PST) Message-ID: <691543c8.050a0220.3afafd.31a5SMTPIN_ADDED_MISSING@mx.google.com> Received: from [172.21.0.3] (unknown [172.18.0.240]) by postal.iol.unh.edu (Postfix) with ESMTP id C0CAE6051830; Wed, 12 Nov 2025 21:34:46 -0500 (EST) Subject: |FAILURE| [GIT MASTER] 62f583c49bf67dd4d6733ece14e55fe6839e66d1 From: dpdklab@iol.unh.edu To: Test Report Cc: dpdk-test-reports@iol.unh.edu, Xueming Li , Christian Ehrhardt , Kevin Traynor , Luca Boccassi Content-Type: text/plain X-BeenThere: test-report@dpdk.org X-Mailman-Version: 2.1.29 Precedence: list List-Id: automatic DPDK test reports List-Unsubscribe: , List-Archive: List-Post: List-Help: List-Subscribe: , Errors-To: test-report-bounces@dpdk.org _Testing issues_ Branch: tags/v23.11 62f583c49bf67dd4d6733ece14e55fe6839e66d1 --> testing issues Upstream job id: Generic-VM-Unit-Test-DPDK#32448 Test environment and result as below: +-------------------------------+----------------+ | Environment | dpdk_unit_test | +===============================+================+ | CentOS Stream 10 | PASS | +-------------------------------+----------------+ | Fedora Linux 40 | PASS | +-------------------------------+----------------+ | CentOS Stream 9 | PASS | +-------------------------------+----------------+ | Debian GNU/Linux 12 | PASS | +-------------------------------+----------------+ | Ubuntu 20.04 | PASS | +-------------------------------+----------------+ | Fedora Linux 42 | PASS | +-------------------------------+----------------+ | Red Hat Enterprise Linux 9.5 | PASS | +-------------------------------+----------------+ | Fedora Linux 41 | PASS | +-------------------------------+----------------+ | Red Hat Enterprise Linux 8.10 | PASS | +-------------------------------+----------------+ | Ubuntu 22.04 | PASS | +-------------------------------+----------------+ | Ubuntu 24.04 | PASS | +-------------------------------+----------------+ | Windows Server 2022 | FAIL | +-------------------------------+----------------+ ==== Unit test summary for Windows Server 2022 (dpdk_unit_test): ==== Failed to get the unit test results. Displaying the unit test results is not supported for some environments, such as our aarch32 testing, where meson is not used to run the tests. Download the logs available on our CI site. ==== End log output ==== CentOS Stream 10 Kernel: 5.15 Compiler: gcc gcc (GCC) 14.2.1 20250110 (Red Hat 14.2.1-8) Fedora Linux 40 Kernel: 5.15 Compiler: clang gcc (GCC) 14.2.1 20240912 (Red Hat 14.2.1-3) CentOS Stream 9 Kernel: 5.15 Compiler: gcc gcc (GCC) 11.5.0 20240719 (Red Hat 11.5.0-11) Debian GNU/Linux 12 Kernel: 5.15 Compiler: gcc gcc (Debian 12.2.0-14+deb12u1) 12.2.0 Ubuntu 20.04 Kernel: 5.15 Compiler: gcc gcc (Ubuntu 9.4.0-1ubuntu1~20.04.2) 9.4.0 Fedora Linux 42 Kernel: 5.15 Compiler: gcc gcc (GCC) 15.2.1 20250808 (Red Hat 15.2.1-1) Red Hat Enterprise Linux 9.5 Kernel: 5.15 Compiler: gcc gcc (GCC) 11.5.0 20240719 (Red Hat 11.5.0-2) Fedora Linux 41 Kernel: 5.15 Compiler: gcc gcc (GCC) 14.3.1 20250523 (Red Hat 14.3.1-1) Red Hat Enterprise Linux 8.10 Kernel: 5.15 Compiler: gcc gcc (GCC) 8.5.0 20210514 (Red Hat 8.5.0-22) Ubuntu 22.04 Kernel: 5.15 Compiler: gcc gcc (Ubuntu 11.4.0-1ubuntu1~22.04) 11.4.0 Ubuntu 24.04 Kernel: 5.15 Compiler: gcc gcc (Ubuntu 13.3.0-6ubuntu2~24.04) 13.3.0 Windows Server 2022 Kernel: 10.0.20348.2031 Compiler: clang 15.0.7, gcc 14.1.0 (MinGW), and MSVC VS 19.39.33521 To view detailed results, visit: https://lab.dpdk.org/results/dashboard/tarballs/35532/ UNH-IOL DPDK Community Lab To manage your email subscriptions, visit: https://lab.dpdk.org/results/dashboard/preferences/subscriptions/