From mboxrd@z Thu Jan 1 00:00:00 1970 Return-Path: Received: from mails.dpdk.org (mails.dpdk.org [217.70.189.124]) by inbox.dpdk.org (Postfix) with ESMTP id 513D048AF2 for ; Thu, 13 Nov 2025 04:48:18 +0100 (CET) Received: from mails.dpdk.org (localhost [127.0.0.1]) by mails.dpdk.org (Postfix) with ESMTP id 4A5AD40151; Thu, 13 Nov 2025 04:48:18 +0100 (CET) Received: from mail-pg1-f227.google.com (mail-pg1-f227.google.com [209.85.215.227]) by mails.dpdk.org (Postfix) with ESMTP id E0B2E40151 for ; Thu, 13 Nov 2025 04:48:16 +0100 (CET) Received: by mail-pg1-f227.google.com with SMTP id 41be03b00d2f7-bc17d39ccd2so203876a12.3 for ; Wed, 12 Nov 2025 19:48:16 -0800 (PST) DKIM-Signature: v=1; a=rsa-sha256; c=relaxed/relaxed; d=iol.unh.edu; s=unh-iol; t=1763005696; x=1763610496; darn=dpdk.org; h=cc:to:from:subject:message-id:date:from:to:cc:subject:date :message-id:reply-to; bh=v04S2pYZlfnbQSj1U3576MxOfR3l/+OrZuW6yiPbWuE=; b=icx2KiCwHHHpkRMuigVk5SLsDeQu3DQpyDq3H2HexYK1PcxWlz7FxLyGXS7xJSDaPG RagftEN0MdxlxAwgBd7Lvct4Au8nND2HGObgX2ljpUByHXSNHl3ssK3/Yig5iscPjQIv o9m4uoTbTqkcss1x6K2DNCdyceAPqB/lINWvg= X-Google-DKIM-Signature: v=1; a=rsa-sha256; c=relaxed/relaxed; d=1e100.net; s=20230601; t=1763005696; x=1763610496; h=cc:to:from:subject:message-id:date:x-gm-gg:x-gm-message-state:from :to:cc:subject:date:message-id:reply-to; bh=v04S2pYZlfnbQSj1U3576MxOfR3l/+OrZuW6yiPbWuE=; b=XjSWw8mEWgzk7q8Ewuw4fBJcAi9jrit7GmRQmHZN96RG473pf8epCrMNe6H25vyMWG v1iF3liKr9hTKNinR8G6i4PWlpv+I+nzM46GVBYHapegUXWVlVNtqA2Ij1JIDa0nG2ed 6xvIXbuIroF3X+LvZHrXIJhiVUSmZtC4P5F87fBr0oY5FJhW4l1Oc/ZJbYXkGWJ4AxW2 X57ViLMeG0wDzGAqSMhirtgA/qLz67lGbJKMMjAOlP1N4Fvd6PI2kRpbkje2F+2NM3fn Gg2HZfnh4gQrRBCmCkD8ExA6pR9lnXNj5naXBw1dov+OgFboTiKaVXzF1hvzG58UwZZ9 zSfA== X-Gm-Message-State: AOJu0YyJPkE0KcsEq3DiZRGAQ+d+T2UcV8tmapCx9egR+ol85Zq71R7H pa13GxU1mTIuY5jVV/y1AfSN2/Cq/TbFhBJMMkyiSrOSaufxKnyeqeUL8QGEpoKO3VA2JNfbKhe 2b8IYgm3W/ar49NWcC2v81PvECTQipNhIrFbXwNA/TugOZhNfjAgG X-Gm-Gg: ASbGnctGQ6ngbXEOMXqsnTQPcQDUCn9pXDFL4HJcJtV/MTuCICWmMoVlsrzCC6T3Aha jkN6Ep1WhVlfqvgfrsfc2sGM0e93DNNO1gIumHgtCAUX+XtHekpo/K0Eo9+oxHcToLkaJ1pM97s HcwMGViHILbdr1sa7lm2QUBlJ8UVLyYnjG8Y+zZXDJPF8Nsy4O3kbv44CXAKJKnkLDFP6E5YMHv OMtvb5FzGAfSPHMvncHIPTNj7JxpXWB3UynP0EhVTKhAB6C/RfzgSGy9NaazC+n5dJ77LyMf1+p jM0Hpwq5JOu/ifV/d+BFYUI4ErEmkT5X8LT7ANumed/TOJNNKQ2puryG0g6tzIzSZSX0olAS+i2 uH5VG8E0G X-Google-Smtp-Source: AGHT+IEcO78dkmtlWUYq+TYt1aycAcgLV9DpM5xdX/KxeW2Q5023Rbw1KzNqrrLzP1XWaEeDz717uoGi0sxW X-Received: by 2002:a17:902:ef51:b0:295:64f8:d9cd with SMTP id d9443c01a7336-2984ed923damr66488935ad.15.1763005695962; Wed, 12 Nov 2025 19:48:15 -0800 (PST) Received: from postal.iol.unh.edu (postal.iol.unh.edu. [2606:4100:3880:1234::84]) by smtp-relay.gmail.com with ESMTPS id d2e1a72fcca58-7b927c1487dsm58673b3a.6.2025.11.12.19.48.15 (version=TLS1_2 cipher=ECDHE-ECDSA-AES128-GCM-SHA256 bits=128/128); Wed, 12 Nov 2025 19:48:15 -0800 (PST) X-Relaying-Domain: iol.unh.edu Date: Wed, 12 Nov 2025 19:48:15 -0800 (PST) Message-ID: <691554ff.050a0220.1b8d6a.3b56SMTPIN_ADDED_MISSING@mx.google.com> Received: from [172.21.0.2] (unknown [172.18.0.240]) by postal.iol.unh.edu (Postfix) with ESMTP id A8E0E6051830; Wed, 12 Nov 2025 22:48:14 -0500 (EST) Subject: |FAILURE| [GIT MASTER] 62f583c49bf67dd4d6733ece14e55fe6839e66d1 From: dpdklab@iol.unh.edu To: Test Report Cc: dpdk-test-reports@iol.unh.edu, Xueming Li , Christian Ehrhardt , Kevin Traynor , Luca Boccassi Content-Type: text/plain X-BeenThere: test-report@dpdk.org X-Mailman-Version: 2.1.29 Precedence: list List-Id: automatic DPDK test reports List-Unsubscribe: , List-Archive: List-Post: List-Help: List-Subscribe: , Errors-To: test-report-bounces@dpdk.org _Testing issues_ Branch: tags/v23.11 62f583c49bf67dd4d6733ece14e55fe6839e66d1 --> testing issues Upstream job id: Windows-Compile-DPDK-Native#32276 Test environment and result as below: +-------------------------------+--------------------+------------------+-------------------+-------------------------+ | Environment | dpdk_meson_compile | dpdk_compile_ovs | dpdk_msvc_compile | dpdk_llvm_clang_compile | +===============================+====================+==================+===================+=========================+ | Ubuntu 20.04 | PASS | SKIPPED | SKIPPED | SKIPPED | +-------------------------------+--------------------+------------------+-------------------+-------------------------+ | CentOS Stream 10 | PASS | SKIPPED | SKIPPED | SKIPPED | +-------------------------------+--------------------+------------------+-------------------+-------------------------+ | openSUSE Leap 15.6 | PASS | SKIPPED | SKIPPED | SKIPPED | +-------------------------------+--------------------+------------------+-------------------+-------------------------+ | Debian GNU/Linux 12 | PASS | SKIPPED | SKIPPED | SKIPPED | +-------------------------------+--------------------+------------------+-------------------+-------------------------+ | CentOS Stream 9 | PASS | SKIPPED | SKIPPED | SKIPPED | +-------------------------------+--------------------+------------------+-------------------+-------------------------+ | Fedora Linux 42 | FAIL | WARN | SKIPPED | SKIPPED | +-------------------------------+--------------------+------------------+-------------------+-------------------------+ | Red Hat Enterprise Linux 8.10 | PASS | SKIPPED | SKIPPED | SKIPPED | +-------------------------------+--------------------+------------------+-------------------+-------------------------+ | Ubuntu 24.04 | PASS | PASS | SKIPPED | SKIPPED | +-------------------------------+--------------------+------------------+-------------------+-------------------------+ | Red Hat Enterprise Linux 9.5 | PASS | SKIPPED | SKIPPED | SKIPPED | +-------------------------------+--------------------+------------------+-------------------+-------------------------+ | Ubuntu 22.04 | PASS | SKIPPED | SKIPPED | SKIPPED | +-------------------------------+--------------------+------------------+-------------------+-------------------------+ | Alpine Linux 3.22.0 | PASS | SKIPPED | SKIPPED | SKIPPED | +-------------------------------+--------------------+------------------+-------------------+-------------------------+ | FreeBSD 14.2 | PASS | SKIPPED | SKIPPED | SKIPPED | +-------------------------------+--------------------+------------------+-------------------+-------------------------+ | Windows Server 2022 | SKIPPED | SKIPPED | PASS | FAIL | +-------------------------------+--------------------+------------------+-------------------+-------------------------+ ==== 20 line log output for Windows Server 2022 (dpdk_llvm_clang_compile): ==== Compiler for C supports arguments -mavx512f: YES (cached) Compiler for C supports arguments -mavx512bw: YES (cached) Compiler for C supports arguments -mavx512dq: YES (cached) Compiler for C supports arguments -march=skylake-avx512: YES Message: drivers/common/idpf: Defining dependency "common_idpf" Message: drivers/bus/auxiliary: Defining dependency "bus_auxiliary" Compiler for C supports arguments -Wno-cast-qual: YES (cached) Compiler for C supports arguments -Wno-pointer-arith: YES (cached) Message: drivers/bus/pci: Defining dependency "bus_pci" Message: drivers/bus/vdev: Defining dependency "bus_vdev" Compiler for C supports arguments -std=c11: YES Compiler for C supports arguments -Wno-strict-prototypes: YES Compiler for C supports arguments -D_BSD_SOURCE: YES Compiler for C supports arguments -D_DEFAULT_SOURCE: YES Compiler for C supports arguments -D_XOPEN_SOURCE=600: YES Has header "mlx5devx.h" : YES drivers\common\mlx5\windows\meson.build:10:13: ERROR: C shared or static library 'mlx5devx' not found A full log can be found at C:\Users\builder\jenkins\workspace\Windows-Compile-DPDK-Native\dpdk\build\meson-logs\meson-log.txt ==== End log output ==== Ubuntu 20.04 Kernel: 5.15 Compiler: gcc gcc (Ubuntu 9.4.0-1ubuntu1~20.04.2) 9.4.0 CentOS Stream 10 Kernel: 5.15 Compiler: gcc gcc (GCC) 14.2.1 20250110 (Red Hat 14.2.1-8) openSUSE Leap 15.6 Kernel: 5.15 Compiler: gcc gcc (SUSE Linux) 7.5.0 Debian GNU/Linux 12 Kernel: 5.15 Compiler: gcc gcc (Debian 12.2.0-14+deb12u1) 12.2.0 CentOS Stream 9 Kernel: 5.15 Compiler: gcc gcc (GCC) 11.5.0 20240719 (Red Hat 11.5.0-11) Fedora Linux 42 Kernel: 5.15 Compiler: clang gcc (GCC) 15.2.1 20250808 (Red Hat 15.2.1-1) Red Hat Enterprise Linux 8.10 Kernel: 5.15 Compiler: gcc gcc (GCC) 8.5.0 20210514 (Red Hat 8.5.0-22) Ubuntu 24.04 Kernel: 5.15 Compiler: gcc gcc (Ubuntu 13.3.0-6ubuntu2~24.04) 13.3.0 Red Hat Enterprise Linux 9.5 Kernel: 5.15 Compiler: gcc gcc (GCC) 11.5.0 20240719 (Red Hat 11.5.0-2) Ubuntu 22.04 Kernel: 5.15 Compiler: gcc gcc (Ubuntu 11.4.0-1ubuntu1~22.04) 11.4.0 Alpine Linux 3.22.0 Kernel: 5.15 Compiler: gcc gcc (Alpine 14.2.0) 14.2.0 FreeBSD 14.2 Kernel: 14.2-RELEASE Compiler: clang 18.1.6 Windows Server 2022 Kernel: 10.0.20348.2031 Compiler: clang 15.0.7, gcc 14.1.0 (MinGW), and MSVC VS 19.39.33521 To view detailed results, visit: https://lab.dpdk.org/results/dashboard/tarballs/35532/ UNH-IOL DPDK Community Lab To manage your email subscriptions, visit: https://lab.dpdk.org/results/dashboard/preferences/subscriptions/