From mboxrd@z Thu Jan 1 00:00:00 1970 Return-Path: Received: from mails.dpdk.org (mails.dpdk.org [217.70.189.124]) by inbox.dpdk.org (Postfix) with ESMTP id C41EC48AF8 for ; Thu, 13 Nov 2025 10:52:34 +0100 (CET) Received: from mails.dpdk.org (localhost [127.0.0.1]) by mails.dpdk.org (Postfix) with ESMTP id A403240151; Thu, 13 Nov 2025 10:52:34 +0100 (CET) Received: from mail-yw1-f227.google.com (mail-yw1-f227.google.com [209.85.128.227]) by mails.dpdk.org (Postfix) with ESMTP id 2425D40151 for ; Thu, 13 Nov 2025 10:52:34 +0100 (CET) Received: by mail-yw1-f227.google.com with SMTP id 00721157ae682-780fe76f457so6051307b3.0 for ; Thu, 13 Nov 2025 01:52:34 -0800 (PST) DKIM-Signature: v=1; a=rsa-sha256; c=relaxed/relaxed; d=iol.unh.edu; s=unh-iol; t=1763027553; x=1763632353; darn=dpdk.org; h=references:in-reply-to:cc:to:from:subject:message-id:date:from:to :cc:subject:date:message-id:reply-to; bh=iJImnS9j24uDfH+XBEHxyUF8PnxGnxK8kRQJf9mPg+8=; b=Xbsfvn7PO6W7GLEtAmEnif5frC5lC1Q25pKfUSkp8NY/S8hQMFtwidTzh8i0+yW0KC yWNMDZwl02uaBUHEr9Op6iwwbc+9JnphFC4ocEZMr/i9Xl07ktvgVEyGnanqNqvrZE0q FM/U7xnrbwY7w473szpusnjpBzrIQEFECJcko= X-Google-DKIM-Signature: v=1; a=rsa-sha256; c=relaxed/relaxed; d=1e100.net; s=20230601; t=1763027553; x=1763632353; h=references:in-reply-to:cc:to:from:subject:message-id:date:x-gm-gg :x-gm-message-state:from:to:cc:subject:date:message-id:reply-to; bh=iJImnS9j24uDfH+XBEHxyUF8PnxGnxK8kRQJf9mPg+8=; b=lPAlSVmBlohEg+PEprRQDXSBXssy553Q/PU30CLewn91Af2KGlnoSUHIm3OIRVn+Cs IVyG/jkoOwbsxVc0JrrIiktdl/2uIAjAYBInqcnavqEA8ro8jw/s7Eeoh4WiIEgz49Xx 25SDRqRjN32jExm43e5vjWnIHwkKq9/dn35qnQhsJ+eJ/UYKX3Wg/chz+NRv3YTh1zYT NMauT8XeebMyx4x1qWCc+YObSzW7Aevx8IdlkabM0QyVGtw7fNicnsXd/Oov4XtAjzaR yFSfdtCrDIjeDXPmlyyjOhvjI2IPvP1v20AF0NgizFVvoKdrCyZ1oqCt+qrtJGJ088kB EqDQ== X-Gm-Message-State: AOJu0Ywq8M6/mluqHAWzUtmSMX6F4RFqUVL4+JZM/qZBjo8E9dHBSFe9 5kOIrRidL+TlpYW/guVhoFiulBEkqe758KhBHVTmOl04wa836uXfPwkYQNGHQXamYI1Jem2+UWJ Jf5YLJd0ld8ktWomG/omgtcwdjyNHDXsd4SPqIL0itbTz X-Gm-Gg: ASbGncsNtzlAHsFqS846kjd219wyilZvX+72iDBfC+d3I3idFWXye94pIUUU79BYZwb 0VQGRJxg1lF4rnJ6bkGZ1V5yLDtrRgjR1lwkLapDcB73FZF3ZpVn7yMEHeanUSAQrk4Kqt9R87/ edlumgQSPBgI0HQIwHFfMgb+E/r3EO2f+rNDiaEaUyuJQdAh/jnocknOd3qdweTbyjhUzJQCdf2 QyEEROvPjPWAsdE25ibQyESNkO/N0X0tLNZRSjdVdkCkABm2NG+NGwRHrEfFP0LiUWhJn+TlD0Y sCGz9oeKWh1Oc7TNUuIj3NP6JVCM4YPHefUQX5VPGVIHExOTIGQkH7PGusX1QpEIQyxX7WmqEVU zCRIYe4vUNJ71957/v34Pm0I5RNEE1TE= X-Google-Smtp-Source: AGHT+IEel+15jbxv+KDsQAZrLT47MQhyiBYjLSMgaHsmCZyzc3TkuV2g1iIUL4URTKjjBcnlot1Mp1YhBr4i X-Received: by 2002:a05:690c:3507:b0:786:5926:ed9e with SMTP id 00721157ae682-7881361bb42mr104898957b3.25.1763027553414; Thu, 13 Nov 2025 01:52:33 -0800 (PST) Received: from postal.iol.unh.edu (postal.iol.unh.edu. [132.177.123.84]) by smtp-relay.gmail.com with ESMTPS id 00721157ae682-78821deba13sm823397b3.6.2025.11.13.01.52.33 (version=TLS1_2 cipher=ECDHE-ECDSA-AES128-GCM-SHA256 bits=128/128); Thu, 13 Nov 2025 01:52:33 -0800 (PST) X-Relaying-Domain: iol.unh.edu Date: Thu, 13 Nov 2025 01:52:33 -0800 (PST) Message-ID: <6915aa61.050a0220.4e19f.4214SMTPIN_ADDED_MISSING@mx.google.com> Received: from [172.21.0.2] (unknown [172.18.0.240]) by postal.iol.unh.edu (Postfix) with ESMTP id 0432B6051830; Thu, 13 Nov 2025 04:52:33 -0500 (EST) Subject: |FAILURE| pw158677-158683 [PATCH] [v2,7/7] test: re-enable format-tr From: dpdklab@iol.unh.edu To: Test Report Cc: dpdk-test-reports@iol.unh.edu, Stephen Hemminger In-Reply-To: <20251111221857.443752-8-stephen@networkplumber.org> References: <20251111221857.443752-8-stephen@networkplumber.org> Content-Type: text/plain X-BeenThere: test-report@dpdk.org X-Mailman-Version: 2.1.29 Precedence: list List-Id: automatic DPDK test reports List-Unsubscribe: , List-Archive: List-Post: List-Help: List-Subscribe: , Errors-To: test-report-bounces@dpdk.org Test-Label: iol-compile-amd64-testing Test-Status: FAILURE http://dpdk.org/patch/158683 _Testing issues_ Submitter: Stephen Hemminger Date: Tuesday, November 11 2025 22:17:24 DPDK git baseline: Repo:dpdk Branch: master CommitID:be0112878b4fc3a1b918370ed2fe615c52039d77 158677-158683 --> testing issues Upstream job id: Windows-Compile-DPDK-VS#7507 Test environment and result as below: +-------------------------------+--------------------+------------------+-------------------+ | Environment | dpdk_meson_compile | dpdk_compile_ovs | dpdk_msvc_compile | +===============================+====================+==================+===================+ | Ubuntu 20.04 | FAIL | SKIPPED | SKIPPED | +-------------------------------+--------------------+------------------+-------------------+ | FreeBSD 14.2 | FAIL | SKIPPED | SKIPPED | +-------------------------------+--------------------+------------------+-------------------+ | CentOS Stream 9 | PASS | SKIPPED | SKIPPED | +-------------------------------+--------------------+------------------+-------------------+ | CentOS Stream 10 | PASS | SKIPPED | SKIPPED | +-------------------------------+--------------------+------------------+-------------------+ | Fedora Linux 42 | PASS | PASS | SKIPPED | +-------------------------------+--------------------+------------------+-------------------+ | Debian GNU/Linux 12 | PASS | SKIPPED | SKIPPED | +-------------------------------+--------------------+------------------+-------------------+ | openSUSE Leap 15.6 | PASS | SKIPPED | SKIPPED | +-------------------------------+--------------------+------------------+-------------------+ | Red Hat Enterprise Linux 8.10 | FAIL | SKIPPED | SKIPPED | +-------------------------------+--------------------+------------------+-------------------+ | Red Hat Enterprise Linux 9.5 | PASS | SKIPPED | SKIPPED | +-------------------------------+--------------------+------------------+-------------------+ | Ubuntu 22.04 | PASS | SKIPPED | SKIPPED | +-------------------------------+--------------------+------------------+-------------------+ | Ubuntu 24.04 | FAIL | PASS | SKIPPED | +-------------------------------+--------------------+------------------+-------------------+ | Alpine Linux 3.22.0 | PASS | SKIPPED | SKIPPED | +-------------------------------+--------------------+------------------+-------------------+ | Windows Server 2022 | SKIPPED | SKIPPED | PASS | +-------------------------------+--------------------+------------------+-------------------+ ==== 20 line log output for Ubuntu 24.04 (dpdk_meson_compile): ==== | ~~~~~~~~~~~~~~~~~~~~~~~~~~~~~ 56 | __va_arg_pack ()); | ~~~~~~~~~~~~~~~~~ In function 'rte_strlcpy', inlined from 'setup_acl_pipeline.isra' at ../app/test/test_table_acl.c:597:4: ../lib/eal/include/rte_string_fns.h:63:24: error: '%s' directive output may be truncated writing up to 639 bytes into a region of size 128 [-Werror=format-truncation=] 63 | return (size_t)snprintf(dst, size, "%s", src); | ^~~~~~~~~~~~~~~~~~~~~~~~~~~~~~ In function 'snprintf', inlined from 'rte_strlcpy' at ../lib/eal/include/rte_string_fns.h:63:17, inlined from 'setup_acl_pipeline.isra' at ../app/test/test_table_acl.c:597:4: /usr/i686-linux-gnu/include/bits/stdio2.h:54:10: note: '__builtin_snprintf' output between 1 and 640 bytes into a destination of size 128 54 | return __builtin___snprintf_chk (__s, __n, __USE_FORTIFY_LEVEL - 1, | ^~~~~~~~~~~~~~~~~~~~~~~~~~~~~~~~~~~~~~~~~~~~~~~~~~~~~~~~~~~~ 55 | __glibc_objsize (__s), __fmt, | ~~~~~~~~~~~~~~~~~~~~~~~~~~~~~ 56 | __va_arg_pack ()); | ~~~~~~~~~~~~~~~~~ cc1: all warnings being treated as errors ninja: build stopped: subcommand failed. ==== End log output ==== Ubuntu 20.04 Kernel: 4.19 Compiler: gcc gcc (Ubuntu 9.4.0-1ubuntu1~20.04.2) 9.4.0 FreeBSD 14.2 Kernel: 14.2-RELEASE Compiler: clang 18.1.6 CentOS Stream 9 Kernel: 5.15 Compiler: gcc gcc (GCC) 11.5.0 20240719 (Red Hat 11.5.0-11) CentOS Stream 10 Kernel: 5.15 Compiler: gcc gcc (GCC) 14.2.1 20250110 (Red Hat 14.2.1-8) Fedora Linux 42 Kernel: 5.15 Compiler: clang gcc (GCC) 15.2.1 20250808 (Red Hat 15.2.1-1) Debian GNU/Linux 12 Kernel: 5.15 Compiler: gcc gcc (Debian 12.2.0-14+deb12u1) 12.2.0 openSUSE Leap 15.6 Kernel: 5.15 Compiler: gcc gcc (SUSE Linux) 7.5.0 Red Hat Enterprise Linux 8.10 Kernel: 5.15 Compiler: gcc gcc (GCC) 8.5.0 20210514 (Red Hat 8.5.0-22) Red Hat Enterprise Linux 9.5 Kernel: 5.15 Compiler: gcc gcc (GCC) 11.5.0 20240719 (Red Hat 11.5.0-2) Ubuntu 22.04 Kernel: 5.15 Compiler: gcc gcc (Ubuntu 11.4.0-1ubuntu1~22.04) 11.4.0 Ubuntu 24.04 Kernel: 5.15 Compiler: gcc gcc (Ubuntu 13.3.0-6ubuntu2~24.04) 13.3.0 Alpine Linux 3.22.0 Kernel: 5.15 Compiler: gcc gcc (Alpine 14.2.0) 14.2.0 Windows Server 2022 Kernel: 10.0.20348.2031 Compiler: clang 15.0.7, gcc 14.1.0 (MinGW), and MSVC VS 19.39.33521 To view detailed results, visit: https://lab.dpdk.org/results/dashboard/patchsets/34541/ UNH-IOL DPDK Community Lab To manage your email subscriptions, visit: https://lab.dpdk.org/results/dashboard/preferences/subscriptions/