From mboxrd@z Thu Jan 1 00:00:00 1970 Return-Path: Received: from mails.dpdk.org (mails.dpdk.org [217.70.189.124]) by inbox.dpdk.org (Postfix) with ESMTP id E4AE848AF8 for ; Thu, 13 Nov 2025 11:50:38 +0100 (CET) Received: from mails.dpdk.org (localhost [127.0.0.1]) by mails.dpdk.org (Postfix) with ESMTP id DD9F940151; Thu, 13 Nov 2025 11:50:38 +0100 (CET) Received: from mail-io1-f97.google.com (mail-io1-f97.google.com [209.85.166.97]) by mails.dpdk.org (Postfix) with ESMTP id C5D7140151 for ; Thu, 13 Nov 2025 11:50:37 +0100 (CET) Received: by mail-io1-f97.google.com with SMTP id ca18e2360f4ac-948d45692b1so18948939f.0 for ; Thu, 13 Nov 2025 02:50:37 -0800 (PST) DKIM-Signature: v=1; a=rsa-sha256; c=relaxed/relaxed; d=iol.unh.edu; s=unh-iol; t=1763031037; x=1763635837; darn=dpdk.org; h=references:in-reply-to:cc:to:from:subject:message-id:date:from:to :cc:subject:date:message-id:reply-to; bh=jiFKf1WWiC2DKVUu8ZKZyTMhc/j9CwshJSDGYSRgmrE=; b=btstKfOWiXJRDIt7ftzHCk4di8DDSQFd+Ne/Hh0gq4oQtzEN6Gar1E5Osug5WziVk6 S2suC4ygkivRrMH7uwz3/shSnI/FkgNj45cq5rIxz7rwY50vGRbGvinoWsLaXBVLtdrh ZJodT0uH1dCkEr+K/ruOI30wDQjPkFmud+0fk= X-Google-DKIM-Signature: v=1; a=rsa-sha256; c=relaxed/relaxed; d=1e100.net; s=20230601; t=1763031037; x=1763635837; h=references:in-reply-to:cc:to:from:subject:message-id:date:x-gm-gg :x-gm-message-state:from:to:cc:subject:date:message-id:reply-to; bh=jiFKf1WWiC2DKVUu8ZKZyTMhc/j9CwshJSDGYSRgmrE=; b=QV/b5kMyPvFJ4lWw4VohedgZer2ETBWGMGpZbWFQi3r/SZeWnj0esGM8imYZwtTvYt AKPUbG209ktj91y4NQk/yHYuCSaV0ErE7oJ4S1WNKn8TcX4CClFwpG5CHBDyOgAfvdqv gBTUhuffB2I7w1G84jnvHJASOfdwUCHjOvKMypsLd4fPzUBnxU/a1FEfR/M5iNDc3v6P uVvKNssuCnGJ59pK7RX03h1SwxeX+ovtg4B0fYNX/ppB4W1T4y2YBM15BvFGnBPQ4j7d fHJ6bnmPDedFIqdo2X9CRjLi028lTsL8gcnyT8KYBFx1bFABBAoQ9Q9saMTBKay9P2JY tDow== X-Gm-Message-State: AOJu0YxRTxJu9IEGEIQv7WuqWfktvL0APJyLv6hTWg5jhbCbidXXQG9B ZsicESqKhEr7TdJrHQQW16G2DMssEvtakqum1yuhLVJCM89nzEMrdKJU8MuOi7EHoDFC1JZIILb eXqCnV2Vvgmots0HwmpKNdk1KRDt7EgMLij2T4FI88mzH X-Gm-Gg: ASbGncsPYYoq0/dGOEihGBcsAjrcM+ZlNoyr/LG3E1oIiDrSajJnuekNDgcixLzSbUP ORvxZZR8DubJ8632hCE+00wWbTz0R8JrnkBiHs0DgKNcsIG1o+JXqqDGLOKYNgTd4GPyMs9rLpB 7AELZnegBzAooQxiYS8OiN6RCV0HCPmdULxjPX/fJBYcCK2AxPlBXLjTu3wY138aK6HwFGYk2gN 2uJP5T2hioHRTjBSQ4sT7xC2RilrfTHXO+MrrXp133Cwyu5hF8gQ/n+fBLM2d1o2MpHI7/n3yAI +TTLdrVy8uxkjG5S41coODrbf/Cs4JqmwTMiJCsfeWBobq8ItUvxdbvlnyZ105S+5tA4l1rueXT pIWWVmFWcK+tUNeO0UNohvANImXx4chA= X-Google-Smtp-Source: AGHT+IFyNnuVe6OKU/6hUIdBm73DhsVZMlDtpDSuN4dpXJiVlzs8tEKeZMSTC9HsRGMCXiuEUtLPsIQnHK1J X-Received: by 2002:a05:6e02:2148:b0:433:7abd:96d0 with SMTP id e9e14a558f8ab-43473cff5fbmr86918185ab.3.1763031037133; Thu, 13 Nov 2025 02:50:37 -0800 (PST) Received: from postal.iol.unh.edu (postal.iol.unh.edu. [132.177.123.84]) by smtp-relay.gmail.com with ESMTPS id 8926c6da1cb9f-5b7bd3347f4sm127888173.28.2025.11.13.02.50.37 (version=TLS1_2 cipher=ECDHE-ECDSA-AES128-GCM-SHA256 bits=128/128); Thu, 13 Nov 2025 02:50:37 -0800 (PST) X-Relaying-Domain: iol.unh.edu Date: Thu, 13 Nov 2025 02:50:37 -0800 (PST) Message-ID: <6915b7fd.050a0220.32d6d6.658bSMTPIN_ADDED_MISSING@mx.google.com> Received: from [172.21.0.4] (unknown [172.18.0.240]) by postal.iol.unh.edu (Postfix) with ESMTP id 8E4C96051830; Thu, 13 Nov 2025 05:50:36 -0500 (EST) Subject: |FAILURE| pw158677-158683 [PATCH] [v2,7/7] test: re-enable format-tr From: dpdklab@iol.unh.edu To: Test Report Cc: dpdk-test-reports@iol.unh.edu, Stephen Hemminger In-Reply-To: <20251111221857.443752-8-stephen@networkplumber.org> References: <20251111221857.443752-8-stephen@networkplumber.org> Content-Type: text/plain X-BeenThere: test-report@dpdk.org X-Mailman-Version: 2.1.29 Precedence: list List-Id: automatic DPDK test reports List-Unsubscribe: , List-Archive: List-Post: List-Help: List-Subscribe: , Errors-To: test-report-bounces@dpdk.org Test-Label: iol-unit-amd64-testing Test-Status: FAILURE http://dpdk.org/patch/158683 _Testing issues_ Submitter: Stephen Hemminger Date: Tuesday, November 11 2025 22:17:24 DPDK git baseline: Repo:dpdk Branch: master CommitID:be0112878b4fc3a1b918370ed2fe615c52039d77 158677-158683 --> testing issues Upstream job id: Generic-VM-Unit-Test-DPDK#32473 Test environment and result as below: +-------------------------------+----------------+ | Environment | dpdk_unit_test | +===============================+================+ | Ubuntu 24.04 | FAIL | +-------------------------------+----------------+ | Red Hat Enterprise Linux 9.5 | FAIL | +-------------------------------+----------------+ | Red Hat Enterprise Linux 8.10 | WARN | +-------------------------------+----------------+ | CentOS Stream 9 | FAIL | +-------------------------------+----------------+ | Fedora Linux 41 | FAIL | +-------------------------------+----------------+ | Fedora Linux 42 | FAIL | +-------------------------------+----------------+ | Debian GNU/Linux 12 | FAIL | +-------------------------------+----------------+ | CentOS Stream 10 | FAIL | +-------------------------------+----------------+ | Fedora Linux 40 | FAIL | +-------------------------------+----------------+ | Ubuntu 22.04 | FAIL | +-------------------------------+----------------+ | Ubuntu 20.04 | WARN | +-------------------------------+----------------+ | Windows Server 2022 | PASS | +-------------------------------+----------------+ ==== 20 line log output for Ubuntu 20.04 (dpdk_unit_test): ==== [3429/3605] Compiling C object app/dpdk-test.p/test_test_bitmap.c.o [3430/3605] Compiling C object app/dpdk-test.p/test_test_cfgfile.c.o FAILED: app/dpdk-test.p/test_test_cfgfile.c.o ccache cc -Iapp/dpdk-test.p -Iapp -I../app -Ilib/cmdline -I../lib/cmdline -Ilib/eal/common -I../lib/eal/common -I. -I.. -Iconfig -I../config -Ilib/eal/include -I../lib/eal/include -Ilib/eal/linux/include -I../lib/eal/linux/include -Ilib/eal/x86/include -I../lib/eal/x86/include -I../kernel/linux -Ilib/eal -I../lib/eal -Ilib/kvargs -I../lib/kvargs -Ilib/log -I../lib/log -Ilib/metrics -I../lib/metrics -Ilib/telemetry -I../lib/telemetry -Ilib/argparse -I../lib/argparse -Ilib/net -I../lib/net -Ilib/mbuf -I../lib/mbuf -Ilib/mempool -I../lib/mempool -Ilib/ring -I../lib/ring -Idrivers/net/ring -I../drivers/net/ring -Ilib/ethdev -I../lib/ethdev -Ilib/meter -I../lib/meter -Idrivers/bus/pci -I../drivers/bus/pci -I../drivers/bus/pci/linux -Ilib/pci -I../lib/pci -Idrivers/bus/vdev -I../drivers/bus/vdev -Ilib/acl -I../lib/acl -Ilib/hash -I../lib/hash -Ilib/rcu -I../lib/rcu -Ilib/bitratestats -I../lib/bitratestats -Ilib/bpf -I../lib/bpf -Ilib/cfgfile -I../lib/cfgfile -Ilib/compressdev -I../lib/comp ressdev -Ilib/cryptodev -I../lib/cryptodev -Ilib/security -I../lib/security -Ilib/dispatcher -I../lib/dispatcher -Ilib/eventdev -I../lib/eventdev -Ilib/timer -I../lib/timer -Ilib/dmadev -I../lib/dmadev -Ilib/distributor -I../lib/distributor -Ilib/efd -I../lib/efd -Ilib/fib -I../lib/fib -Ilib/rib -I../lib/rib -Ilib/table -I../lib/table -Ilib/port -I../lib/port -Ilib/sched -I../lib/sched -Ilib/ip_frag -I../lib/ip_frag -Ilib/lpm -I../lib/lpm -Ilib/graph -I../lib/graph -Ilib/pcapng -I../lib/pcapng -Ilib/ipsec -I../lib/ipsec -Ilib/latencystats -I../lib/latencystats -Idrivers/net/bonding -I../drivers/net/bonding -Ilib/member -I../lib/member -Ilib/pdcp -I../lib/pdcp -Ilib/reorder -I../lib/reorder -Ilib/pdump -I../lib/pdump -Ilib/pmu -I../lib/pmu -Ilib/power -I../lib/power -Idrivers/power/acpi -I../drivers/power/acpi -Idrivers/power/kvm_vm -I../drivers/power/kvm_vm -Idrivers/power/intel_pstate -I../drivers/power/intel_pstate -Idrivers/power/amd_pstate -I../drivers/power/amd_pstate -Idrivers /power/cppc -I../drivers/power/cppc -Idrivers/power/intel_uncore -I../drivers/power/intel_uncore -Ilib/ptr_compress -I../lib/ptr_compress -Ilib/rawdev -I../lib/rawdev -Idrivers/raw/skeleton -I../drivers/raw/skeleton -Ilib/stack -I../lib/stack -Ilib/pipeline -I../lib/pipeline -Idrivers/crypto/scheduler -I../drivers/crypto/scheduler -Iapp/test/test_cfgfiles -fdiagnostics-color=always -pipe -D_FILE_OFFSET_BITS=64 -Wall -Winvalid-pch -Wextra -Werror -std=c11 -O3 -include rte_config.h -Wvla -Wcast-qual -Wdeprecated -Wformat -Wformat-nonliteral -Wformat-security -Wmissing-declarations -Wmissing-prototypes -Wnested-externs -Wold-style-definition -Wpointer-arith -Wsign-compare -Wstrict-prototypes -Wundef -Wwrite-strings -Wno-packed-not-aligned -Wno-missing-field-initializers -D_GNU_SOURCE -march=native -mrtm -DALLOW_EXPERIMENTAL_API -Wno-vla -fno-strict-aliasing -DALLOW_INTERNAL_API -MD -MQ app/dpdk-test.p/test_test_cfgfile.c.o -MF app/dpdk-test.p/test_test_cfgfile.c.o.d -o app/dpdk-test.p/ test_test_cfgfile.c.o -c ../app/test/test_cfgfile.c ../app/test/test_cfgfile.c: In function 'test_cfgfile_realloc_sections': ../app/test/test_cfgfile.c:186:42: error: '%s' directive output may be truncated writing 12 bytes into a region of size between 1 and 4096 [-Werror=format-truncation=] 186 | snprintf(filename, sizeof(filename), "%s%s", tmp, "cfg_save.ini"); | ^~ ~~~~~~~~~~~~~~ In file included from /usr/include/stdio.h:867, from ../app/test/test_cfgfile.c:5: /usr/include/x86_64-linux-gnu/bits/stdio2.h:67:10: note: '__builtin___snprintf_chk' output between 13 and 4108 bytes into a destination of size 4096 67 | return __builtin___snprintf_chk (__s, __n, __USE_FORTIFY_LEVEL - 1, | ^~~~~~~~~~~~~~~~~~~~~~~~~~~~~~~~~~~~~~~~~~~~~~~~~~~~~~~~~~~~ 68 | __bos (__s), __fmt, __va_arg_pack ()); | ~~~~~~~~~~~~~~~~~~~~~~~~~~~~~~~~~~~~~ cc1: all warnings being treated as errors [3431/3605] Compiling C object app/dpdk-test.p/test_packet_burst_generator.c.o [3432/3605] Compiling C object app/dpdk-test.p/test_test_atomic.c.o [3433/3605] Compiling C object app/dpdk-test.p/test_test_bitops.c.o ninja: build stopped: subcommand failed. ==== End log output ==== Ubuntu 24.04 Kernel: 5.15 Compiler: gcc gcc (Ubuntu 13.3.0-6ubuntu2~24.04) 13.3.0 Red Hat Enterprise Linux 9.5 Kernel: 5.15 Compiler: gcc gcc (GCC) 11.5.0 20240719 (Red Hat 11.5.0-2) Red Hat Enterprise Linux 8.10 Kernel: 5.15 Compiler: gcc gcc (GCC) 8.5.0 20210514 (Red Hat 8.5.0-22) CentOS Stream 9 Kernel: 5.15 Compiler: gcc gcc (GCC) 11.5.0 20240719 (Red Hat 11.5.0-11) Fedora Linux 41 Kernel: 5.15 Compiler: clang gcc (GCC) 14.3.1 20250523 (Red Hat 14.3.1-1) Fedora Linux 42 Kernel: 5.15 Compiler: clang gcc (GCC) 15.2.1 20250808 (Red Hat 15.2.1-1) Debian GNU/Linux 12 Kernel: 5.15 Compiler: gcc gcc (Debian 12.2.0-14+deb12u1) 12.2.0 CentOS Stream 10 Kernel: 5.15 Compiler: gcc gcc (GCC) 14.2.1 20250110 (Red Hat 14.2.1-8) Fedora Linux 40 Kernel: 5.15 Compiler: clang gcc (GCC) 14.2.1 20240912 (Red Hat 14.2.1-3) Ubuntu 22.04 Kernel: 5.15 Compiler: gcc gcc (Ubuntu 11.4.0-1ubuntu1~22.04) 11.4.0 Ubuntu 20.04 Kernel: 5.15 Compiler: gcc gcc (Ubuntu 9.4.0-1ubuntu1~20.04.2) 9.4.0 Windows Server 2022 Kernel: 10.0.20348.2031 Compiler: clang 15.0.7, gcc 14.1.0 (MinGW), and MSVC VS 19.39.33521 To view detailed results, visit: https://lab.dpdk.org/results/dashboard/patchsets/34541/ UNH-IOL DPDK Community Lab To manage your email subscriptions, visit: https://lab.dpdk.org/results/dashboard/preferences/subscriptions/