From: dpdklab@iol.unh.edu
To: Test Report <test-report@dpdk.org>
Cc: dpdk-test-reports@iol.unh.edu,
Stephen Hemminger <stephen@networkplumber.org>
Subject: |FAILURE| pw158677-158683 [PATCH] [v2,7/7] test: re-enable format-tr
Date: Thu, 13 Nov 2025 02:53:39 -0800 (PST) [thread overview]
Message-ID: <6915b8b3.d40a0220.1afae4.91fdSMTPIN_ADDED_MISSING@mx.google.com> (raw)
In-Reply-To: <20251111221857.443752-8-stephen@networkplumber.org>
Test-Label: iol-unit-amd64-testing
Test-Status: FAILURE
http://dpdk.org/patch/158683
_Testing issues_
Submitter: Stephen Hemminger <stephen@networkplumber.org>
Date: Tuesday, November 11 2025 22:17:24
DPDK git baseline: Repo:dpdk
Branch: master
CommitID:be0112878b4fc3a1b918370ed2fe615c52039d77
158677-158683 --> testing issues
Upstream job id: Generic-VM-Unit-Test-DPDK#32474
Test environment and result as below:
+-------------------------------+----------------+
| Environment | dpdk_unit_test |
+===============================+================+
| Ubuntu 24.04 | FAIL |
+-------------------------------+----------------+
| Red Hat Enterprise Linux 9.5 | FAIL |
+-------------------------------+----------------+
| Red Hat Enterprise Linux 8.10 | WARN |
+-------------------------------+----------------+
| CentOS Stream 9 | FAIL |
+-------------------------------+----------------+
| Fedora Linux 41 | FAIL |
+-------------------------------+----------------+
| Fedora Linux 42 | FAIL |
+-------------------------------+----------------+
| Debian GNU/Linux 12 | FAIL |
+-------------------------------+----------------+
| CentOS Stream 10 | FAIL |
+-------------------------------+----------------+
| Fedora Linux 40 | FAIL |
+-------------------------------+----------------+
| Ubuntu 22.04 | FAIL |
+-------------------------------+----------------+
| Ubuntu 20.04 | FAIL |
+-------------------------------+----------------+
| Windows Server 2022 | PASS |
+-------------------------------+----------------+
==== Unit test summary for Ubuntu 20.04 (dpdk_unit_test): ====
Failed to get the unit test results.
Displaying the unit test results is not supported for some environments,
such as our aarch32 testing, where meson is not used to run the tests.
Download the logs available on our CI site.
==== End log output ====
Ubuntu 24.04
Kernel: 5.15
Compiler: gcc gcc (Ubuntu 13.3.0-6ubuntu2~24.04) 13.3.0
Red Hat Enterprise Linux 9.5
Kernel: 5.15
Compiler: gcc gcc (GCC) 11.5.0 20240719 (Red Hat 11.5.0-2)
Red Hat Enterprise Linux 8.10
Kernel: 5.15
Compiler: gcc gcc (GCC) 8.5.0 20210514 (Red Hat 8.5.0-22)
CentOS Stream 9
Kernel: 5.15
Compiler: gcc gcc (GCC) 11.5.0 20240719 (Red Hat 11.5.0-11)
Fedora Linux 41
Kernel: 5.15
Compiler: clang gcc (GCC) 14.3.1 20250523 (Red Hat 14.3.1-1)
Fedora Linux 42
Kernel: 5.15
Compiler: clang gcc (GCC) 15.2.1 20250808 (Red Hat 15.2.1-1)
Debian GNU/Linux 12
Kernel: 5.15
Compiler: gcc gcc (Debian 12.2.0-14+deb12u1) 12.2.0
CentOS Stream 10
Kernel: 5.15
Compiler: gcc gcc (GCC) 14.2.1 20250110 (Red Hat 14.2.1-8)
Fedora Linux 40
Kernel: 5.15
Compiler: clang gcc (GCC) 14.2.1 20240912 (Red Hat 14.2.1-3)
Ubuntu 22.04
Kernel: 5.15
Compiler: gcc gcc (Ubuntu 11.4.0-1ubuntu1~22.04) 11.4.0
Ubuntu 20.04
Kernel: 5.15
Compiler: gcc gcc (Ubuntu 9.4.0-1ubuntu1~20.04.2) 9.4.0
Windows Server 2022
Kernel: 10.0.20348.2031
Compiler: clang 15.0.7, gcc 14.1.0 (MinGW), and MSVC VS 19.39.33521
To view detailed results, visit:
https://lab.dpdk.org/results/dashboard/patchsets/34541/
UNH-IOL DPDK Community Lab
To manage your email subscriptions, visit:
https://lab.dpdk.org/results/dashboard/preferences/subscriptions/
prev parent reply other threads:[~2025-11-13 10:53 UTC|newest]
Thread overview: 33+ messages / expand[flat|nested] mbox.gz Atom feed top
[not found] <20251111221857.443752-8-stephen@networkplumber.org>
2025-11-11 21:45 ` |SUCCESS| pw158677-158683 [PATCH v2 7/7] test: re-enable format-truncation warnings qemudev
2025-11-11 21:50 ` |FAILURE| " qemudev
2025-11-11 22:20 ` |SUCCESS| pw158683 " checkpatch
2025-11-11 23:04 ` |FAILURE| " 0-day Robot
2025-11-11 23:23 ` |FAILURE| pw158677-158683 [PATCH] [v2,7/7] test: re-enable format-tr dpdklab
2025-11-11 23:26 ` |SUCCESS| " dpdklab
2025-11-11 23:28 ` |FAILURE| " dpdklab
2025-11-11 23:31 ` |SUCCESS| " dpdklab
2025-11-11 23:36 ` |PENDING| " dpdklab
2025-11-11 23:39 ` |FAILURE| " dpdklab
2025-11-11 23:43 ` |WARNING| " dpdklab
2025-11-11 23:49 ` |SUCCESS| " dpdklab
2025-11-11 23:54 ` |PENDING| " dpdklab
2025-11-12 0:08 ` |FAILURE| " dpdklab
2025-11-12 0:13 ` |SUCCESS| " dpdklab
2025-11-12 0:20 ` dpdklab
2025-11-12 0:22 ` |WARNING| " dpdklab
2025-11-12 5:19 ` |FAILURE| " dpdklab
2025-11-12 6:02 ` dpdklab
2025-11-12 6:08 ` dpdklab
2025-11-12 8:41 ` dpdklab
2025-11-12 12:41 ` |SUCCESS| " dpdklab
2025-11-12 12:41 ` dpdklab
2025-11-12 16:29 ` |FAILURE| " dpdklab
2025-11-12 16:56 ` |SUCCESS| " dpdklab
2025-11-12 17:09 ` dpdklab
2025-11-12 17:43 ` dpdklab
2025-11-12 17:59 ` |FAILURE| " dpdklab
2025-11-12 19:00 ` dpdklab
2025-11-12 19:00 ` dpdklab
2025-11-13 9:52 ` dpdklab
2025-11-13 10:50 ` dpdklab
2025-11-13 10:53 ` dpdklab [this message]
Reply instructions:
You may reply publicly to this message via plain-text email
using any one of the following methods:
* Save the following mbox file, import it into your mail client,
and reply-to-all from there: mbox
Avoid top-posting and favor interleaved quoting:
https://en.wikipedia.org/wiki/Posting_style#Interleaved_style
* Reply using the --to, --cc, and --in-reply-to
switches of git-send-email(1):
git send-email \
--in-reply-to=6915b8b3.d40a0220.1afae4.91fdSMTPIN_ADDED_MISSING@mx.google.com \
--to=dpdklab@iol.unh.edu \
--cc=dpdk-test-reports@iol.unh.edu \
--cc=stephen@networkplumber.org \
--cc=test-report@dpdk.org \
/path/to/YOUR_REPLY
https://kernel.org/pub/software/scm/git/docs/git-send-email.html
* If your mail client supports setting the In-Reply-To header
via mailto: links, try the mailto: link
Be sure your reply has a Subject: header at the top and a blank line
before the message body.
This is a public inbox, see mirroring instructions
for how to clone and mirror all data and code used for this inbox;
as well as URLs for NNTP newsgroup(s).