From mboxrd@z Thu Jan 1 00:00:00 1970 Return-Path: Received: from mails.dpdk.org (mails.dpdk.org [217.70.189.124]) by inbox.dpdk.org (Postfix) with ESMTP id 4835E48AF8 for ; Thu, 13 Nov 2025 11:53:41 +0100 (CET) Received: from mails.dpdk.org (localhost [127.0.0.1]) by mails.dpdk.org (Postfix) with ESMTP id 3981A40151; Thu, 13 Nov 2025 11:53:41 +0100 (CET) Received: from mail-qv1-f97.google.com (mail-qv1-f97.google.com [209.85.219.97]) by mails.dpdk.org (Postfix) with ESMTP id DE09D40151 for ; Thu, 13 Nov 2025 11:53:39 +0100 (CET) Received: by mail-qv1-f97.google.com with SMTP id 6a1803df08f44-880570bdef8so5970716d6.3 for ; Thu, 13 Nov 2025 02:53:39 -0800 (PST) DKIM-Signature: v=1; a=rsa-sha256; c=relaxed/relaxed; d=iol.unh.edu; s=unh-iol; t=1763031219; x=1763636019; darn=dpdk.org; h=references:in-reply-to:cc:to:from:subject:message-id:date:from:to :cc:subject:date:message-id:reply-to; bh=nOE+687qiw3rp+09FEUtt+3d3Se4wKn8hBBX2AnzhXo=; b=JxMuV5HkD/Ja8WG0r9s1TvyA5hDc1mpX5Shg2P1T9fw53clKrvUvYL2NxYgDqO3BXP 1s23ARJTw/Lcstippz2HDXmgQZ5ck2GTHnH1wP0wvm92xSsWOdBM7OLLMVd18TNomoCG zcgYkgwmeOP15UJBtalvAh03K1HSsKKTaCjKE= X-Google-DKIM-Signature: v=1; a=rsa-sha256; c=relaxed/relaxed; d=1e100.net; s=20230601; t=1763031219; x=1763636019; h=references:in-reply-to:cc:to:from:subject:message-id:date:x-gm-gg :x-gm-message-state:from:to:cc:subject:date:message-id:reply-to; bh=nOE+687qiw3rp+09FEUtt+3d3Se4wKn8hBBX2AnzhXo=; b=Fuj2FL5uBKdwCVUDeDaoZaRKXhMonTJQPHKblS5q5/F6e5ndNyXfViZOHPvVQGjVlz HPKHZrng33JrqUeEDdP+6LPRcbGM3nzb493/yCVFXI0TnkH6DZDsQ5G7HrogZvKK5653 TpFz/tqmD3ROu40prY+Xokvicchpb/roXTcfdAeD36jelRtQbwu/M+0Z1zSIZl+dpN9r Jvutv17o4zJjlEVuQeDGSir/bd5MhRBBAppuRzneQCscobI7TEClT6RBw31eoGmyDpXD Zw5B7kotaWnyYClfV4u5b3MqQpX7pPAZZpM4NZbOeydH0iStA221hQApWnvCcEq85Jzl 4b4A== X-Gm-Message-State: AOJu0YxnNs1L+rEsjgkjCnOn9htUr+Sg9UcQvJC7rFlizhnEdwnBhUMa visXppvFAMRXUwOuf0VCenV7Mn5omLhQhb//1Dn2wOdOma9j+x9L3UxxPFpVK7ZUvS6RktepXZO L9d212v+omwSUCaS3wOs0n3AL3vZD++4Pp5eTYPRbPcY6 X-Gm-Gg: ASbGncs3/Y8qrXwlMx0l1iF8t/uYKblQ6HD6WqzIilC+RHJRwUbnXGGsxpMrUnWwdmQ ApcAdhta2jSKCcYno++NV4FSJlh+SFK07Z8neN2hLLxQnbw2Op4HagYFHBVSpcjbA8hBBtyi0gT LtB05aZYCoUhX+zsbQ+a/XwnM8uzSdUvgRnArSFwjY6lF7HuF9vadM2gQfk1iHWdVAxQ6tdF8zE A2mTgKXxtHlVprDC4PEpeLue/IpS47V0w5zk/igssYnPBx+b3hlHlyRGPHGPbuymNl6+OniXakR CTPNr0jKw1/+0j1wN/Fn6iUtpMZp34ZX/AVfN6SljtDkymN5p1x2SuaP9piZYG0g/dHQB6yPfB7 Bv8fkQ03cGVgm/wRAGVFct936z/dc3sQ= X-Google-Smtp-Source: AGHT+IFrlzZeXCtf001RlCwS5NUiLvkCA9SDG7CwiZeflbLmj9jkDwFkEn3OJIh0osBE7Vp9oXRwGimHzj1P X-Received: by 2002:a05:6214:234c:b0:87d:9d5a:b092 with SMTP id 6a1803df08f44-88271a50277mr95297636d6.32.1763031219274; Thu, 13 Nov 2025 02:53:39 -0800 (PST) Received: from postal.iol.unh.edu (postal.iol.unh.edu. [132.177.123.84]) by smtp-relay.gmail.com with ESMTPS id 6a1803df08f44-882865b63b6sm1854906d6.33.2025.11.13.02.53.39 (version=TLS1_2 cipher=ECDHE-ECDSA-AES128-GCM-SHA256 bits=128/128); Thu, 13 Nov 2025 02:53:39 -0800 (PST) X-Relaying-Domain: iol.unh.edu Date: Thu, 13 Nov 2025 02:53:39 -0800 (PST) Message-ID: <6915b8b3.d40a0220.1afae4.91fdSMTPIN_ADDED_MISSING@mx.google.com> Received: from [172.21.0.3] (unknown [172.18.0.240]) by postal.iol.unh.edu (Postfix) with ESMTP id F324E6051830; Thu, 13 Nov 2025 05:53:38 -0500 (EST) Subject: |FAILURE| pw158677-158683 [PATCH] [v2,7/7] test: re-enable format-tr From: dpdklab@iol.unh.edu To: Test Report Cc: dpdk-test-reports@iol.unh.edu, Stephen Hemminger In-Reply-To: <20251111221857.443752-8-stephen@networkplumber.org> References: <20251111221857.443752-8-stephen@networkplumber.org> Content-Type: text/plain X-BeenThere: test-report@dpdk.org X-Mailman-Version: 2.1.29 Precedence: list List-Id: automatic DPDK test reports List-Unsubscribe: , List-Archive: List-Post: List-Help: List-Subscribe: , Errors-To: test-report-bounces@dpdk.org Test-Label: iol-unit-amd64-testing Test-Status: FAILURE http://dpdk.org/patch/158683 _Testing issues_ Submitter: Stephen Hemminger Date: Tuesday, November 11 2025 22:17:24 DPDK git baseline: Repo:dpdk Branch: master CommitID:be0112878b4fc3a1b918370ed2fe615c52039d77 158677-158683 --> testing issues Upstream job id: Generic-VM-Unit-Test-DPDK#32474 Test environment and result as below: +-------------------------------+----------------+ | Environment | dpdk_unit_test | +===============================+================+ | Ubuntu 24.04 | FAIL | +-------------------------------+----------------+ | Red Hat Enterprise Linux 9.5 | FAIL | +-------------------------------+----------------+ | Red Hat Enterprise Linux 8.10 | WARN | +-------------------------------+----------------+ | CentOS Stream 9 | FAIL | +-------------------------------+----------------+ | Fedora Linux 41 | FAIL | +-------------------------------+----------------+ | Fedora Linux 42 | FAIL | +-------------------------------+----------------+ | Debian GNU/Linux 12 | FAIL | +-------------------------------+----------------+ | CentOS Stream 10 | FAIL | +-------------------------------+----------------+ | Fedora Linux 40 | FAIL | +-------------------------------+----------------+ | Ubuntu 22.04 | FAIL | +-------------------------------+----------------+ | Ubuntu 20.04 | FAIL | +-------------------------------+----------------+ | Windows Server 2022 | PASS | +-------------------------------+----------------+ ==== Unit test summary for Ubuntu 20.04 (dpdk_unit_test): ==== Failed to get the unit test results. Displaying the unit test results is not supported for some environments, such as our aarch32 testing, where meson is not used to run the tests. Download the logs available on our CI site. ==== End log output ==== Ubuntu 24.04 Kernel: 5.15 Compiler: gcc gcc (Ubuntu 13.3.0-6ubuntu2~24.04) 13.3.0 Red Hat Enterprise Linux 9.5 Kernel: 5.15 Compiler: gcc gcc (GCC) 11.5.0 20240719 (Red Hat 11.5.0-2) Red Hat Enterprise Linux 8.10 Kernel: 5.15 Compiler: gcc gcc (GCC) 8.5.0 20210514 (Red Hat 8.5.0-22) CentOS Stream 9 Kernel: 5.15 Compiler: gcc gcc (GCC) 11.5.0 20240719 (Red Hat 11.5.0-11) Fedora Linux 41 Kernel: 5.15 Compiler: clang gcc (GCC) 14.3.1 20250523 (Red Hat 14.3.1-1) Fedora Linux 42 Kernel: 5.15 Compiler: clang gcc (GCC) 15.2.1 20250808 (Red Hat 15.2.1-1) Debian GNU/Linux 12 Kernel: 5.15 Compiler: gcc gcc (Debian 12.2.0-14+deb12u1) 12.2.0 CentOS Stream 10 Kernel: 5.15 Compiler: gcc gcc (GCC) 14.2.1 20250110 (Red Hat 14.2.1-8) Fedora Linux 40 Kernel: 5.15 Compiler: clang gcc (GCC) 14.2.1 20240912 (Red Hat 14.2.1-3) Ubuntu 22.04 Kernel: 5.15 Compiler: gcc gcc (Ubuntu 11.4.0-1ubuntu1~22.04) 11.4.0 Ubuntu 20.04 Kernel: 5.15 Compiler: gcc gcc (Ubuntu 9.4.0-1ubuntu1~20.04.2) 9.4.0 Windows Server 2022 Kernel: 10.0.20348.2031 Compiler: clang 15.0.7, gcc 14.1.0 (MinGW), and MSVC VS 19.39.33521 To view detailed results, visit: https://lab.dpdk.org/results/dashboard/patchsets/34541/ UNH-IOL DPDK Community Lab To manage your email subscriptions, visit: https://lab.dpdk.org/results/dashboard/preferences/subscriptions/