From mboxrd@z Thu Jan 1 00:00:00 1970 Return-Path: Received: from mails.dpdk.org (mails.dpdk.org [217.70.189.124]) by inbox.dpdk.org (Postfix) with ESMTP id 5C67348AF9 for ; Thu, 13 Nov 2025 12:24:01 +0100 (CET) Received: from mails.dpdk.org (localhost [127.0.0.1]) by mails.dpdk.org (Postfix) with ESMTP id 5842740151; Thu, 13 Nov 2025 12:24:01 +0100 (CET) Received: from mail-pf1-f227.google.com (mail-pf1-f227.google.com [209.85.210.227]) by mails.dpdk.org (Postfix) with ESMTP id 0EE0F40151 for ; Thu, 13 Nov 2025 12:23:58 +0100 (CET) Received: by mail-pf1-f227.google.com with SMTP id d2e1a72fcca58-7aad4823079so644005b3a.0 for ; Thu, 13 Nov 2025 03:23:57 -0800 (PST) DKIM-Signature: v=1; a=rsa-sha256; c=relaxed/relaxed; d=iol.unh.edu; s=unh-iol; t=1763033037; x=1763637837; darn=dpdk.org; h=cc:to:from:subject:message-id:date:from:to:cc:subject:date :message-id:reply-to; bh=ngdco3zSmccWFEcZZTFZvw75wtS+pswtj2ms/r/C3CI=; b=KNNnTj9uG75SAL2oK7pZ9c7zEQ+EPU2FcOpDHaqBDao6A5efJidwauWI2aKj4l4mO/ XqbeVloLVX8XbhRKhWRCr7wsE3RDHwwDbjSSPOr8PEP/6U0xQduvRGFyfhnizoOUSCpu oP7GWf0RWzYWs/fOUEQcGlbvbQeJK7YK5CGPM= X-Google-DKIM-Signature: v=1; a=rsa-sha256; c=relaxed/relaxed; d=1e100.net; s=20230601; t=1763033037; x=1763637837; h=cc:to:from:subject:message-id:date:x-gm-gg:x-gm-message-state:from :to:cc:subject:date:message-id:reply-to; bh=ngdco3zSmccWFEcZZTFZvw75wtS+pswtj2ms/r/C3CI=; b=H0I+CegHbRQXedeoOhKGcul/4TEQuKEX9ET13pvjwO/ZXHL1k+xvifP59nrWXvHSbz 3uCv/o7fxkbh0hGUuoe1WlySC0jsACvsieIZUijlXeTew5hS4GS7StRAxNEKjMXsBEk2 x2iW+cVy2hzXdXybJEbdcKaylS0BSAruiIlE/r8Y7nhsKS1AeJjt+eB8ytfS2MBVlk+8 oM11UqZqrHjtZIDhhiTWoGdJPBhiuXxzjU8VPJJyewl9t1mx99yYq/0pFxxRrfUIJ1ct ZtcllQmnSRoB+FrDLTZhQafHoSoSywWouQYInR77jPfnCI6hzo0Jam9hInnxZwp0Ee3E 80oA== X-Gm-Message-State: AOJu0Yw21ny3RBEAi5TAna0+LQfMIcZ1G2nQeWjy4ergPClRiwOcIXva rwD5GftrUtg/kU1rKwmI4bGZkTlHNxnoJAHT4pvbo0cEPccSV4WpYjkmDAyDF3sSf7befTn9h5s gFJdKWAxEc16BIZdkW7haFMQE7MsuN9K8kyy/ X-Gm-Gg: ASbGncvW7dUJCs/Ukmj/XNiwWSzNYIddSLSxPkucu9kvRMbiZbG3TRpg+GpVdMJeM+4 n845HZ87ArygLvt74E0dujNsfFP5julDv8kcc5kJhbJoC0X8dtMAnJFrsOi2E4NHPCLjcZ2IM0X XuYuAeh3DO4+qY34D9uNFXNn3qCO7kDv1mx3g5aSSu6thlW9m0kFhBXCOwVEgWaOauiisRX23aS p9rKe4gRSPomYWfNzV5PkGwwDbe9q1F80dMsZhP8yEn2GrFMRMN6zwGgR0mesC2Ucn/ny5bntnZ f/u4SwBiO7c1yeIMA34SVRqfm8+eiuVlTy5dP0kdbh9DEMEG9mavsL7b5Ms3Ote/FCMG2+NpJ9v rrH5K5a7kUVboH92UgU9L2FAMenLt62I= X-Google-Smtp-Source: AGHT+IHE0PZd8ug7ZoJ4+dbSwWxir8L4Mn49rdrP/miNZDmPL3egNHtAt41N1q6Rp9ilmDNv4FZ2xt056V3j X-Received: by 2002:a05:6a00:2171:b0:7b8:c7f7:645e with SMTP id d2e1a72fcca58-7b8c7f77f24mr3145277b3a.17.1763033037218; Thu, 13 Nov 2025 03:23:57 -0800 (PST) Received: from postal.iol.unh.edu (postal.iol.unh.edu. [132.177.123.84]) by smtp-relay.gmail.com with ESMTPS id d2e1a72fcca58-7b928806e14sm132814b3a.11.2025.11.13.03.23.57 (version=TLS1_2 cipher=ECDHE-ECDSA-AES128-GCM-SHA256 bits=128/128); Thu, 13 Nov 2025 03:23:57 -0800 (PST) X-Relaying-Domain: iol.unh.edu Date: Thu, 13 Nov 2025 03:23:57 -0800 (PST) Message-ID: <6915bfcd.a70a0220.50c66.6759SMTPIN_ADDED_MISSING@mx.google.com> Received: from [172.21.0.4] (unknown [172.18.0.240]) by postal.iol.unh.edu (Postfix) with ESMTP id C7DC66051830; Thu, 13 Nov 2025 06:23:55 -0500 (EST) Subject: |FAILURE| [GIT MASTER] 62f583c49bf67dd4d6733ece14e55fe6839e66d1 From: dpdklab@iol.unh.edu To: Test Report Cc: dpdk-test-reports@iol.unh.edu, Xueming Li , Christian Ehrhardt , Kevin Traynor , Luca Boccassi Content-Type: text/plain X-BeenThere: test-report@dpdk.org X-Mailman-Version: 2.1.29 Precedence: list List-Id: automatic DPDK test reports List-Unsubscribe: , List-Archive: List-Post: List-Help: List-Subscribe: , Errors-To: test-report-bounces@dpdk.org _Testing issues_ Branch: tags/v23.11 62f583c49bf67dd4d6733ece14e55fe6839e66d1 --> testing issues Upstream job id: Windows-Compile-DPDK-VS#7510 Test environment and result as below: +-------------------------------+--------------------+------------------+-------------------+ | Environment | dpdk_meson_compile | dpdk_compile_ovs | dpdk_msvc_compile | +===============================+====================+==================+===================+ | Ubuntu 20.04 | PASS | SKIPPED | SKIPPED | +-------------------------------+--------------------+------------------+-------------------+ | FreeBSD 14.2 | PASS | SKIPPED | SKIPPED | +-------------------------------+--------------------+------------------+-------------------+ | CentOS Stream 9 | PASS | SKIPPED | SKIPPED | +-------------------------------+--------------------+------------------+-------------------+ | CentOS Stream 10 | PASS | SKIPPED | SKIPPED | +-------------------------------+--------------------+------------------+-------------------+ | Debian GNU/Linux 12 | PASS | SKIPPED | SKIPPED | +-------------------------------+--------------------+------------------+-------------------+ | Fedora Linux 42 | FAIL | WARN | SKIPPED | +-------------------------------+--------------------+------------------+-------------------+ | openSUSE Leap 15.6 | PASS | SKIPPED | SKIPPED | +-------------------------------+--------------------+------------------+-------------------+ | Red Hat Enterprise Linux 8.10 | PASS | SKIPPED | SKIPPED | +-------------------------------+--------------------+------------------+-------------------+ | Red Hat Enterprise Linux 9.5 | PASS | SKIPPED | SKIPPED | +-------------------------------+--------------------+------------------+-------------------+ | Ubuntu 22.04 | PASS | SKIPPED | SKIPPED | +-------------------------------+--------------------+------------------+-------------------+ | Ubuntu 24.04 | PASS | PASS | SKIPPED | +-------------------------------+--------------------+------------------+-------------------+ | Alpine Linux 3.22.0 | PASS | SKIPPED | SKIPPED | +-------------------------------+--------------------+------------------+-------------------+ | Windows Server 2022 | SKIPPED | SKIPPED | PASS | +-------------------------------+--------------------+------------------+-------------------+ ==== 20 line log output for Fedora Linux 42 (dpdk_compile_ovs): ==== --- Failed to get log output --- ==== End log output ==== Ubuntu 20.04 Kernel: 4.19 Compiler: gcc gcc (Ubuntu 9.4.0-1ubuntu1~20.04.2) 9.4.0 FreeBSD 14.2 Kernel: 14.2-RELEASE Compiler: clang 18.1.6 CentOS Stream 9 Kernel: 5.15 Compiler: gcc gcc (GCC) 11.5.0 20240719 (Red Hat 11.5.0-11) CentOS Stream 10 Kernel: 5.15 Compiler: gcc gcc (GCC) 14.2.1 20250110 (Red Hat 14.2.1-8) Debian GNU/Linux 12 Kernel: 5.15 Compiler: gcc gcc (Debian 12.2.0-14+deb12u1) 12.2.0 Fedora Linux 42 Kernel: 5.15 Compiler: clang gcc (GCC) 15.2.1 20250808 (Red Hat 15.2.1-1) openSUSE Leap 15.6 Kernel: 5.15 Compiler: gcc gcc (SUSE Linux) 7.5.0 Red Hat Enterprise Linux 8.10 Kernel: 5.15 Compiler: gcc gcc (GCC) 8.5.0 20210514 (Red Hat 8.5.0-22) Red Hat Enterprise Linux 9.5 Kernel: 5.15 Compiler: gcc gcc (GCC) 11.5.0 20240719 (Red Hat 11.5.0-2) Ubuntu 22.04 Kernel: 5.15 Compiler: gcc gcc (Ubuntu 11.4.0-1ubuntu1~22.04) 11.4.0 Ubuntu 24.04 Kernel: 5.15 Compiler: gcc gcc (Ubuntu 13.3.0-6ubuntu2~24.04) 13.3.0 Alpine Linux 3.22.0 Kernel: 5.15 Compiler: gcc gcc (Alpine 14.2.0) 14.2.0 Windows Server 2022 Kernel: 10.0.20348.2031 Compiler: clang 15.0.7, gcc 14.1.0 (MinGW), and MSVC VS 19.39.33521 To view detailed results, visit: https://lab.dpdk.org/results/dashboard/tarballs/35550/ UNH-IOL DPDK Community Lab To manage your email subscriptions, visit: https://lab.dpdk.org/results/dashboard/preferences/subscriptions/