* |SUCCESS| pw158753 [PATCH] net/intel: rename variable in Rx select to improve clarity
[not found] <20251113103012.3782264-1-ciara.loftus@intel.com>
@ 2025-11-13 10:00 ` qemudev
2025-11-13 10:08 ` |FAILURE| " qemudev
` (15 subsequent siblings)
16 siblings, 0 replies; 17+ messages in thread
From: qemudev @ 2025-11-13 10:00 UTC (permalink / raw)
To: test-report
Test-Label: loongarch-compilation
Test-Status: SUCCESS
http://dpdk.org/patch/158753
_Compilation OK_
Submitter: Ciara Loftus <ciara.loftus@intel.com>
Date: Thu, 13 Nov 2025 10:30:12 +0000
DPDK git baseline: Repo:dpdk-next-net-intel
Branch: main
CommitID: c63646d076330fb2ef3282cbd413aaf93f0509e6
158753 --> meson & ninja build successfully
Test environment and result as below:
+---------------------+----------------+
| Environment | compilation |
+---------------------+----------------+
| Loongnix-Server 8.3 | PASS |
+---------------------+----------------+
Loongnix-Server 8.3
Kernel: 4.19.190+
Compiler: gcc 8.3
^ permalink raw reply [flat|nested] 17+ messages in thread* |FAILURE| pw158753 [PATCH] net/intel: rename variable in Rx select to improve clarity
[not found] <20251113103012.3782264-1-ciara.loftus@intel.com>
2025-11-13 10:00 ` |SUCCESS| pw158753 [PATCH] net/intel: rename variable in Rx select to improve clarity qemudev
@ 2025-11-13 10:08 ` qemudev
2025-11-13 10:31 ` |SUCCESS| " checkpatch
` (14 subsequent siblings)
16 siblings, 0 replies; 17+ messages in thread
From: qemudev @ 2025-11-13 10:08 UTC (permalink / raw)
To: test-report; +Cc: Ciara Loftus, maobibo
Test-Label: loongarch-unit-testing
Test-Status: FAILURE
http://dpdk.org/patch/158753
_Unit Testing FAIL_
Submitter: Ciara Loftus <ciara.loftus@intel.com>
Date: Thu, 13 Nov 2025 10:30:12 +0000
DPDK git baseline: Repo:dpdk-next-net-intel
Branch: main
CommitID: c63646d076330fb2ef3282cbd413aaf93f0509e6
158753 --> testing fail
Test environment and result as below:
+---------------------+----------------+
| Environment | dpdk_unit_test |
+---------------------+----------------+
| Loongnix-Server 8.3 | FAIL |
+---------------------+----------------+
Loongnix-Server 8.3
Kernel: 4.19.190+
Compiler: gcc 8.3
Test result details:
1/120 DPDK:fast-tests / acl_autotest OK 3.19s
2/120 DPDK:fast-tests / alarm_autotest OK 1.48s
3/120 DPDK:fast-tests / argparse_autotest OK 0.49s
4/120 DPDK:fast-tests / atomic_autotest OK 6.92s
5/120 DPDK:fast-tests / bitcount_autotest OK 0.21s
6/120 DPDK:fast-tests / bitmap_autotest OK 0.21s
7/120 DPDK:fast-tests / bitops_autotest OK 1.71s
8/120 DPDK:fast-tests / bitratestats_autotest OK 0.21s
9/120 DPDK:fast-tests / bitset_autotest OK 2.90s
10/120 DPDK:fast-tests / bpf_autotest OK 0.21s
11/120 DPDK:fast-tests / bpf_convert_autotest OK 0.21s
12/120 DPDK:fast-tests / byteorder_autotest OK 0.21s
13/120 DPDK:fast-tests / cfgfile_autotest OK 0.21s
14/120 DPDK:fast-tests / cksum_autotest OK 0.21s
15/120 DPDK:fast-tests / cmdline_autotest OK 0.21s
16/120 DPDK:fast-tests / common_autotest OK 1.09s
17/120 DPDK:fast-tests / compressdev_autotest SKIP 0.07s exit status 77
18/120 DPDK:fast-tests / cpuflags_autotest OK 0.21s
19/120 DPDK:fast-tests / crc_autotest OK 0.21s
20/120 DPDK:fast-tests / user_delay_us OK 0.21s
21/120 DPDK:fast-tests / debug_autotest OK 12.54s
22/120 DPDK:fast-tests / devargs_autotest OK 0.21s
23/120 DPDK:fast-tests / dispatcher_autotest OK 2.51s
24/120 DPDK:fast-tests / distributor_autotest OK 1.20s
25/120 DPDK:fast-tests / eal_flags_c_opt_autotest OK 1.06s
26/120 DPDK:fast-tests / eal_flags_main_opt_autotest OK 0.27s
27/120 DPDK:fast-tests / eal_flags_n_opt_autotest OK 0.24s
28/120 DPDK:fast-tests / eal_flags_hpet_autotest OK 0.15s
29/120 DPDK:fast-tests / eal_flags_no_huge_autotest OK 0.24s
30/120 DPDK:fast-tests / eal_flags_a_opt_autotest OK 0.39s
31/120 DPDK:fast-tests / eal_flags_b_opt_autotest OK 0.32s
32/120 DPDK:fast-tests / eal_flags_vdev_opt_autotest OK 0.23s
33/120 DPDK:fast-tests / eal_flags_r_opt_autotest OK 0.24s
34/120 DPDK:fast-tests / eal_flags_mem_autotest OK 0.68s
35/120 DPDK:fast-tests / eal_flags_file_prefix_autotest OK 22.27s
36/120 DPDK:fast-tests / eal_flags_misc_autotest OK 1.29s
37/120 DPDK:fast-tests / eal_fs_autotest OK 0.21s
38/120 DPDK:fast-tests / errno_autotest OK 0.21s
39/120 DPDK:fast-tests / ethdev_link_status OK 0.21s
40/120 DPDK:fast-tests / event_eth_tx_adapter_autotest OK 1.69s
41/120 DPDK:fast-tests / event_ring_autotest OK 0.22s
42/120 DPDK:fast-tests / eventdev_common_autotest OK 0.21s
43/120 DPDK:fast-tests / eventdev_selftest_sw TIMEOUT 200.11s exit status -15
44/120 DPDK:fast-tests / fbarray_autotest OK 0.22s
45/120 DPDK:fast-tests / fib_autotest OK 1.29s
46/120 DPDK:fast-tests / fib6_autotest OK 1.29s
47/120 DPDK:fast-tests / func_reentrancy_autotest OK 2.23s
48/120 DPDK:fast-tests / graph_autotest OK 0.55s
49/120 DPDK:fast-tests / node_list_dump OK 0.54s
50/120 DPDK:fast-tests / graph_feature_arc_autotest OK 0.54s
51/120 DPDK:fast-tests / hash_autotest OK 1.16s
52/120 DPDK:fast-tests / hash_readwrite_func_autotest OK 0.12s
53/120 DPDK:fast-tests / interrupt_autotest OK 1.84s
54/120 DPDK:fast-tests / ipfrag_autotest OK 0.08s
55/120 DPDK:fast-tests / ipsec_autotest SKIP 0.54s exit status 77
56/120 DPDK:fast-tests / kvargs_autotest OK 0.54s
57/120 DPDK:fast-tests / latencystats_autotest OK 0.54s
58/120 DPDK:fast-tests / lcore_var_autotest OK 0.69s
59/120 DPDK:fast-tests / lcores_autotest OK 5.33s
60/120 DPDK:fast-tests / logs_autotest OK 0.54s
61/120 DPDK:fast-tests / lpm_autotest OK 2.59s
62/120 DPDK:fast-tests / lpm6_autotest OK 5.71s
63/120 DPDK:fast-tests / malloc_autotest OK 64.44s
64/120 DPDK:fast-tests / mbuf_autotest OK 4.97s
65/120 DPDK:fast-tests / mcslock_autotest OK 3.32s
66/120 DPDK:fast-tests / member_autotest OK 1.73s
67/120 DPDK:fast-tests / memcpy_autotest OK 6.98s
68/120 DPDK:fast-tests / memory_autotest OK 0.11s
69/120 DPDK:fast-tests / mempool_autotest OK 0.45s
70/120 DPDK:fast-tests / memzone_autotest OK 0.15s
71/120 DPDK:fast-tests / meter_autotest OK 0.54s
72/120 DPDK:fast-tests / metrics_autotest OK 0.54s
73/120 DPDK:fast-tests / multiprocess_autotest OK 0.23s
74/120 DPDK:fast-tests / net_ether_autotest OK 1.21s
75/120 DPDK:fast-tests / net_ipv6_autotest OK 0.54s
76/120 DPDK:fast-tests / pcapng_autotest OK 6.75s
77/120 DPDK:fast-tests / pdcp_autotest SKIP 0.07s exit status 77
78/120 DPDK:fast-tests / pdump_autotest OK 0.67s
79/120 DPDK:fast-tests / per_lcore_autotest OK 0.64s
80/120 DPDK:fast-tests / pflock_autotest OK 1.35s
81/120 DPDK:fast-tests / pie_autotest OK 0.54s
82/120 DPDK:fast-tests / ring_pmd_autotest OK 0.54s
83/120 DPDK:fast-tests / power_autotest OK 0.54s
84/120 DPDK:fast-tests / power_cpufreq_autotest SKIP 0.07s exit status 77
85/120 DPDK:fast-tests / power_intel_uncore_autotest SKIP 0.54s exit status 77
86/120 DPDK:fast-tests / power_kvm_vm_autotest SKIP 0.07s exit status 77
87/120 DPDK:fast-tests / prefetch_autotest OK 0.54s
88/120 DPDK:fast-tests / ptr_compress_autotest OK 0.54s
89/120 DPDK:fast-tests / rawdev_autotest OK 0.54s
90/120 DPDK:fast-tests / rcu_qsbr_autotest OK 1.06s
91/120 DPDK:fast-tests / reorder_autotest OK 0.60s
92/120 DPDK:fast-tests / rib_autotest OK 9.19s
93/120 DPDK:fast-tests / rib6_autotest OK 9.18s
94/120 DPDK:fast-tests / ring_autotest OK 0.58s
95/120 DPDK:fast-tests / rwlock_test1_autotest OK 1.29s
96/120 DPDK:fast-tests / rwlock_rda_autotest OK 5.54s
97/120 DPDK:fast-tests / rwlock_rds_wrm_autotest OK 5.54s
98/120 DPDK:fast-tests / rwlock_rde_wro_autotest OK 5.54s
99/120 DPDK:fast-tests / sched_autotest OK 0.54s
100/120 DPDK:fast-tests / security_autotest OK 0.07s
101/120 DPDK:fast-tests / seqlock_autotest OK 2.54s
102/120 DPDK:fast-tests / service_autotest OK 3.24s
103/120 DPDK:fast-tests / soring_autotest OK 0.54s
104/120 DPDK:fast-tests / spinlock_autotest OK 0.62s
105/120 DPDK:fast-tests / stack_autotest OK 0.87s
106/120 DPDK:fast-tests / stack_lf_autotest SKIP 0.07s exit status 77
107/120 DPDK:fast-tests / string_autotest OK 0.54s
108/120 DPDK:fast-tests / table_autotest OK 7.99s
109/120 DPDK:fast-tests / tailq_autotest OK 0.54s
110/120 DPDK:fast-tests / telemetry_data_autotest OK 0.53s
111/120 DPDK:fast-tests / telemetry_json_autotest OK 0.54s
112/120 DPDK:fast-tests / thash_autotest OK 0.55s
113/120 DPDK:fast-tests / threads_autotest OK 0.72s
114/120 DPDK:fast-tests / ticketlock_autotest OK 0.70s
115/120 DPDK:fast-tests / timer_autotest OK 3.96s
116/120 DPDK:fast-tests / trace_autotest OK 0.54s
117/120 DPDK:fast-tests / trace_autotest_with_traces OK 0.54s
118/120 DPDK:fast-tests / vdev_autotest OK 0.54s
119/120 DPDK:fast-tests / version_autotest OK 0.54s
120/120 DPDK:fast-tests / telemetry_all OK 19.44s
Ok: 112
Expected Fail: 0
Fail: 0
Unexpected Pass: 0
Skipped: 7
Timeout: 1
Test logs for failed test cases:
================================================================================
DPDK:fast-tests / eventdev_selftest_sw: TIMEOUT
================================================================================
-------------------------------------stdout-------------------------------------
RTE>>eventdev_selftest_sw
*** Running Single Directed Packet test...
*** Running Directed Forward Credit test...
*** Running Single Load Balanced Packet test...
*** Running Unordered Basic test...
*** Running Ordered Basic test...
*** Running Burst Packets test...
*** Running Load Balancing test...
*** Running Prioritized Directed test...
*** Running Prioritized Atomic test...
*** Running Prioritized Ordered test...
*** Running Prioritized Unordered test...
*** Running Invalid QID test...
*** Running Load Balancing History test...
*** Running Inflight Count test...
*** Running Abuse Inflights test...
*** Running XStats test...
*** Running XStats ID Reset test...
*** Running XStats Brute Force test...
*** Running XStats ID Abuse test...
*** Running QID Priority test...
*** Running Unlink-in-progress test...
*** Running Ordered Reconfigure test...
*** Running Port LB Single Reconfig test...
*** Running Port Reconfig Credits test...
*** Running Head-of-line-blocking test...
*** Running Stop Flush test...
*** Running Ordered & Atomic hist-list completion test...
*** Running Worker loopback test...
3162: Producer function started
3102: Worker function started
3278: Sched Rx = 4781376, Tx = 4780896
3278: Sched Rx = 9562080, Tx = 9561600
3278: Sched Rx = 14362272, Tx = 14361792
*** Running Worker loopback test (implicit release disabled)...
3162: Producer function started
3102: Worker function started
3278: Sched Rx = 4838304, Tx = 4837824
3278: Sched Rx = 9716576, Tx = 9716096
3278: Sched Rx = 14576448, Tx = 14575968
3278: Sched Rx = 16777088, Tx = 16777088
3278: Sched Rx = 16777088, Tx = 16777088
3278: Sched Rx = 16777088, Tx = 16777088
3278: Sched Rx = 16777088, Tx = 16777088
3278: Sched Rx = 16777088, Tx = 16777088
EventDev event_sw: ports 2, qids 8
rx 16777088
drop 0
tx 16777088
sched calls: 24517371
sched cq/qid call: 26134367
sched no IQ enq: 24041414
sched no CQ enq: 23993087
inflight 64, credits: 4032
Port 0
rx 131071 drop 0 tx 0 ^[[0minflight 0^[[0m
Max New: 512 Avg cycles PP: 0 Credits: 0
Receive burst distribution:
0:nan%
^[[0mrx ring used: 0 free: 4096^[[0m
^[[0mcq ring used: 0 free: 32^[[0m
Port 1
rx 16646017 drop 0 tx 16777088 ^[[0minflight 0^[[0m
Max New: 4096 Avg cycles PP: 5 Credits: 63
Receive burst distribution:
0:100% 29-32:0.19%
^[[0mrx ring used: 0 free: 4096^[[0m
^[[0mcq ring used: 0 free: 32^[[0m
Queue 0 (Atomic)
rx 2097136 drop 0 tx 2097136
Per Port Stats:
Port 0: Pkts: 0 Flows: 0
Port 1: Pkts: 2097136 Flows: 0
-- iqs empty --
Queue 1 (Atomic)
rx 2097136 drop 0 tx 2097136
Per Port Stats:
Port 0: Pkts: 0 Flows: 0
Port 1: Pkts: 2097136 Flows: 0
-- iqs empty --
Queue 2 (Atomic)
rx 2097136 drop 0 tx 2097136
Per Port Stats:
Port 0: Pkts: 0 Flows: 0
Port 1: Pkts: 2097136 Flows: 0
-- iqs empty --
Queue 3 (Atomic)
rx 2097136 drop 0 tx 2097136
Per Port Stats:
Port 0: Pkts: 0 Flows: 0
Port 1: Pkts: 2097136 Flows: 0
-- iqs empty --
Queue 4 (Atomic)
rx 2097136 drop 0 tx 2097136
Per Port Stats:
Port 0: Pkts: 0 Flows: 0
Port 1: Pkts: 2097136 Flows: 0
-- iqs empty --
Queue 5 (Atomic)
rx 2097136 drop 0 tx 2097136
Per Port Stats:
Port 0: Pkts: 0 Flows: 0
Port 1: Pkts: 2097136 Flows: 0
-- iqs empty --
Queue 6 (Atomic)
rx 2097136 drop 0 tx 2097136
Per Port Stats:
Port 0: Pkts: 0 Flows: 0
Port 1: Pkts: 2097136 Flows: 0
-- iqs empty --
Queue 7 (Atomic)
rx 2097136 drop 0 tx 2097136
Per Port Stats:
Port 0: Pkts: 0 Flows: 0
Port 1: Pkts: 2097136 Flows: 0
-- iqs empty --
Dumping xstats:
0 : dev_rx : 16777088
1 : dev_tx : 16777088
2 : dev_drop : 0
3 : dev_sched_calls : 24517371
4 : dev_sched_no_iq_enq : 24041414
5 : dev_sched_no_cq_enq : 23993087
6 : dev_sched_last_iter_bitmask : 0
7 : dev_sched_progress_last_iter : 0
3290: No schedules for seconds, deadlock
ERROR - Worker loopback test FAILED.
SW Eventdev Selftest Failed.
Test Failed
RTE>>
-------------------------------------stderr-------------------------------------
EAL: Detected CPU lcores: 32
EAL: Detected NUMA nodes: 8
EAL: Detected static linkage of DPDK
EAL: Multi-process socket /var/run/dpdk/rte/mp_socket
EAL: Selected IOVA mode 'VA'
APP: HPET is not enabled, using TSC as default timer
^ permalink raw reply [flat|nested] 17+ messages in thread* |SUCCESS| pw158753 [PATCH] net/intel: rename variable in Rx select to improve clarity
[not found] <20251113103012.3782264-1-ciara.loftus@intel.com>
2025-11-13 10:00 ` |SUCCESS| pw158753 [PATCH] net/intel: rename variable in Rx select to improve clarity qemudev
2025-11-13 10:08 ` |FAILURE| " qemudev
@ 2025-11-13 10:31 ` checkpatch
2025-11-13 11:23 ` |SUCCESS| pw158753 [PATCH] net/intel: rename variable in Rx select t dpdklab
` (13 subsequent siblings)
16 siblings, 0 replies; 17+ messages in thread
From: checkpatch @ 2025-11-13 10:31 UTC (permalink / raw)
To: test-report
Test-Label: checkpatch
Test-Status: SUCCESS
http://dpdk.org/patch/158753
_coding style OK_
^ permalink raw reply [flat|nested] 17+ messages in thread* |SUCCESS| pw158753 [PATCH] net/intel: rename variable in Rx select t
[not found] <20251113103012.3782264-1-ciara.loftus@intel.com>
` (2 preceding siblings ...)
2025-11-13 10:31 ` |SUCCESS| " checkpatch
@ 2025-11-13 11:23 ` dpdklab
2025-11-13 11:24 ` dpdklab
` (12 subsequent siblings)
16 siblings, 0 replies; 17+ messages in thread
From: dpdklab @ 2025-11-13 11:23 UTC (permalink / raw)
To: Test Report; +Cc: dpdk-test-reports, Bruce Richardson
Test-Label: iol-compile-amd64-testing
Test-Status: SUCCESS
http://dpdk.org/patch/158753
_Testing PASS_
Submitter: Ciara Loftus <ciara.loftus@intel.com>
Date: Thursday, November 13 2025 10:30:12
DPDK git baseline: Repo:dpdk-next-net-intel
Branch: master
CommitID:123703be5bdd0fa45e4fda14f36a0d941d1f7e63
158753 --> testing pass
Upstream job id: Generic-VM-DPDK-Compile-Meson#39722
Test environment and result as below:
+--------------+--------------------+
| Environment | dpdk_meson_compile |
+==============+====================+
| Ubuntu 20.04 | PASS |
+--------------+--------------------+
Ubuntu 20.04
Kernel: 4.19
Compiler: gcc gcc (Ubuntu 9.4.0-1ubuntu1~20.04.2) 9.4.0
To view detailed results, visit:
https://lab.dpdk.org/results/dashboard/patchsets/34570/
UNH-IOL DPDK Community Lab
To manage your email subscriptions, visit:
https://lab.dpdk.org/results/dashboard/preferences/subscriptions/
^ permalink raw reply [flat|nested] 17+ messages in thread* |SUCCESS| pw158753 [PATCH] net/intel: rename variable in Rx select t
[not found] <20251113103012.3782264-1-ciara.loftus@intel.com>
` (3 preceding siblings ...)
2025-11-13 11:23 ` |SUCCESS| pw158753 [PATCH] net/intel: rename variable in Rx select t dpdklab
@ 2025-11-13 11:24 ` dpdklab
2025-11-13 11:42 ` dpdklab
` (11 subsequent siblings)
16 siblings, 0 replies; 17+ messages in thread
From: dpdklab @ 2025-11-13 11:24 UTC (permalink / raw)
To: Test Report; +Cc: dpdk-test-reports, Bruce Richardson
Test-Label: iol-mellanox-Functional
Test-Status: SUCCESS
http://dpdk.org/patch/158753
_Functional Testing PASS_
Submitter: Ciara Loftus <ciara.loftus@intel.com>
Date: Thursday, November 13 2025 10:30:12
DPDK git baseline: Repo:dpdk-next-net-intel
Branch: master
CommitID:123703be5bdd0fa45e4fda14f36a0d941d1f7e63
158753 --> functional testing pass
Upstream job id: Template-DPDK-DTS-Pipeline#3237
Test environment and result as below:
Ubuntu 24.04
Kernel: 6.8.0-55-generic
Compiler: gcc 13.3.0
NIC: Mellanox ConnectX-5 100000 Mbps
Aggregate Results by Test Suite
+---------------------------------+--------+
| Test Suite | Result |
+=================================+========+
| blocklist | PASS |
+---------------------------------+--------+
| promisc_support | PASS |
+---------------------------------+--------+
| uni_pkt | PASS |
+---------------------------------+--------+
| dynamic_config | PASS |
+---------------------------------+--------+
| hello_world | PASS |
+---------------------------------+--------+
| l2fwd | PASS |
+---------------------------------+--------+
| port_restart_config_persistency | PASS |
+---------------------------------+--------+
| softnic | PASS |
+---------------------------------+--------+
| vlan | PASS |
+---------------------------------+--------+
To view detailed results, visit:
https://lab.dpdk.org/results/dashboard/patchsets/34570/
UNH-IOL DPDK Community Lab
To manage your email subscriptions, visit:
https://lab.dpdk.org/results/dashboard/preferences/subscriptions/
^ permalink raw reply [flat|nested] 17+ messages in thread* |SUCCESS| pw158753 [PATCH] net/intel: rename variable in Rx select t
[not found] <20251113103012.3782264-1-ciara.loftus@intel.com>
` (4 preceding siblings ...)
2025-11-13 11:24 ` dpdklab
@ 2025-11-13 11:42 ` dpdklab
2025-11-13 11:52 ` dpdklab
` (10 subsequent siblings)
16 siblings, 0 replies; 17+ messages in thread
From: dpdklab @ 2025-11-13 11:42 UTC (permalink / raw)
To: Test Report; +Cc: dpdk-test-reports, Bruce Richardson
Test-Label: iol-marvell-Functional
Test-Status: SUCCESS
http://dpdk.org/patch/158753
_Functional Testing PASS_
Submitter: Ciara Loftus <ciara.loftus@intel.com>
Date: Thursday, November 13 2025 10:30:12
DPDK git baseline: Repo:dpdk-next-net-intel
Branch: master
CommitID:123703be5bdd0fa45e4fda14f36a0d941d1f7e63
158753 --> functional testing pass
Upstream job id: Template-DTS-Pipeline#254584
Test environment and result as below:
Ubuntu 20.04.6
Kernel: 5.4.105
Compiler: gcc 9.4
NIC: Marvell CN106XX 50000 Mbps
Target: arm64-native-linuxapp-gcc
Aggregate Results by Test Suite
+----------------+--------+
| Test Suite | Result |
+================+========+
| cmdline | PASS |
+----------------+--------+
| rxtx_callbacks | PASS |
+----------------+--------+
To view detailed results, visit:
https://lab.dpdk.org/results/dashboard/patchsets/34570/
UNH-IOL DPDK Community Lab
To manage your email subscriptions, visit:
https://lab.dpdk.org/results/dashboard/preferences/subscriptions/
^ permalink raw reply [flat|nested] 17+ messages in thread* |SUCCESS| pw158753 [PATCH] net/intel: rename variable in Rx select t
[not found] <20251113103012.3782264-1-ciara.loftus@intel.com>
` (5 preceding siblings ...)
2025-11-13 11:42 ` dpdklab
@ 2025-11-13 11:52 ` dpdklab
2025-11-13 12:11 ` dpdklab
` (9 subsequent siblings)
16 siblings, 0 replies; 17+ messages in thread
From: dpdklab @ 2025-11-13 11:52 UTC (permalink / raw)
To: Test Report; +Cc: dpdk-test-reports, Bruce Richardson
Test-Label: iol-compile-amd64-testing
Test-Status: SUCCESS
http://dpdk.org/patch/158753
_Testing PASS_
Submitter: Ciara Loftus <ciara.loftus@intel.com>
Date: Thursday, November 13 2025 10:30:12
DPDK git baseline: Repo:dpdk-next-net-intel
Branch: master
CommitID:123703be5bdd0fa45e4fda14f36a0d941d1f7e63
158753 --> testing pass
Upstream job id: Generic-VM-DPDK-Compile-Meson#39723
Test environment and result as below:
+--------------+--------------------+
| Environment | dpdk_meson_compile |
+==============+====================+
| Ubuntu 20.04 | PASS |
+--------------+--------------------+
| FreeBSD 14.2 | PASS |
+--------------+--------------------+
Ubuntu 20.04
Kernel: 4.19
Compiler: gcc gcc (Ubuntu 9.4.0-1ubuntu1~20.04.2) 9.4.0
FreeBSD 14.2
Kernel: 14.2-RELEASE
Compiler: clang 18.1.6
To view detailed results, visit:
https://lab.dpdk.org/results/dashboard/patchsets/34570/
UNH-IOL DPDK Community Lab
To manage your email subscriptions, visit:
https://lab.dpdk.org/results/dashboard/preferences/subscriptions/
^ permalink raw reply [flat|nested] 17+ messages in thread* |SUCCESS| pw158753 [PATCH] net/intel: rename variable in Rx select t
[not found] <20251113103012.3782264-1-ciara.loftus@intel.com>
` (6 preceding siblings ...)
2025-11-13 11:52 ` dpdklab
@ 2025-11-13 12:11 ` dpdklab
2025-11-13 12:32 ` |PENDING| " dpdklab
` (8 subsequent siblings)
16 siblings, 0 replies; 17+ messages in thread
From: dpdklab @ 2025-11-13 12:11 UTC (permalink / raw)
To: Test Report; +Cc: dpdk-test-reports, Bruce Richardson
Test-Label: iol-sample-apps-testing
Test-Status: SUCCESS
http://dpdk.org/patch/158753
_Testing PASS_
Submitter: Ciara Loftus <ciara.loftus@intel.com>
Date: Thursday, November 13 2025 10:30:12
DPDK git baseline: Repo:dpdk-next-net-intel
Branch: master
CommitID:123703be5bdd0fa45e4fda14f36a0d941d1f7e63
158753 --> testing pass
Upstream job id: Template-DTS-Pipeline#254586
Test environment and result as below:
+--------------+----------------------+
| Environment | compressdev_zlib_pmd |
+==============+======================+
| Ubuntu 22.04 | PASS |
+--------------+----------------------+
Ubuntu 22.04
Kernel: 5.15
Compiler: gcc gcc (Ubuntu 11.4.0-1ubuntu1~22.04.2) 11.4.0
To view detailed results, visit:
https://lab.dpdk.org/results/dashboard/patchsets/34570/
UNH-IOL DPDK Community Lab
To manage your email subscriptions, visit:
https://lab.dpdk.org/results/dashboard/preferences/subscriptions/
^ permalink raw reply [flat|nested] 17+ messages in thread* |PENDING| pw158753 [PATCH] net/intel: rename variable in Rx select t
[not found] <20251113103012.3782264-1-ciara.loftus@intel.com>
` (7 preceding siblings ...)
2025-11-13 12:11 ` dpdklab
@ 2025-11-13 12:32 ` dpdklab
2025-11-13 12:41 ` |SUCCESS| " dpdklab
` (7 subsequent siblings)
16 siblings, 0 replies; 17+ messages in thread
From: dpdklab @ 2025-11-13 12:32 UTC (permalink / raw)
To: Test Report; +Cc: dpdk-test-reports
Test-Label: iol-unit-amd64-testing
Test-Status: PENDING
http://dpdk.org/patch/158753
_Testing pending_
Submitter: Ciara Loftus <ciara.loftus@intel.com>
Date: Thursday, November 13 2025 10:30:12
DPDK git baseline: Repo:dpdk-next-net-intel
Branch: master
CommitID:123703be5bdd0fa45e4fda14f36a0d941d1f7e63
158753 --> testing pending
Upstream job id: Generic-Unit-Test-DPDK#392070
Test environment and result as below:
+-------------------------------+----------------+
| Environment | dpdk_unit_test |
+===============================+================+
| CentOS Stream 9 | PASS |
+-------------------------------+----------------+
| Debian GNU/Linux 12 | PEND |
+-------------------------------+----------------+
| CentOS Stream 10 | PEND |
+-------------------------------+----------------+
| Fedora Linux 40 | PEND |
+-------------------------------+----------------+
| Fedora Linux 42 | PEND |
+-------------------------------+----------------+
| Fedora Linux 41 | PEND |
+-------------------------------+----------------+
| Red Hat Enterprise Linux 8.10 | PEND |
+-------------------------------+----------------+
| Ubuntu 20.04 | PEND |
+-------------------------------+----------------+
| Red Hat Enterprise Linux 9.5 | PEND |
+-------------------------------+----------------+
| Ubuntu 22.04 | PEND |
+-------------------------------+----------------+
| Ubuntu 24.04 | PEND |
+-------------------------------+----------------+
CentOS Stream 9
Kernel: 5.15
Compiler: gcc gcc (GCC) 11.5.0 20240719 (Red Hat 11.5.0-11)
Debian GNU/Linux 12
Kernel: 5.15
Compiler: gcc gcc (Debian 12.2.0-14+deb12u1) 12.2.0
CentOS Stream 10
Kernel: 5.15
Compiler: gcc gcc (GCC) 14.2.1 20250110 (Red Hat 14.2.1-8)
Fedora Linux 40
Kernel: 5.15
Compiler: gcc gcc (GCC) 14.2.1 20240912 (Red Hat 14.2.1-3)
Fedora Linux 42
Kernel: 5.15
Compiler: gcc gcc (GCC) 15.2.1 20250808 (Red Hat 15.2.1-1)
Fedora Linux 41
Kernel: 5.15
Compiler: gcc gcc (GCC) 14.3.1 20250523 (Red Hat 14.3.1-1)
Red Hat Enterprise Linux 8.10
Kernel: 5.15
Compiler: gcc gcc (GCC) 8.5.0 20210514 (Red Hat 8.5.0-22)
Ubuntu 20.04
Kernel: 5.15
Compiler: gcc gcc (Ubuntu 9.4.0-1ubuntu1~20.04.2) 9.4.0
Red Hat Enterprise Linux 9.5
Kernel: 5.15
Compiler: gcc gcc (GCC) 11.5.0 20240719 (Red Hat 11.5.0-2)
Ubuntu 22.04
Kernel: 5.15
Compiler: gcc gcc (Ubuntu 11.4.0-1ubuntu1~22.04) 11.4.0
Ubuntu 24.04
Kernel: 5.15
Compiler: gcc gcc (Ubuntu 13.3.0-6ubuntu2~24.04) 13.3.0
To view detailed results, visit:
https://lab.dpdk.org/results/dashboard/patchsets/34570/
UNH-IOL DPDK Community Lab
To manage your email subscriptions, visit:
https://lab.dpdk.org/results/dashboard/preferences/subscriptions/
^ permalink raw reply [flat|nested] 17+ messages in thread* |SUCCESS| pw158753 [PATCH] net/intel: rename variable in Rx select t
[not found] <20251113103012.3782264-1-ciara.loftus@intel.com>
` (8 preceding siblings ...)
2025-11-13 12:32 ` |PENDING| " dpdklab
@ 2025-11-13 12:41 ` dpdklab
2025-11-13 13:02 ` dpdklab
` (6 subsequent siblings)
16 siblings, 0 replies; 17+ messages in thread
From: dpdklab @ 2025-11-13 12:41 UTC (permalink / raw)
To: Ali Alnubani, Test Report; +Cc: dpdk-test-reports, Bruce Richardson
Test-Label: iol-mellanox-Performance
Test-Status: SUCCESS
http://dpdk.org/patch/158753
_Performance Testing PASS_
Submitter: Ciara Loftus <ciara.loftus@intel.com>
Date: Thursday, November 13 2025 10:30:12
DPDK git baseline: Repo:dpdk-next-net-intel
Branch: master
CommitID:123703be5bdd0fa45e4fda14f36a0d941d1f7e63
158753 --> performance testing pass
Upstream job id: Template-DTS-Pipeline#254575
Test environment and result as below:
Ubuntu 24.04
Kernel: 6.8
Compiler: gcc gcc (Ubuntu 13.3.0-6ubuntu2~24.04) 13.3.0
NIC: NVIDIA Mellanox ConnectX-7 100000 Mbps
Fail/Total: 0/6
Detail performance results:
+------------+---------+----------+-------------+------------------------------+
| frame_size | txd/rxd | num_cpus | num_threads | throughput difference from |
| | | | | expected |
+============+=========+==========+=============+==============================+
| 64 | 1024 | 1 | 1 | -0.3% |
+------------+---------+----------+-------------+------------------------------+
| 128 | 1024 | 1 | 1 | -1.1% |
+------------+---------+----------+-------------+------------------------------+
| 256 | 1024 | 1 | 1 | -1.6% |
+------------+---------+----------+-------------+------------------------------+
| 512 | 1024 | 1 | 1 | 0.0% |
+------------+---------+----------+-------------+------------------------------+
| 1024 | 1024 | 1 | 1 | 0.1% |
+------------+---------+----------+-------------+------------------------------+
| 1518 | 1024 | 1 | 1 | -0.0% |
+------------+---------+----------+-------------+------------------------------+
Ubuntu 24.04
Kernel: 6.8
Compiler: gcc gcc (Ubuntu 13.3.0-6ubuntu2~24.04) 13.3.0
NIC: Mellanox ConnectX-6 Lx 25000 Mbps
Fail/Total: 0/6
Detail performance results:
+------------+---------+----------+-------------+------------------------------+
| frame_size | txd/rxd | num_cpus | num_threads | throughput difference from |
| | | | | expected |
+============+=========+==========+=============+==============================+
| 64 | 1024 | 1 | 1 | -0.1% |
+------------+---------+----------+-------------+------------------------------+
| 128 | 1024 | 1 | 1 | -0.0% |
+------------+---------+----------+-------------+------------------------------+
| 256 | 1024 | 1 | 1 | 0.0% |
+------------+---------+----------+-------------+------------------------------+
| 512 | 1024 | 1 | 1 | -0.0% |
+------------+---------+----------+-------------+------------------------------+
| 1024 | 1024 | 1 | 1 | -0.0% |
+------------+---------+----------+-------------+------------------------------+
| 1518 | 1024 | 1 | 1 | 0.0% |
+------------+---------+----------+-------------+------------------------------+
To view detailed results, visit:
https://lab.dpdk.org/results/dashboard/patchsets/34570/
UNH-IOL DPDK Community Lab
To manage your email subscriptions, visit:
https://lab.dpdk.org/results/dashboard/preferences/subscriptions/
^ permalink raw reply [flat|nested] 17+ messages in thread* |SUCCESS| pw158753 [PATCH] net/intel: rename variable in Rx select t
[not found] <20251113103012.3782264-1-ciara.loftus@intel.com>
` (9 preceding siblings ...)
2025-11-13 12:41 ` |SUCCESS| " dpdklab
@ 2025-11-13 13:02 ` dpdklab
2025-11-13 13:02 ` dpdklab
` (5 subsequent siblings)
16 siblings, 0 replies; 17+ messages in thread
From: dpdklab @ 2025-11-13 13:02 UTC (permalink / raw)
To: Test Report; +Cc: dpdk-test-reports, Bruce Richardson
Test-Label: iol-unit-amd64-testing
Test-Status: SUCCESS
http://dpdk.org/patch/158753
_Testing PASS_
Submitter: Ciara Loftus <ciara.loftus@intel.com>
Date: Thursday, November 13 2025 10:30:12
DPDK git baseline: Repo:dpdk-next-net-intel
Branch: master
CommitID:123703be5bdd0fa45e4fda14f36a0d941d1f7e63
158753 --> testing pass
Upstream job id: Generic-Unit-Test-DPDK#392098
Test environment and result as below:
+-------------------------------+----------------+
| Environment | dpdk_unit_test |
+===============================+================+
| CentOS Stream 9 | PASS |
+-------------------------------+----------------+
| Debian GNU/Linux 12 | PASS |
+-------------------------------+----------------+
| CentOS Stream 10 | PASS |
+-------------------------------+----------------+
| Fedora Linux 40 | PASS |
+-------------------------------+----------------+
| Fedora Linux 42 | PASS |
+-------------------------------+----------------+
| Fedora Linux 41 | PASS |
+-------------------------------+----------------+
| Red Hat Enterprise Linux 8.10 | PASS |
+-------------------------------+----------------+
| Ubuntu 20.04 | PASS |
+-------------------------------+----------------+
| Red Hat Enterprise Linux 9.5 | PASS |
+-------------------------------+----------------+
| Ubuntu 22.04 | PASS |
+-------------------------------+----------------+
| Ubuntu 24.04 | PASS |
+-------------------------------+----------------+
CentOS Stream 9
Kernel: 5.15
Compiler: gcc gcc (GCC) 11.5.0 20240719 (Red Hat 11.5.0-11)
Debian GNU/Linux 12
Kernel: 5.15
Compiler: gcc gcc (Debian 12.2.0-14+deb12u1) 12.2.0
CentOS Stream 10
Kernel: 5.15
Compiler: gcc gcc (GCC) 14.2.1 20250110 (Red Hat 14.2.1-8)
Fedora Linux 40
Kernel: 5.15
Compiler: gcc gcc (GCC) 14.2.1 20240912 (Red Hat 14.2.1-3)
Fedora Linux 42
Kernel: 5.15
Compiler: gcc gcc (GCC) 15.2.1 20250808 (Red Hat 15.2.1-1)
Fedora Linux 41
Kernel: 5.15
Compiler: gcc gcc (GCC) 14.3.1 20250523 (Red Hat 14.3.1-1)
Red Hat Enterprise Linux 8.10
Kernel: 5.15
Compiler: gcc gcc (GCC) 8.5.0 20210514 (Red Hat 8.5.0-22)
Ubuntu 20.04
Kernel: 5.15
Compiler: gcc gcc (Ubuntu 9.4.0-1ubuntu1~20.04.2) 9.4.0
Red Hat Enterprise Linux 9.5
Kernel: 5.15
Compiler: gcc gcc (GCC) 11.5.0 20240719 (Red Hat 11.5.0-2)
Ubuntu 22.04
Kernel: 5.15
Compiler: gcc gcc (Ubuntu 11.4.0-1ubuntu1~22.04) 11.4.0
Ubuntu 24.04
Kernel: 5.15
Compiler: gcc gcc (Ubuntu 13.3.0-6ubuntu2~24.04) 13.3.0
To view detailed results, visit:
https://lab.dpdk.org/results/dashboard/patchsets/34570/
UNH-IOL DPDK Community Lab
To manage your email subscriptions, visit:
https://lab.dpdk.org/results/dashboard/preferences/subscriptions/
^ permalink raw reply [flat|nested] 17+ messages in thread* |SUCCESS| pw158753 [PATCH] net/intel: rename variable in Rx select t
[not found] <20251113103012.3782264-1-ciara.loftus@intel.com>
` (10 preceding siblings ...)
2025-11-13 13:02 ` dpdklab
@ 2025-11-13 13:02 ` dpdklab
2025-11-13 13:04 ` |PENDING| " dpdklab
` (4 subsequent siblings)
16 siblings, 0 replies; 17+ messages in thread
From: dpdklab @ 2025-11-13 13:02 UTC (permalink / raw)
To: Test Report; +Cc: dpdk-test-reports, Bruce Richardson
Test-Label: iol-unit-amd64-testing
Test-Status: SUCCESS
http://dpdk.org/patch/158753
_Testing PASS_
Submitter: Ciara Loftus <ciara.loftus@intel.com>
Date: Thursday, November 13 2025 10:30:12
DPDK git baseline: Repo:dpdk-next-net-intel
Branch: master
CommitID:123703be5bdd0fa45e4fda14f36a0d941d1f7e63
158753 --> testing pass
Upstream job id: Generic-Unit-Test-DPDK#392094
Test environment and result as below:
+-------------------------------+----------------+
| Environment | dpdk_unit_test |
+===============================+================+
| CentOS Stream 9 | PASS |
+-------------------------------+----------------+
| Debian GNU/Linux 12 | PASS |
+-------------------------------+----------------+
| CentOS Stream 10 | PASS |
+-------------------------------+----------------+
| Fedora Linux 40 | PASS |
+-------------------------------+----------------+
| Fedora Linux 42 | PASS |
+-------------------------------+----------------+
| Fedora Linux 41 | PASS |
+-------------------------------+----------------+
| Red Hat Enterprise Linux 8.10 | PASS |
+-------------------------------+----------------+
| Ubuntu 20.04 | PASS |
+-------------------------------+----------------+
| Red Hat Enterprise Linux 9.5 | PASS |
+-------------------------------+----------------+
| Ubuntu 22.04 | PASS |
+-------------------------------+----------------+
| Ubuntu 24.04 | PASS |
+-------------------------------+----------------+
CentOS Stream 9
Kernel: 5.15
Compiler: gcc gcc (GCC) 11.5.0 20240719 (Red Hat 11.5.0-11)
Debian GNU/Linux 12
Kernel: 5.15
Compiler: gcc gcc (Debian 12.2.0-14+deb12u1) 12.2.0
CentOS Stream 10
Kernel: 5.15
Compiler: gcc gcc (GCC) 14.2.1 20250110 (Red Hat 14.2.1-8)
Fedora Linux 40
Kernel: 5.15
Compiler: gcc gcc (GCC) 14.2.1 20240912 (Red Hat 14.2.1-3)
Fedora Linux 42
Kernel: 5.15
Compiler: gcc gcc (GCC) 15.2.1 20250808 (Red Hat 15.2.1-1)
Fedora Linux 41
Kernel: 5.15
Compiler: gcc gcc (GCC) 14.3.1 20250523 (Red Hat 14.3.1-1)
Red Hat Enterprise Linux 8.10
Kernel: 5.15
Compiler: gcc gcc (GCC) 8.5.0 20210514 (Red Hat 8.5.0-22)
Ubuntu 20.04
Kernel: 5.15
Compiler: gcc gcc (Ubuntu 9.4.0-1ubuntu1~20.04.2) 9.4.0
Red Hat Enterprise Linux 9.5
Kernel: 5.15
Compiler: gcc gcc (GCC) 11.5.0 20240719 (Red Hat 11.5.0-2)
Ubuntu 22.04
Kernel: 5.15
Compiler: gcc gcc (Ubuntu 11.4.0-1ubuntu1~22.04) 11.4.0
Ubuntu 24.04
Kernel: 5.15
Compiler: gcc gcc (Ubuntu 13.3.0-6ubuntu2~24.04) 13.3.0
To view detailed results, visit:
https://lab.dpdk.org/results/dashboard/patchsets/34570/
UNH-IOL DPDK Community Lab
To manage your email subscriptions, visit:
https://lab.dpdk.org/results/dashboard/preferences/subscriptions/
^ permalink raw reply [flat|nested] 17+ messages in thread* |PENDING| pw158753 [PATCH] net/intel: rename variable in Rx select t
[not found] <20251113103012.3782264-1-ciara.loftus@intel.com>
` (11 preceding siblings ...)
2025-11-13 13:02 ` dpdklab
@ 2025-11-13 13:04 ` dpdklab
2025-11-13 13:51 ` |SUCCESS| " dpdklab
` (3 subsequent siblings)
16 siblings, 0 replies; 17+ messages in thread
From: dpdklab @ 2025-11-13 13:04 UTC (permalink / raw)
To: Test Report; +Cc: dpdk-test-reports
Test-Label: iol-unit-arm64-testing
Test-Status: PENDING
http://dpdk.org/patch/158753
_Testing pending_
Submitter: Ciara Loftus <ciara.loftus@intel.com>
Date: Thursday, November 13 2025 10:30:12
DPDK git baseline: Repo:dpdk-next-net-intel
Branch: master
CommitID:123703be5bdd0fa45e4fda14f36a0d941d1f7e63
158753 --> testing pending
Upstream job id: Generic-Unit-Test-DPDK#392075
Test environment and result as below:
+------------------------------+----------------+------------------------------+---------------------------+--------------+
| Environment | dpdk_unit_test | cryptodev_sw_snow3g_autotest | cryptodev_sw_zuc_autotest | lpm_autotest |
+==============================+================+==============================+===========================+==============+
| CentOS Stream 10 | PEND | SKIPPED | SKIPPED | SKIPPED |
+------------------------------+----------------+------------------------------+---------------------------+--------------+
| Debian GNU/Linux 12 | PEND | SKIPPED | SKIPPED | SKIPPED |
+------------------------------+----------------+------------------------------+---------------------------+--------------+
| CentOS Stream 9 | PEND | SKIPPED | SKIPPED | SKIPPED |
+------------------------------+----------------+------------------------------+---------------------------+--------------+
| Fedora Linux 40 | PEND | SKIPPED | SKIPPED | SKIPPED |
+------------------------------+----------------+------------------------------+---------------------------+--------------+
| Fedora Linux 41 | PEND | SKIPPED | SKIPPED | SKIPPED |
+------------------------------+----------------+------------------------------+---------------------------+--------------+
| Fedora Linux 42 | PEND | SKIPPED | SKIPPED | SKIPPED |
+------------------------------+----------------+------------------------------+---------------------------+--------------+
| Red Hat Enterprise Linux 9.5 | PEND | SKIPPED | SKIPPED | SKIPPED |
+------------------------------+----------------+------------------------------+---------------------------+--------------+
| Ubuntu 22.04 | PEND | SKIPPED | SKIPPED | SKIPPED |
+------------------------------+----------------+------------------------------+---------------------------+--------------+
| Ubuntu 20.04 | PEND | SKIPPED | SKIPPED | PASS |
+------------------------------+----------------+------------------------------+---------------------------+--------------+
| Ubuntu 24.04 | PEND | SKIPPED | SKIPPED | SKIPPED |
+------------------------------+----------------+------------------------------+---------------------------+--------------+
| Debian 12 (arm) | SKIPPED | PEND | PEND | SKIPPED |
+------------------------------+----------------+------------------------------+---------------------------+--------------+
CentOS Stream 10
Kernel: 5.4
Compiler: gcc gcc (GCC) 14.2.1 20250110 (Red Hat 14.2.1-8)
Debian GNU/Linux 12
Kernel: 5.4
Compiler: gcc gcc (Debian 12.2.0-14+deb12u1) 12.2.0
CentOS Stream 9
Kernel: 5.4
Compiler: gcc gcc (GCC) 11.5.0 20240719 (Red Hat 11.5.0-11)
Fedora Linux 40
Kernel: 5.4
Compiler: gcc gcc (GCC) 14.2.1 20240912 (Red Hat 14.2.1-3)
Fedora Linux 41
Kernel: 5.4
Compiler: gcc gcc (GCC) 14.3.1 20250523 (Red Hat 14.3.1-1)
Fedora Linux 42
Kernel: 5.4
Compiler: gcc gcc (GCC) 15.2.1 20250808 (Red Hat 15.2.1-1)
Red Hat Enterprise Linux 9.5
Kernel: 5.4
Compiler: gcc gcc (GCC) 11.5.0 20240719 (Red Hat 11.5.0-2)
Ubuntu 22.04
Kernel: 5.4
Compiler: gcc gcc (Ubuntu 11.4.0-1ubuntu1~22.04) 11.4.0
Ubuntu 20.04
Kernel: 5.4
Compiler: gcc gcc (Ubuntu 9.4.0-1ubuntu1~20.04.2) 9.4.0
Ubuntu 24.04
Kernel: 5.4
Compiler: gcc gcc (Ubuntu 13.3.0-6ubuntu2~24.04) 13.3.0
Debian 12 (arm)
Kernel: Depends on container host
Compiler: gcc (Debian 12.2.0-14) 12.2.0
To view detailed results, visit:
https://lab.dpdk.org/results/dashboard/patchsets/34570/
UNH-IOL DPDK Community Lab
To manage your email subscriptions, visit:
https://lab.dpdk.org/results/dashboard/preferences/subscriptions/
^ permalink raw reply [flat|nested] 17+ messages in thread* |SUCCESS| pw158753 [PATCH] net/intel: rename variable in Rx select t
[not found] <20251113103012.3782264-1-ciara.loftus@intel.com>
` (12 preceding siblings ...)
2025-11-13 13:04 ` |PENDING| " dpdklab
@ 2025-11-13 13:51 ` dpdklab
2025-11-13 13:51 ` dpdklab
` (2 subsequent siblings)
16 siblings, 0 replies; 17+ messages in thread
From: dpdklab @ 2025-11-13 13:51 UTC (permalink / raw)
To: Test Report; +Cc: dpdk-test-reports, Bruce Richardson
Test-Label: iol-intel-Performance
Test-Status: SUCCESS
http://dpdk.org/patch/158753
_Performance Testing PASS_
Submitter: Ciara Loftus <ciara.loftus@intel.com>
Date: Thursday, November 13 2025 10:30:12
DPDK git baseline: Repo:dpdk-next-net-intel
Branch: master
CommitID:123703be5bdd0fa45e4fda14f36a0d941d1f7e63
158753 --> performance testing pass
Upstream job id: Template-DTS-Pipeline#254577
Test environment and result as below:
Ubuntu 20.04
Kernel: 5.4
Compiler: gcc gcc (Ubuntu 9.4.0-1ubuntu1~20.04.1) 9.4.0
NIC: Intel Corporation Ethernet Converged Network Adapter XL710-QDA2 40000 Mbps
Fail/Total: 0/4
Detail performance results:
+----------+-------------+---------+------------+------------------------------+
| num_cpus | num_threads | txd/rxd | frame_size | throughput difference from |
| | | | | expected |
+==========+=============+=========+============+==============================+
| 1 | 2 | 512 | 64 | 0.7% |
+----------+-------------+---------+------------+------------------------------+
| 1 | 2 | 2048 | 64 | -3.7% |
+----------+-------------+---------+------------+------------------------------+
| 1 | 1 | 512 | 64 | -0.0% |
+----------+-------------+---------+------------+------------------------------+
| 1 | 1 | 2048 | 64 | 0.7% |
+----------+-------------+---------+------------+------------------------------+
Ubuntu 22.04
Kernel: 5.15
Compiler: gcc gcc (Ubuntu 11.4.0-1ubuntu1~22.04.2) 11.4.0
NIC: Intel E810 100000 Mbps
Fail/Total: 0/2
Detail performance results:
+------------+---------+----------+-------------+------------------------------+
| frame_size | txd/rxd | num_cpus | num_threads | throughput difference from |
| | | | | expected |
+============+=========+==========+=============+==============================+
| 64 | 512 | 1 | 1 | -0.1% |
+------------+---------+----------+-------------+------------------------------+
| 64 | 2048 | 1 | 1 | 1.3% |
+------------+---------+----------+-------------+------------------------------+
Ubuntu 24.04
Kernel: 6.8
Compiler: gcc gcc (Ubuntu 13.3.0-6ubuntu2~24.04) 13.3.0
NIC: Intel E810 (Arm Grace Server) 100000 Mbps
Fail/Total: 0/2
Detail performance results:
+------------+---------+----------+-------------+------------------------------+
| frame_size | txd/rxd | num_cpus | num_threads | throughput difference from |
| | | | | expected |
+============+=========+==========+=============+==============================+
| 64 | 512 | 1 | 1 | 2.3% |
+------------+---------+----------+-------------+------------------------------+
| 64 | 2048 | 1 | 1 | -0.4% |
+------------+---------+----------+-------------+------------------------------+
To view detailed results, visit:
https://lab.dpdk.org/results/dashboard/patchsets/34570/
UNH-IOL DPDK Community Lab
To manage your email subscriptions, visit:
https://lab.dpdk.org/results/dashboard/preferences/subscriptions/
^ permalink raw reply [flat|nested] 17+ messages in thread* |SUCCESS| pw158753 [PATCH] net/intel: rename variable in Rx select t
[not found] <20251113103012.3782264-1-ciara.loftus@intel.com>
` (13 preceding siblings ...)
2025-11-13 13:51 ` |SUCCESS| " dpdklab
@ 2025-11-13 13:51 ` dpdklab
2025-11-13 14:34 ` dpdklab
2025-11-13 15:35 ` dpdklab
16 siblings, 0 replies; 17+ messages in thread
From: dpdklab @ 2025-11-13 13:51 UTC (permalink / raw)
To: Test Report; +Cc: dpdk-test-reports, Bruce Richardson
Test-Label: iol-intel-Functional
Test-Status: SUCCESS
http://dpdk.org/patch/158753
_Functional Testing PASS_
Submitter: Ciara Loftus <ciara.loftus@intel.com>
Date: Thursday, November 13 2025 10:30:12
DPDK git baseline: Repo:dpdk-next-net-intel
Branch: master
CommitID:123703be5bdd0fa45e4fda14f36a0d941d1f7e63
158753 --> functional testing pass
Upstream job id: Template-DTS-Pipeline#254581
Test environment and result as below:
Ubuntu 24.04
Kernel: 6.8
Compiler: gcc gcc (Ubuntu 13.3.0-6ubuntu2~24.04) 13.3.0
NIC: Intel E810 (Arm Grace Server) 100000 Mbps
Aggregate Results by Test Suite
+------------+--------+
| Test Suite | Result |
+============+========+
| blocklist | PASS |
+------------+--------+
| uni_pkt | PASS |
+------------+--------+
Ubuntu 20.04
Kernel: 5.4
Compiler: gcc gcc (Ubuntu 9.4.0-1ubuntu1~20.04.1) 9.4.0
NIC: Intel Corporation Ethernet Converged Network Adapter XL710-QDA2 40000 Mbps
Aggregate Results by Test Suite
+-----------------------------+--------+
| Test Suite | Result |
+=============================+========+
| unit_tests_mbuf | PASS |
+-----------------------------+--------+
| vhost_virtio_user_interrupt | PASS |
+-----------------------------+--------+
| virtio_smoke | PASS |
+-----------------------------+--------+
To view detailed results, visit:
https://lab.dpdk.org/results/dashboard/patchsets/34570/
UNH-IOL DPDK Community Lab
To manage your email subscriptions, visit:
https://lab.dpdk.org/results/dashboard/preferences/subscriptions/
^ permalink raw reply [flat|nested] 17+ messages in thread* |SUCCESS| pw158753 [PATCH] net/intel: rename variable in Rx select t
[not found] <20251113103012.3782264-1-ciara.loftus@intel.com>
` (14 preceding siblings ...)
2025-11-13 13:51 ` dpdklab
@ 2025-11-13 14:34 ` dpdklab
2025-11-13 15:35 ` dpdklab
16 siblings, 0 replies; 17+ messages in thread
From: dpdklab @ 2025-11-13 14:34 UTC (permalink / raw)
To: Test Report; +Cc: dpdk-test-reports, Bruce Richardson
Test-Label: iol-sample-apps-testing
Test-Status: SUCCESS
http://dpdk.org/patch/158753
_Testing PASS_
Submitter: Ciara Loftus <ciara.loftus@intel.com>
Date: Thursday, November 13 2025 10:30:12
DPDK git baseline: Repo:dpdk-next-net-intel
Branch: master
CommitID:123703be5bdd0fa45e4fda14f36a0d941d1f7e63
158753 --> testing pass
Upstream job id: ACVP-FIPS-testing#11796
Test environment and result as below:
+--------------+----------------------+----------------------+
| Environment | compressdev_zlib_pmd | dpdk_fips_validation |
+==============+======================+======================+
| Ubuntu 22.04 | PASS | SKIPPED |
+--------------+----------------------+----------------------+
| Ubuntu 20.04 | SKIPPED | PASS |
+--------------+----------------------+----------------------+
Ubuntu 22.04
Kernel: 5.15
Compiler: gcc gcc (Ubuntu 11.4.0-1ubuntu1~22.04.2) 11.4.0
Ubuntu 20.04
Kernel: 5.15
Compiler: gcc gcc (Ubuntu 9.4.0-1ubuntu1~20.04.2) 9.4.0
To view detailed results, visit:
https://lab.dpdk.org/results/dashboard/patchsets/34570/
UNH-IOL DPDK Community Lab
To manage your email subscriptions, visit:
https://lab.dpdk.org/results/dashboard/preferences/subscriptions/
^ permalink raw reply [flat|nested] 17+ messages in thread* |SUCCESS| pw158753 [PATCH] net/intel: rename variable in Rx select t
[not found] <20251113103012.3782264-1-ciara.loftus@intel.com>
` (15 preceding siblings ...)
2025-11-13 14:34 ` dpdklab
@ 2025-11-13 15:35 ` dpdklab
16 siblings, 0 replies; 17+ messages in thread
From: dpdklab @ 2025-11-13 15:35 UTC (permalink / raw)
To: Test Report; +Cc: dpdk-test-reports, Bruce Richardson
Test-Label: iol-sample-apps-testing
Test-Status: SUCCESS
http://dpdk.org/patch/158753
_Testing PASS_
Submitter: Ciara Loftus <ciara.loftus@intel.com>
Date: Thursday, November 13 2025 10:30:12
DPDK git baseline: Repo:dpdk-next-net-intel
Branch: master
CommitID:123703be5bdd0fa45e4fda14f36a0d941d1f7e63
158753 --> testing pass
Upstream job id: Template-DTS-Pipeline#254585
Test environment and result as below:
+--------------+----------------------+----------------------+
| Environment | compressdev_zlib_pmd | dpdk_fips_validation |
+==============+======================+======================+
| Ubuntu 22.04 | PASS | SKIPPED |
+--------------+----------------------+----------------------+
| Ubuntu 20.04 | SKIPPED | PASS |
+--------------+----------------------+----------------------+
Ubuntu 22.04
Kernel: 5.15
Compiler: gcc gcc (Ubuntu 11.4.0-1ubuntu1~22.04.2) 11.4.0
Ubuntu 20.04
Kernel: 5.15
Compiler: gcc gcc (Ubuntu 9.4.0-1ubuntu1~20.04.2) 9.4.0
To view detailed results, visit:
https://lab.dpdk.org/results/dashboard/patchsets/34570/
UNH-IOL DPDK Community Lab
To manage your email subscriptions, visit:
https://lab.dpdk.org/results/dashboard/preferences/subscriptions/
^ permalink raw reply [flat|nested] 17+ messages in thread