From mboxrd@z Thu Jan 1 00:00:00 1970 Return-Path: Received: from mails.dpdk.org (mails.dpdk.org [217.70.189.124]) by inbox.dpdk.org (Postfix) with ESMTP id 83F7E48AFA for ; Thu, 13 Nov 2025 14:48:02 +0100 (CET) Received: from mails.dpdk.org (localhost [127.0.0.1]) by mails.dpdk.org (Postfix) with ESMTP id 7F79A40151; Thu, 13 Nov 2025 14:48:02 +0100 (CET) Received: from mail-pl1-f226.google.com (mail-pl1-f226.google.com [209.85.214.226]) by mails.dpdk.org (Postfix) with ESMTP id 6658F40151 for ; Thu, 13 Nov 2025 14:48:01 +0100 (CET) Received: by mail-pl1-f226.google.com with SMTP id d9443c01a7336-2953ad5517dso9868275ad.0 for ; Thu, 13 Nov 2025 05:48:01 -0800 (PST) DKIM-Signature: v=1; a=rsa-sha256; c=relaxed/relaxed; d=iol.unh.edu; s=unh-iol; t=1763041680; x=1763646480; darn=dpdk.org; h=cc:to:from:subject:message-id:date:from:to:cc:subject:date :message-id:reply-to; bh=amNg9Fr9NWuSAz+h+GtT5T/vn6Wh6XJ9/Fi5H7hCmVI=; b=Z7HuI0KBVKXL75rZjgSRgLZqW19ifWPb0N4HIPV5IkzODuaaWTWTYgmipsZLFPECSA 2PE2SpNweDA6S4QmtTckS7iUGOqsdqc0oHkxNva4cSSrOVV+XUTVILMQNSGK0+9sMD1y ATNkF8xqUr1yVyE2XcZZhLORG6ptJUm/30Ppw= X-Google-DKIM-Signature: v=1; a=rsa-sha256; c=relaxed/relaxed; d=1e100.net; s=20230601; t=1763041680; x=1763646480; h=cc:to:from:subject:message-id:date:x-gm-gg:x-gm-message-state:from :to:cc:subject:date:message-id:reply-to; bh=amNg9Fr9NWuSAz+h+GtT5T/vn6Wh6XJ9/Fi5H7hCmVI=; b=I+NwwvsLvYUmuqsTb3j/OBd/elRC3A8vkE+1DhpxUPHfV1uoiUkvYbrnXzEz0i4jef +tLjR3ckRhHeeZI1pHptQJgrhlPD1nvO2axzqUPn66wvI/9BBbjbx+c93OzqBuhQw1TN S5fr3dgOKnN4xZaXD1fDKlKK0yyvLomE9x9dQNX4U1Z5XEpXmdV5iFR4cR8Jz4XCE0Jl lShB6iy7Ddn8KqNMPEkzq1RjJX8ncdRHH3M0ujVagWNpB8un6T9SUC8mFirfdVdvXmDt ok20SpDhpSkaJUPyxBYXDFnsSiGf0O4PnZ7+oVjSvQm6YI9aegkX5NuCghxndxP/xdfR u//w== X-Gm-Message-State: AOJu0Yw7hnr2TDiWCW5mJZ4h4KtKzglUmTeOZDTiRcmQqihQslCp8vfT sv8AHd3lnF0uAbtA8l263lv7WwHS2cGrTB6KZ4/CnM3zMw/2Dlbt8ZtPkHRqUAytUEqBCHNOoQI tz/e9iXSpAqXRQ9Q+kS5K1ytgBUAJ4pM3TOsA X-Gm-Gg: ASbGncuGTfIYn5NwE09irhvOElnyp/gACkR3Q4QKtYfAgkWqDn3XSQcsPDboGtqNjdL rNap7A0jqHqOijkPTn4cq4nRGAOkMwiR2UTUTzx4qf+3amhhRt34jOZKdIcdY9Qo6PZMnTo2bJW UWPoh/PR1WhAm7qbvlh71ywwWvkEtdPZ50/MFfWaqkUPfHBi44+7FBfZBQuAoemXWLEeJHJfscR S1HQRCYouZDJ3eLHIMfO2sAB7RYJoeq7MIldqRNkcwAJtqnn5hGhqKk93X3L9akH5YdfFzjmh6y Dtu1YBGDWjRcmjVQ994u6RFIZxHM2s6GAc9xM1ltqqZlxM2hNg2wc/7811PugoaoXakGE9KupJ6 jji7RbwpV0y+TgBGaVs/9RQwoVu6mI6c= X-Google-Smtp-Source: AGHT+IH1kUugowz0toXAFmFkWZTDyQCfrXE+abpBdpaKp1VMFAE0QKpUrK1rGCNtyCGMAA8VHvM7XZ2ipsHm X-Received: by 2002:a17:903:3b8e:b0:296:3f23:b93b with SMTP id d9443c01a7336-2984ed7a2ffmr92509625ad.2.1763041680417; Thu, 13 Nov 2025 05:48:00 -0800 (PST) Received: from postal.iol.unh.edu (postal.iol.unh.edu. [132.177.123.84]) by smtp-relay.gmail.com with ESMTPS id 41be03b00d2f7-bc36de0985esm148849a12.2.2025.11.13.05.48.00 (version=TLS1_2 cipher=ECDHE-ECDSA-AES128-GCM-SHA256 bits=128/128); Thu, 13 Nov 2025 05:48:00 -0800 (PST) X-Relaying-Domain: iol.unh.edu Date: Thu, 13 Nov 2025 05:48:00 -0800 (PST) Message-ID: <6915e190.630a0220.9912.7a33SMTPIN_ADDED_MISSING@mx.google.com> Received: from [172.21.0.4] (unknown [172.18.0.240]) by postal.iol.unh.edu (Postfix) with ESMTP id 8EBD56051830; Thu, 13 Nov 2025 08:47:59 -0500 (EST) Subject: |FAILURE| [GIT MASTER] 62f583c49bf67dd4d6733ece14e55fe6839e66d1 From: dpdklab@iol.unh.edu To: Test Report Cc: dpdk-test-reports@iol.unh.edu, Xueming Li , Christian Ehrhardt , Kevin Traynor , Luca Boccassi Content-Type: text/plain X-BeenThere: test-report@dpdk.org X-Mailman-Version: 2.1.29 Precedence: list List-Id: automatic DPDK test reports List-Unsubscribe: , List-Archive: List-Post: List-Help: List-Subscribe: , Errors-To: test-report-bounces@dpdk.org _Testing issues_ Branch: tags/v23.11 62f583c49bf67dd4d6733ece14e55fe6839e66d1 --> testing issues Upstream job id: Generic-VM-Unit-Test-DPDK#32481 Test environment and result as below: +-------------------------------+----------------+ | Environment | dpdk_unit_test | +===============================+================+ | CentOS Stream 10 | PASS | +-------------------------------+----------------+ | Debian GNU/Linux 12 | PASS | +-------------------------------+----------------+ | CentOS Stream 9 | PASS | +-------------------------------+----------------+ | Fedora Linux 40 | PASS | +-------------------------------+----------------+ | Fedora Linux 41 | PASS | +-------------------------------+----------------+ | Fedora Linux 42 | WARN | +-------------------------------+----------------+ | Red Hat Enterprise Linux 9.5 | PASS | +-------------------------------+----------------+ | Ubuntu 22.04 | PASS | +-------------------------------+----------------+ | Red Hat Enterprise Linux 8.10 | PASS | +-------------------------------+----------------+ | Ubuntu 24.04 | PASS | +-------------------------------+----------------+ | Ubuntu 20.04 | PASS | +-------------------------------+----------------+ | Windows Server 2022 | FAIL | +-------------------------------+----------------+ ==== Unit test summary for Windows Server 2022 (dpdk_unit_test): ==== Failed to get the unit test results. Displaying the unit test results is not supported for some environments, such as our aarch32 testing, where meson is not used to run the tests. Download the logs available on our CI site. ==== End log output ==== CentOS Stream 10 Kernel: 5.15 Compiler: gcc gcc (GCC) 14.2.1 20250110 (Red Hat 14.2.1-8) Debian GNU/Linux 12 Kernel: 5.15 Compiler: gcc gcc (Debian 12.2.0-14+deb12u1) 12.2.0 CentOS Stream 9 Kernel: 5.15 Compiler: gcc gcc (GCC) 11.5.0 20240719 (Red Hat 11.5.0-11) Fedora Linux 40 Kernel: 5.15 Compiler: gcc gcc (GCC) 14.2.1 20240912 (Red Hat 14.2.1-3) Fedora Linux 41 Kernel: 5.15 Compiler: gcc gcc (GCC) 14.3.1 20250523 (Red Hat 14.3.1-1) Fedora Linux 42 Kernel: 5.15 Compiler: clang gcc (GCC) 15.2.1 20250808 (Red Hat 15.2.1-1) Red Hat Enterprise Linux 9.5 Kernel: 5.15 Compiler: gcc gcc (GCC) 11.5.0 20240719 (Red Hat 11.5.0-2) Ubuntu 22.04 Kernel: 5.15 Compiler: gcc gcc (Ubuntu 11.4.0-1ubuntu1~22.04) 11.4.0 Red Hat Enterprise Linux 8.10 Kernel: 5.15 Compiler: gcc gcc (GCC) 8.5.0 20210514 (Red Hat 8.5.0-22) Ubuntu 24.04 Kernel: 5.15 Compiler: gcc gcc (Ubuntu 13.3.0-6ubuntu2~24.04) 13.3.0 Ubuntu 20.04 Kernel: 5.15 Compiler: gcc gcc (Ubuntu 9.4.0-1ubuntu1~20.04.2) 9.4.0 Windows Server 2022 Kernel: 10.0.20348.2031 Compiler: clang 15.0.7, gcc 14.1.0 (MinGW), and MSVC VS 19.39.33521 To view detailed results, visit: https://lab.dpdk.org/results/dashboard/tarballs/35550/ UNH-IOL DPDK Community Lab To manage your email subscriptions, visit: https://lab.dpdk.org/results/dashboard/preferences/subscriptions/