From mboxrd@z Thu Jan 1 00:00:00 1970 Return-Path: Received: from mails.dpdk.org (mails.dpdk.org [217.70.189.124]) by inbox.dpdk.org (Postfix) with ESMTP id 074BB48AFB for ; Thu, 13 Nov 2025 16:03:22 +0100 (CET) Received: from mails.dpdk.org (localhost [127.0.0.1]) by mails.dpdk.org (Postfix) with ESMTP id 03A6240151; Thu, 13 Nov 2025 16:03:22 +0100 (CET) Received: from mail-pf1-f228.google.com (mail-pf1-f228.google.com [209.85.210.228]) by mails.dpdk.org (Postfix) with ESMTP id 74DC840151 for ; Thu, 13 Nov 2025 16:03:20 +0100 (CET) Received: by mail-pf1-f228.google.com with SMTP id d2e1a72fcca58-7aa2170adf9so803141b3a.0 for ; Thu, 13 Nov 2025 07:03:20 -0800 (PST) DKIM-Signature: v=1; a=rsa-sha256; c=relaxed/relaxed; d=iol.unh.edu; s=unh-iol; t=1763046199; x=1763650999; darn=dpdk.org; h=cc:to:from:subject:message-id:date:from:to:cc:subject:date :message-id:reply-to; bh=wB9ASTFUm67HT3UsRgX8l9vNe+n++GuBqK3Xp+EX+F0=; b=Owv48M/fC1pilriPlcy45opM5xoiB1ILAGLj4hgEq1r7vNY3W3UX9/GAvaM3ocraHU o/dnKE3So123hH7ChVkHYJUU4ctnpOtntoxjuwi5QiZiB3oqr11sBnS5bNfVDAnI5XEx W1+Pxzw8YA2ywbGwBu27DBzerhZ8NiPjZ78Es= X-Google-DKIM-Signature: v=1; a=rsa-sha256; c=relaxed/relaxed; d=1e100.net; s=20230601; t=1763046199; x=1763650999; h=cc:to:from:subject:message-id:date:x-gm-gg:x-gm-message-state:from :to:cc:subject:date:message-id:reply-to; bh=wB9ASTFUm67HT3UsRgX8l9vNe+n++GuBqK3Xp+EX+F0=; b=M2JFIyRoFuFcoptSpaPPmwf0o3hFXCCBklvTOrqZGl5Ksun83Tkmz5G/ZQdq/R9z/d IOFoop07/qwYuPO1da59afAL7jUEv3KNf4EaOlSXryszzov0WOJxKEJ/1UGG19cbMKoc //t5hQ33JnFCKVyQnY3s/+dy9Pr44qlsJ81Orlg/qaumX1qoT0bQP2a01GUlQhYXvgtW ik8JR9HKqmQQik3xd6qLsih8w1lyTkoA6XGD6XzQy+6a2GIH0XeP5mYb65sIDsqzkmCF AGbF3jaUvQ1kjRrp21w/5zOGyiEUtxjPdIxhEoDwasxiliJY6m7ck3GCs2LTQytZbvKZ pbYg== X-Gm-Message-State: AOJu0YwJ/5uvBNXboixfAJF1bsS38QYzqASGthniRl/DTIrLKiCtPO3u HVmM/LSFZXZCPPBHgjtS1eZ3Rtub38ZJbhpV2LFiTra6z1cgamHPUVxXayE3zuGziwRCfS+/ZHw C2pzLXUyOk6CdqPtgr1Y4v/njO2IdWU4P3ddq X-Gm-Gg: ASbGncszn+Od0NemtIPZ9xl/NWROiSFjGoVzHAcP6ooW0cvB8Y0e3Kk+Qg0lWafXETJ EV2RpEvfMBakQk78aBieSGBNWXNiUl64yYSljT58kKRhVOsAn6fY7RC4J280fh2ffq3xQzpVgc1 oRA11bdGQu/BC5OJpdIoGkkldQRDb+VahDSOkBQ8L2Yz9V9j+H9Nu4hOz09zRfcBl21GpiE48cS apYO93o5LJmwWfAyjqoBP3prRkn2O6UVZBsl+v/ZyDCtwrLW+8NiHlJ9tgkz8VQoB/FeigQ4k+Z y1PW7Ebuh4nyqkTeZ7YP0AtcyNLord/1HH0uOS+CM+wB6Ctvc4GDNhmx7FUzMI7C6csv10Pl+gY OM7DR4sdrwDkXAvzRhwvihP/zo5IFG6k= X-Google-Smtp-Source: AGHT+IEZIhNDuZuyzNMRDIv3xukkOwgB1cy1DauaFdkORnTD4Hb0KzO88FMCpdUA9SKAG5aFY1oq6RKH0xwA X-Received: by 2002:a05:6a20:1594:b0:341:6844:bd9d with SMTP id adf61e73a8af0-3590928a921mr9213779637.13.1763046198502; Thu, 13 Nov 2025 07:03:18 -0800 (PST) Received: from postal.iol.unh.edu (postal.iol.unh.edu. [132.177.123.84]) by smtp-relay.gmail.com with ESMTPS id d2e1a72fcca58-7b928207b26sm187447b3a.9.2025.11.13.07.03.18 (version=TLS1_2 cipher=ECDHE-ECDSA-AES128-GCM-SHA256 bits=128/128); Thu, 13 Nov 2025 07:03:18 -0800 (PST) X-Relaying-Domain: iol.unh.edu Date: Thu, 13 Nov 2025 07:03:18 -0800 (PST) Message-ID: <6915f336.050a0220.2c78d2.8d98SMTPIN_ADDED_MISSING@mx.google.com> Received: from [172.21.0.2] (unknown [172.18.0.240]) by postal.iol.unh.edu (Postfix) with ESMTP id A9D746051830; Thu, 13 Nov 2025 10:03:17 -0500 (EST) Subject: |FAILURE| [GIT MASTER] 62f583c49bf67dd4d6733ece14e55fe6839e66d1 From: dpdklab@iol.unh.edu To: Test Report Cc: dpdk-test-reports@iol.unh.edu, Xueming Li , Christian Ehrhardt , Kevin Traynor , Luca Boccassi Content-Type: text/plain X-BeenThere: test-report@dpdk.org X-Mailman-Version: 2.1.29 Precedence: list List-Id: automatic DPDK test reports List-Unsubscribe: , List-Archive: List-Post: List-Help: List-Subscribe: , Errors-To: test-report-bounces@dpdk.org _Testing issues_ Branch: tags/v23.11 62f583c49bf67dd4d6733ece14e55fe6839e66d1 --> testing issues Upstream job id: Generic-DPDK-Compile-Meson#443658 Test environment and result as below: +------------------------------+--------------------+ | Environment | dpdk_meson_compile | +==============================+====================+ | Red Hat Enterprise Linux 9.5 | PASS | +------------------------------+--------------------+ | Ubuntu 20.04 | PASS | +------------------------------+--------------------+ | Debian GNU/Linux 12 | PASS | +------------------------------+--------------------+ | Fedora Linux 42 | PASS | +------------------------------+--------------------+ | Ubuntu 22.04 | PASS | +------------------------------+--------------------+ | Ubuntu 24.04 | PASS | +------------------------------+--------------------+ | CentOS Stream 9 | PASS | +------------------------------+--------------------+ | CentOS Stream 10 | PASS | +------------------------------+--------------------+ Red Hat Enterprise Linux 9.5 Kernel: 5.4 Compiler: gcc gcc (GCC) 11.5.0 20240719 (Red Hat 11.5.0-2) Ubuntu 20.04 Kernel: 5.15 Compiler: aarch64-linux-gnu-gcc gcc (Ubuntu 9.4.0-1ubuntu1~20.04.2) 9.4.0 Debian GNU/Linux 12 Kernel: 5.4 Compiler: gcc gcc (Debian 12.2.0-14+deb12u1) 12.2.0 Fedora Linux 42 Kernel: 5.4 Compiler: gcc gcc (GCC) 15.2.1 20250808 (Red Hat 15.2.1-1) Ubuntu 22.04 Kernel: 5.4 Compiler: gcc gcc (Ubuntu 11.4.0-1ubuntu1~22.04) 11.4.0 Ubuntu 24.04 Kernel: 5.4 Compiler: gcc gcc (Ubuntu 13.3.0-6ubuntu2~24.04) 13.3.0 CentOS Stream 9 Kernel: 5.4 Compiler: gcc gcc (GCC) 11.5.0 20240719 (Red Hat 11.5.0-11) CentOS Stream 10 Kernel: 5.4 Compiler: gcc gcc (GCC) 14.2.1 20250110 (Red Hat 14.2.1-8) To view detailed results, visit: https://lab.dpdk.org/results/dashboard/tarballs/35564/ UNH-IOL DPDK Community Lab To manage your email subscriptions, visit: https://lab.dpdk.org/results/dashboard/preferences/subscriptions/