automatic DPDK test reports
 help / color / mirror / Atom feed
From: dpdklab@iol.unh.edu
To: Test Report <test-report@dpdk.org>
Cc: dpdk-test-reports@iol.unh.edu,
	Stephen Hemminger <stephen@networkplumber.org>
Subject: |SUCCESS| pw158772 [PATCH] [v2] net/axgbe: fix the build warning for
Date: Thu, 13 Nov 2025 11:34:22 -0800 (PST)	[thread overview]
Message-ID: <691632be.170a0220.38a400.ad7bSMTPIN_ADDED_MISSING@mx.google.com> (raw)
In-Reply-To: <20251113164109.522-1-VenkatKumar.Ande@amd.com>

Test-Label: iol-compile-amd64-testing
Test-Status: SUCCESS
http://dpdk.org/patch/158772

_Testing PASS_

Submitter: Venkat Kumar Ande <venkatkumar.ande@amd.com>
Date: Thursday, November 13 2025 16:41:09 
DPDK git baseline: Repo:dpdk-next-net
  Branch: master
  CommitID:fca6f2910345c25a5050a0b586e0d324ca616cbb

158772 --> testing pass

Upstream job id: Generic-VM-DPDK-Compile-Meson#39742

Test environment and result as below:

+--------------+--------------------+
| Environment  | dpdk_meson_compile |
+==============+====================+
| Ubuntu 20.04 | PASS               |
+--------------+--------------------+
| FreeBSD 14.2 | PASS               |
+--------------+--------------------+


Ubuntu 20.04
	Kernel: 4.19
	Compiler: gcc gcc (Ubuntu 9.4.0-1ubuntu1~20.04.2) 9.4.0

FreeBSD 14.2
	Kernel: 14.2-RELEASE
	Compiler: clang 18.1.6

To view detailed results, visit:
https://lab.dpdk.org/results/dashboard/patchsets/34580/

UNH-IOL DPDK Community Lab

To manage your email subscriptions, visit: 
https://lab.dpdk.org/results/dashboard/preferences/subscriptions/

  parent reply	other threads:[~2025-11-13 19:34 UTC|newest]

Thread overview: 18+ messages / expand[flat|nested]  mbox.gz  Atom feed  top
     [not found] <20251113164109.522-1-VenkatKumar.Ande@amd.com>
2025-11-13 16:15 ` |SUCCESS| pw158772 [PATCH v2] net/axgbe: fix the build warning for GCC-16 qemudev
2025-11-13 16:20 ` qemudev
2025-11-13 16:42 ` checkpatch
2025-11-13 18:19 ` 0-day Robot
2025-11-13 18:19 ` 0-day Robot
2025-11-13 19:33 ` |SUCCESS| pw158772 [PATCH] [v2] net/axgbe: fix the build warning for dpdklab
2025-11-13 19:34 ` dpdklab [this message]
2025-11-13 19:38 ` dpdklab
2025-11-13 19:39 ` |PENDING| " dpdklab
2025-11-13 19:41 ` dpdklab
2025-11-13 19:48 ` |SUCCESS| " dpdklab
2025-11-13 19:53 ` dpdklab
2025-11-13 19:56 ` dpdklab
2025-11-13 19:56 ` dpdklab
2025-11-13 20:35 ` |FAILURE| " dpdklab
2025-11-13 20:42 ` dpdklab
2025-11-13 21:48 ` |SUCCESS| " dpdklab
2025-11-13 23:36 ` dpdklab

Reply instructions:

You may reply publicly to this message via plain-text email
using any one of the following methods:

* Save the following mbox file, import it into your mail client,
  and reply-to-all from there: mbox

  Avoid top-posting and favor interleaved quoting:
  https://en.wikipedia.org/wiki/Posting_style#Interleaved_style

* Reply using the --to, --cc, and --in-reply-to
  switches of git-send-email(1):

  git send-email \
    --in-reply-to=691632be.170a0220.38a400.ad7bSMTPIN_ADDED_MISSING@mx.google.com \
    --to=dpdklab@iol.unh.edu \
    --cc=dpdk-test-reports@iol.unh.edu \
    --cc=stephen@networkplumber.org \
    --cc=test-report@dpdk.org \
    /path/to/YOUR_REPLY

  https://kernel.org/pub/software/scm/git/docs/git-send-email.html

* If your mail client supports setting the In-Reply-To header
  via mailto: links, try the mailto: link
Be sure your reply has a Subject: header at the top and a blank line before the message body.
This is a public inbox, see mirroring instructions
for how to clone and mirror all data and code used for this inbox;
as well as URLs for NNTP newsgroup(s).